000
CXUS51 KCLE 011415
CLMMFD


CLIMATE REPORT
NATIONAL WEATHER SERVICE CLEVELAND OH
1011 AM EDT TUE SEP 1 2015

...................................

...THE MANSFIELD OH CLIMATE SUMMARY FOR THE MONTH OF AUGUST 2015...

CLIMATE NORMAL PERIOD 1981 TO 2010
CLIMATE RECORD PERIOD 1916 TO 2015

WEATHER         OBSERVED          NORMAL  DEPART  LAST YEAR`S
                 VALUE   DATE(S)  VALUE   FROM    VALUE
                                          NORMAL
.............................................................
TEMPERATURE (F)
RECORD
 HIGH              97   08/17/1988
 LOW               40   08/29/1965
HIGHEST            88   08/17
                        08/16
LOWEST             50   08/25
AVG. MAXIMUM     80.5              80.0     0.5     80.5
AVG. MINIMUM     58.9              60.0    -1.1     60.3
MEAN             69.7              70.0    -0.3     70.4
DAYS MAX >= 90      0               1.3    -1.3        0
DAYS MAX <= 32      0               0.0     0.0        0
DAYS MIN <= 32      0               0.0     0.0        0
DAYS MIN <= 0       0               0.0     0.0        0

PRECIPITATION (INCHES)
RECORD
 MAXIMUM        10.32   2007
 MINIMUM         0.63   1970
TOTALS           1.27              4.37   -3.10     3.67
DAYS >= .01         9              10.2    -1.2       12
DAYS >= .10         4               6.6    -2.6        7
DAYS >= .50         0               2.9    -2.9        4
DAYS >= 1.00        0               1.3    -1.3        1
GREATEST
 24 HR. TOTAL    0.42   08/03 TO 08/03              1.67

SNOWFALL (INCHES)
RECORDS
 TOTAL            0.0               MM
TOTALS            0.0               0.0     0.0      0.0
SINCE 7/1         0.0               0.0     0.0      0.0
DAYS >= 1.0         0               0.0     0.0        0
GREATEST
 24 HR TOTAL      0.0   08/31 TO 08/31

DEGREE_DAYS
HEATING TOTAL      14                17      -3       10
 SINCE 7/1         17                25      -8       27
COOLING TOTAL     168               172      -4      185
 SINCE 1/1        631               562      69      554
..............................................................

WIND (MPH)
AVERAGE WIND SPEED              6.7
HIGHEST WIND SPEED/DIRECTION    29/220    DATE  08/19
HIGHEST GUST SPEED/DIRECTION    40/210    DATE  08/19

SKY COVER
AVERAGE SKY COVER           0.30

AVERAGE RH (PERCENT)     71

WEATHER CONDITIONS. NUMBER OF DAYS WITH
THUNDERSTORM              0     MIXED PRECIP               0
HEAVY RAIN                2     RAIN                       1
LIGHT RAIN               10     FREEZING RAIN              0
LT FREEZING RAIN          0     HAIL                       0
HEAVY SNOW                0     SNOW                       0
LIGHT SNOW                0     SLEET                      0
FOG                      12     FOG W/VIS <= 1/4 MILE      0
HAZE                      0

-  INDICATES NEGATIVE NUMBERS.
R  INDICATES RECORD WAS SET OR TIED.
MM INDICATES DATA IS MISSING.
T  INDICATES TRACE AMOUNT.

$$
