000
CXUS56 KMFR 010837
CLMMFR


CLIMATE REPORT
NATIONAL WEATHER SERVICE MEDFORD, OR
1237 AM PST MON FEB 1 2016

...................................

...THE MEDFORD OR CLIMATE SUMMARY FOR THE MONTH OF JANUARY 2016...

CLIMATE NORMAL PERIOD 1981 TO 2010
CLIMATE RECORD PERIOD 1911 TO 2016

WEATHER         OBSERVED          NORMAL  DEPART  LAST YEAR`S
                 VALUE   DATE(S)  VALUE   FROM    VALUE  DATE(S)
                                          NORMAL
................................................................
TEMPERATURE (F)
RECORD
 HIGH              71   01/21/1981
                        01/20/1961
 LOW               -3   01/11/1930
HIGHEST            66   01/21                         60  01/29
                                                          01/24
LOWEST             19   01/02                         20  01/01
AVG. MAXIMUM     51.3              47.8     3.5     50.9
AVG. MINIMUM     34.7              32.8     1.9     33.4
MEAN             43.0              40.3     2.7     42.1
DAYS MAX >= 90      0               0.0     0.0        0
DAYS MAX <= 32      0               0.1    -0.1        0
DAYS MIN <= 32      8              14.0    -6.0       14
DAYS MIN <= 0       0               0.0     0.0        0

PRECIPITATION (INCHES)
RECORD
 MAXIMUM         6.67   1936
TOTALS           4.22              2.43    1.79     1.25
DAILY AVG.       0.14              0.08    0.06     0.04
DAYS >= .01        16              13.1     2.9        6
DAYS >= .10        11               6.8     4.2        6
DAYS >= .50         3               1.1     1.9        0
DAYS >= 1.00        1               0.3     0.7        0
GREATEST
 24 HR. TOTAL    1.14   01/17 TO 01/17

SNOWFALL (INCHES)
RECORDS
 TOTAL           22.6   1930
TOTALS            0.0               1.3    -1.3        T
SINCE 7/1         0.7               3.0    -2.3        T

DEGREE_DAYS
HEATING TOTAL     673               766     -93      703
 SINCE 7/1       2177              2532    -355     1969
COOLING TOTAL       0                 0       0        0
 SINCE 1/1          0                 0       0        0

FREEZE DATES
RECORD
 EARLIEST     09/13/1921
 LATEST       06/12/1952
EARLIEST                        10/18
LATEST                          04/29
.................................................................

WIND (MPH)
AVERAGE WIND SPEED              4.3
HIGHEST WIND SPEED/DIRECTION    38/140    DATE  01/21
HIGHEST GUST SPEED/DIRECTION    46/140    DATE  01/19

SKY COVER
POSSIBLE SUNSHINE (PERCENT)   MM
AVERAGE SKY COVER           0.60
NUMBER OF DAYS FAIR            5
NUMBER OF DAYS PC             14
NUMBER OF DAYS CLOUDY         12

AVERAGE RH (PERCENT)     77

WEATHER CONDITIONS. NUMBER OF DAYS WITH
THUNDERSTORM              0     MIXED PRECIP               0
HEAVY RAIN                4     RAIN                       8
LIGHT RAIN               19     FREEZING RAIN              0
LT FREEZING RAIN          0     HAIL                       0
HEAVY SNOW                0     SNOW                       0
LIGHT SNOW                1     SLEET                      0
FOG                      22     FOG W/VIS <= 1/4 MILE      8
HAZE                      0

-  INDICATES NEGATIVE NUMBERS.
R  INDICATES RECORD WAS SET OR TIED.
MM INDICATES DATA IS MISSING.
T  INDICATES TRACE AMOUNT.

$$
