000
CXUS54 KBMX 030014
CLMMGM


CLIMATE REPORT
NATIONAL WEATHER SERVICE BIRMINGHAM, AL
713 PM CDT SAT APR 2 2016

...................................

...THE MONTGOMERY CLIMATE SUMMARY FOR THE MONTH OF MARCH 2016...

CLIMATE NORMAL PERIOD 1981 TO 2010
CLIMATE RECORD PERIOD 1872 TO 2016

WEATHER         OBSERVED          NORMAL  DEPART  LAST YEAR`S
                 VALUE   DATE(S)  VALUE   FROM    VALUE  DATE(S)
                                          NORMAL
................................................................
TEMPERATURE (F)
RECORD
 HIGH              90   03/24/1929
                        03/21/1907
 LOW               17   03/14/1993
HIGHEST            89   03/15        MM      MM       86  03/10
LOWEST             35   03/22        MM      MM       26  03/06
AVG. MAXIMUM     75.0              69.7     5.3     72.8
AVG. MINIMUM     51.2              45.3     5.9     51.3
MEAN             63.1                               62.0
DAYS MAX >= 90      0               0.0     0.0        0
DAYS MAX <= 32      0               0.0     0.0        0
DAYS MIN <= 32      0               2.1    -2.1        4
DAYS MIN <= 0       0               0.0     0.0        0

PRECIPITATION (INCHES)
RECORD
 MAXIMUM        16.51   1909
 MINIMUM         0.72   1887
TOTALS           4.22              5.95   -1.73     2.00
DAILY AVG.       0.14              0.19   -0.05     0.06
DAYS >= .01         9               8.7     0.3       12
DAYS >= .10         8               6.4     1.6        7
DAYS >= .50         3               3.9    -0.9        1
DAYS >= 1.00        1               2.0    -1.0        0

DEGREE_DAYS
HEATING TOTAL     122               255    -133      152
 SINCE 7/1       1447              2127    -680     2122
COOLING TOTAL      73                23      50       71
 SINCE 1/1         86                29      57       71
.................................................................

WIND (MPH)
AVERAGE WIND SPEED              6.9
HIGHEST WIND SPEED/DIRECTION    28/130    DATE  03/18
HIGHEST GUST SPEED/DIRECTION    36/MM     DATE   MM

AVERAGE RH (PERCENT)     64

WEATHER CONDITIONS. NUMBER OF DAYS WITH
THUNDERSTORM              0     MIXED PRECIP               0
HEAVY RAIN                5     RAIN                       5
LIGHT RAIN               11     FREEZING RAIN              0
LT FREEZING RAIN          0     HAIL                       0
HEAVY SNOW                0     SNOW                       0
LIGHT SNOW                0     SLEET                      0
FOG                      12     FOG W/VIS <= 1/4 MILE      2
HAZE                      3

-  INDICATES NEGATIVE NUMBERS.
R  INDICATES RECORD WAS SET OR TIED.
MM INDICATES DATA IS MISSING.
T  INDICATES TRACE AMOUNT.

$$
