000
CXUS53 KTOP 011431
CLMMHK


CLIMATE REPORT
NATIONAL WEATHER SERVICE TOPEKA KS
921 AM CDT THU SEP 1 2016

...................................

...THE MANHATTAN KS CLIMATE SUMMARY FOR THE MONTH OF AUGUST 2016...

CLIMATE NORMAL PERIOD 1981 TO 2010
CLIMATE RECORD PERIOD 9999 TO 9999

WEATHER         OBSERVED          NORMAL  DEPART  LAST YEAR`S
                 VALUE   DATE(S)  VALUE   FROM    VALUE
                                          NORMAL
.............................................................
TEMPERATURE (F)
HIGHEST           100   08/03                         96
LOWEST             52   08/21                         49
AVG. MAXIMUM     87.3              89.4    -2.1     88.1
AVG. MINIMUM     67.1              64.8     2.3     63.2
MEAN             77.2              77.1     0.1     75.7
DAYS MAX >= 90     12              14.4    -2.4       14
DAYS MAX <= 32      0               0.0     0.0        0
DAYS MIN <= 32      0               0.0     0.0        0
DAYS MIN <= 0       0               0.0     0.0        0

PRECIPITATION (INCHES)
TOTALS           6.92              4.28    2.64     3.35
DAILY AVG.       0.22                               0.11
DAYS >= .01        10                                  9
DAYS >= .10         8                                  7
DAYS >= .50         6                                  3
DAYS >= 1.00        3                                  1
GREATEST
 24 HR. TOTAL    2.27   08/25 TO 08/26              1.03

DEGREE_DAYS
HEATING TOTAL       0                 2      -2        0
 SINCE 7/1          0                 3      -3        0
COOLING TOTAL     389               377      12      336
 SINCE 1/1       1456              1183     273     1258
..............................................................

WIND (MPH)
AVERAGE WIND SPEED              5.8
HIGHEST WIND SPEED/DIRECTION    35/260    DATE  08/19
HIGHEST GUST SPEED/DIRECTION    44/230    DATE  08/19

SKY COVER
POSSIBLE SUNSHINE (PERCENT)   MM
AVERAGE SKY COVER           0.20
NUMBER OF DAYS FAIR           22
NUMBER OF DAYS PC              7
NUMBER OF DAYS CLOUDY          2

AVERAGE RH (PERCENT)     75

WEATHER CONDITIONS. NUMBER OF DAYS WITH
THUNDERSTORM             11     MIXED PRECIP               0
HEAVY RAIN                8     RAIN                       6
LIGHT RAIN               11     FREEZING RAIN              0
LT FREEZING RAIN          0     HEAVY SNOW                 0
SNOW                      0     LIGHT SNOW                 0
FOG                      15     FOG W/VIS <= 1/4 MILE      0
HAZE                      0

-  INDICATES NEGATIVE NUMBERS.
R  INDICATES RECORD WAS SET OR TIED.
MM INDICATES DATA IS MISSING.
T  INDICATES TRACE AMOUNT.

$$
