000
CXUS53 KMKX 011515
CLMMKE


CLIMATE REPORT
NATIONAL WEATHER SERVICE IN MILWAUKEE
1007 AM CDT TUE AUG 1 2017

...................................

...THE MILWAUKEE WI CLIMATE SUMMARY FOR THE MONTH OF JULY 2017...

CLIMATE NORMAL PERIOD 1981 TO 2010
CLIMATE RECORD PERIOD 1871 TO 2017

WEATHER         OBSERVED          NORMAL  DEPART  LAST YEAR`S
                 VALUE   DATE(S)  VALUE   FROM    VALUE  DATE(S)
                                          NORMAL
................................................................
TEMPERATURE (F)
RECORD
 HIGH             105   07/24/1934
 LOW               44   07/10/1963
HIGHEST            91   07/06        94      -3       94  07/24
LOWEST             55   07/17        52       3       55  07/03
AVG. MAXIMUM     80.5              80.1     0.4     82.8
AVG. MINIMUM     63.8              63.5     0.3     66.3
MEAN             72.1              71.8     0.3     74.5
DAYS MAX >= 90      1               2.9    -1.9        6
DAYS MAX <= 32      0               0.0     0.0        0
DAYS MIN <= 32      0               0.0     0.0        0
DAYS MIN <= 0       0               0.0     0.0        0

PRECIPITATION (INCHES)
RECORD
 MAXIMUM        10.93   2010
 MINIMUM         0.28   1936
TOTALS           3.69              3.67    0.02     1.76
DAILY AVG.       0.12              0.12    0.00     0.06
DAYS >= .01        13               9.8     3.2        8
DAYS >= .10         7               6.1     0.9        4
DAYS >= .50         1               2.4    -1.4        2
DAYS >= 1.00        1               0.8     0.2        0
GREATEST
 24 HR. TOTAL    1.68   07/12 TO 07/12              0.88

DEGREE_DAYS
HEATING TOTAL       1                11     -10        2
 SINCE 7/1          1                11     -10        2
COOLING TOTAL     230               222       8      306
 SINCE 1/1        433               372      61      502
.................................................................

WIND (MPH)
AVERAGE WIND SPEED              8.0
HIGHEST WIND SPEED/DIRECTION    29/180    DATE  07/19
HIGHEST GUST SPEED/DIRECTION    40/190    DATE  07/19

SKY COVER
POSSIBLE SUNSHINE (PERCENT)   MM
AVERAGE SKY COVER           0.60
NUMBER OF DAYS FAIR            3
NUMBER OF DAYS PC             24
NUMBER OF DAYS CLOUDY          4

AVERAGE RH (PERCENT)     74

WEATHER CONDITIONS. NUMBER OF DAYS WITH
THUNDERSTORM             11     MIXED PRECIP               0
HEAVY RAIN                3     RAIN                       4
LIGHT RAIN               13     FREEZING RAIN              0
LT FREEZING RAIN          0     HAIL                       0
HEAVY SNOW                0     SNOW                       0
LIGHT SNOW                0     SLEET                      0
FOG                      12     FOG W/VIS <= 1/4 MILE      0
HAZE                      1

-  INDICATES NEGATIVE NUMBERS.
R  INDICATES RECORD WAS SET OR TIED.
MM INDICATES DATA IS MISSING.
T  INDICATES TRACE AMOUNT.

$$
