455
CXUS53 KMKX 020125
CLMMKE


CLIMATE REPORT
NATIONAL WEATHER SERVICE IN MILWAUKEE
823 PM CDT FRI APR 1 2016

...................................

...THE MILWAUKEE WI CLIMATE SUMMARY FOR THE MONTH OF MARCH 2016...

CLIMATE NORMAL PERIOD 1981 TO 2010
CLIMATE RECORD PERIOD 1871 TO 2016

WEATHER         OBSERVED          NORMAL  DEPART  LAST YEAR`S
                 VALUE   DATE(S)  VALUE   FROM    VALUE  DATE(S)
                                          NORMAL
................................................................
TEMPERATURE (F)
RECORD
 HIGH              84   03/21/2012
 LOW              -10   03/01/1962
HIGHEST            71   03/08        63       8       71  03/16
LOWEST             11   03/04         8       3        0  03/06
                        03/02
AVG. MAXIMUM     47.6              42.4     5.2     43.6
AVG. MINIMUM     32.6              27.7     4.9     25.7
MEAN             40.1              35.0     5.1     34.7
DAYS MAX >= 90      0               0.0     0.0        0
DAYS MAX <= 32      3               4.6    -1.6        6
DAYS MIN <= 32     15              21.6    -6.6       22
DAYS MIN <= 0       0               0.1    -0.1        1

PRECIPITATION (INCHES)
RECORD
 MAXIMUM         6.93   1976
 MINIMUM         0.05   1910
TOTALS           3.34              2.27    1.07     0.83
DAILY AVG.       0.11              0.07    0.04     0.03
DAYS >= .01        13              11.4     1.6        7
DAYS >= .10         8               5.4     2.6        3
DAYS >= .50         2               1.5     0.5        0
DAYS >= 1.00        0               0.2    -0.2        0
GREATEST
 24 HR. TOTAL    1.30   03/23 TO 03/24              0.36

SNOWFALL (INCHES)
RECORDS
 TOTAL           36.3   1931
TOTALS            6.6               7.0    -0.4      4.9
SINCE 7/1        35.7              44.8    -9.1     43.0
SNOWDEPTH AVG.      0                MM      MM        2
DAYS >= 1.0         3               2.0     1.0        2
GREATEST
 SNOW DEPTH         3   03/02                         10  03/05
                                                          03/04
 24 HR TOTAL      2.7   03/01 TO 03/01               3.4

DEGREE_DAYS
HEATING TOTAL     764               929    -165      931
 SINCE 7/1       4983              5909    -926     6263
COOLING TOTAL       0                 0       0        0
 SINCE 1/1          0                 0       0        0
.................................................................

WIND (MPH)
AVERAGE WIND SPEED              10.1
HIGHEST WIND SPEED/DIRECTION    38/240    DATE  03/16
HIGHEST GUST SPEED/DIRECTION    56/260    DATE  03/16

SKY COVER
POSSIBLE SUNSHINE (PERCENT)   MM
AVERAGE SKY COVER           0.70
NUMBER OF DAYS FAIR            1
NUMBER OF DAYS PC             14
NUMBER OF DAYS CLOUDY         16

AVERAGE RH (PERCENT)     73

WEATHER CONDITIONS. NUMBER OF DAYS WITH
THUNDERSTORM              5     MIXED PRECIP               0
HEAVY RAIN                1     RAIN                       4
LIGHT RAIN               13     FREEZING RAIN              0
LT FREEZING RAIN          3     HAIL                       0
HEAVY SNOW                0     SNOW                       3
LIGHT SNOW                7     SLEET                      2
FOG                      22     FOG W/VIS <= 1/4 MILE      6
HAZE                      8

-  INDICATES NEGATIVE NUMBERS.
R  INDICATES RECORD WAS SET OR TIED.
MM INDICATES DATA IS MISSING.
T  INDICATES TRACE AMOUNT.

$$

THIS WAS THE 9TH WARMEST MARCH ON RECORD FOR MILWAUKEE.

$$
