542
CXUS53 KMKX 011306
CLMMKE


CLIMATE REPORT
NATIONAL WEATHER SERVICE IN MILWAUKEE
658 AM CST THU FEB 1 2018

...................................

...THE MILWAUKEE WI CLIMATE SUMMARY FOR THE MONTH OF JANUARY 2018...

CLIMATE NORMAL PERIOD 1981 TO 2010
CLIMATE RECORD PERIOD 1871 TO 2018

WEATHER         OBSERVED          NORMAL  DEPART  LAST YEAR`S
                 VALUE   DATE(S)  VALUE   FROM    VALUE  DATE(S)
                                          NORMAL
................................................................
TEMPERATURE (F)
RECORD
 HIGH              63   01/07/2008
 LOW              -26   01/17/1982
HIGHEST            59   01/11        46      13       56  01/21
LOWEST             -7   01/01        -9       2        0  01/06
AVG. MAXIMUM     31.8              28.9     2.9     33.9
AVG. MINIMUM     17.4              15.6     1.8     21.9
MEAN             24.6              22.3     2.3     27.9
DAYS MAX >= 90      0               0.0     0.0        0
DAYS MAX <= 32     15              18.1    -3.1       12
DAYS MIN <= 32     28              29.1    -1.1       22
DAYS MIN <= 0       5               3.7     1.3        1

PRECIPITATION (INCHES)
RECORD
 MAXIMUM         5.38   1918
 MINIMUM         0.15   1919
TOTALS           1.62              1.76   -0.14     2.16
DAILY AVG.       0.05              0.06   -0.01     0.07
DAYS >= .01         8              11.4    -3.4       14
DAYS >= .10         3               5.1    -2.1        5
DAYS >= .50         1               0.8     0.2        1
DAYS >= 1.00        0               0.1    -0.1        0
GREATEST
 24 HR. TOTAL    0.94   01/22 TO 01/22              0.64

SNOWFALL (INCHES)
RECORDS
 TOTAL           52.6   5
                        0
                        -26215
TOTALS           11.4              14.7    -3.3      4.1
SINCE 7/1        16.2              28.0   -11.8     22.9
SNOWDEPTH AVG.      1                 5      -4        0
DAYS >= 1.0         3               4.5    -1.5        1
GREATEST
 SNOW DEPTH         6   01/16                          0  MM
 24 HR TOTAL      5.3   01/15 TO 01/15               1.5

DEGREE_DAYS
HEATING TOTAL    1244              1325     -81     1143
 SINCE 7/1       3555              3885    -330     3180
COOLING TOTAL       0                 0       0        0
 SINCE 1/1          0                 0       0        0
.................................................................

WIND (MPH)
AVERAGE WIND SPEED              10.7
HIGHEST WIND SPEED/DIRECTION    29/220    DATE  01/19
HIGHEST GUST SPEED/DIRECTION    43/220    DATE  01/19

SKY COVER
POSSIBLE SUNSHINE (PERCENT)   MM
AVERAGE SKY COVER           0.60
NUMBER OF DAYS FAIR            8
NUMBER OF DAYS PC             13
NUMBER OF DAYS CLOUDY         10

AVERAGE RH (PERCENT)     70

-  INDICATES NEGATIVE NUMBERS.
R  INDICATES RECORD WAS SET OR TIED.
MM INDICATES DATA IS MISSING.
T  INDICATES TRACE AMOUNT.

$$
