301
CXUS51 KCAR 011345
CLMMLT


CLIMATE REPORT
NATIONAL WEATHER SERVICE CARIBOU, ME
945 AM EDT FRI APR 1 2016

...................................

...THE MILLINOCKET ME CLIMATE SUMMARY FOR THE MONTH OF MARCH 2016...

CLIMATE NORMAL PERIOD 1981 TO 2010
CLIMATE RECORD PERIOD 1903 TO 2016

WEATHER         OBSERVED          NORMAL  DEPART  LAST YEAR`S
                 VALUE   DATE(S)  VALUE   FROM    VALUE  DATE(S)
                                          NORMAL
................................................................
TEMPERATURE (F)
RECORD
 HIGH              80   03/22/2012
 LOW              -32   03/02/1920
HIGHEST            57   03/09        MM      MM       51  03/26
LOWEST             -7   03/04        MM      MM       -7  03/06
AVG. MAXIMUM     38.4              37.9     0.5     34.5
AVG. MINIMUM     20.4              18.1     2.3     13.8
MEAN             29.4              28.0     1.4     24.2
DAYS MAX >= 90      0               0.0     0.0        0
DAYS MAX <= 32      6               7.7    -1.7       15
DAYS MIN <= 32     29              28.9     0.1       30
DAYS MIN <= 0       2               2.0     0.0        1

PRECIPITATION (INCHES)
RECORD
 MAXIMUM         4.62   2010
 MINIMUM         0.46   2006
TOTALS           3.22                      0.16
DAILY AVG.       0.10              0.10    0.00     0.06
DAYS >= .01        14                MM      MM       14
DAYS >= .10        10                MM      MM        5
DAYS >= .50         2                MM      MM        1
DAYS >= 1.00        0                MM      MM        0

SNOWFALL (INCHES)
RECORDS
 TOTAL             MM   MM
TOTALS             MM                MM      MM       MM
SINCE 7/1          MM                MM      MM       MM
SNOWDEPTH AVG.     MM                MM      MM       MM
DAYS >= 1.0         0                MM      MM        0
GREATEST
 SNOW DEPTH        MM                                 MM  MM
 24 HR TOTAL       MM                                 MM

DEGREE_DAYS
HEATING TOTAL    1096              1147     -51     1257
 SINCE 7/1       6060              7199   -1139     7302
COOLING TOTAL       0                 0       0        0
 SINCE 1/1          0                 0       0        0
.................................................................

WIND (MPH)
AVERAGE WIND SPEED              6.0
HIGHEST WIND SPEED/DIRECTION    32/300    DATE  03/13
HIGHEST GUST SPEED/DIRECTION    46/310    DATE  03/13

SKY COVER
POSSIBLE SUNSHINE (PERCENT)   MM
AVERAGE SKY COVER           0.50
NUMBER OF DAYS FAIR           13
NUMBER OF DAYS PC              5
NUMBER OF DAYS CLOUDY         13

AVERAGE RH (PERCENT)     69

WEATHER CONDITIONS. NUMBER OF DAYS WITH
THUNDERSTORM              0     MIXED PRECIP               0
HEAVY RAIN                2     RAIN                       4
LIGHT RAIN                9     FREEZING RAIN              3
LT FREEZING RAIN          3     HAIL                       0
HEAVY SNOW                0     SNOW                       3
LIGHT SNOW               13     SLEET                      0
FOG                      20     FOG W/VIS <= 1/4 MILE      2
HAZE                      7

-  INDICATES NEGATIVE NUMBERS.
R  INDICATES RECORD WAS SET OR TIED.
MM INDICATES DATA IS MISSING.
T  INDICATES TRACE AMOUNT.

$$
