000
CXUS54 KMOB 011427
CLMMOB


CLIMATE REPORT
NATIONAL WEATHER SERVICE MOBILE AL
918 AM CDT SAT OCT 1 2016

...................................

...THE MOBILE CLIMATE SUMMARY FOR THE MONTH OF SEPTEMBER 2016...

CLIMATE NORMAL PERIOD 1981 TO 2010
CLIMATE RECORD PERIOD 1842 TO 2016

WEATHER         OBSERVED          NORMAL  DEPART  LAST YEAR`S
                 VALUE   DATE(S)  VALUE   FROM    VALUE  DATE(S)
                                          NORMAL
................................................................
TEMPERATURE (F)
RECORD
 HIGH             103   09/05/1925
 LOW               42   09/29/1967
HIGHEST            95   09/24                       95  09/20
                        09/02                           09/05
LOWEST             54   09/30                       55  09/14
AVG. MAXIMUM     89.7              87.0     2.7     87.7
AVG. MINIMUM     70.7              68.0     2.7     67.6
MEAN             80.2              77.5     2.7     77.7
DAYS MAX >= 90     18               9.0     9.0       13
DAYS MAX <= 32      0               0.0     0.0        0
DAYS MIN <= 32      0               0.0     0.0        0
DAYS MIN <= 0       0               0.0     0.0        0

PRECIPITATION (INCHES)

TOTALS           5.24              5.11    0.13     9.88
DAILY AVG.       0.17              0.17    0.00     0.33
DAYS >= .01        11               8.8     2.2        9
DAYS >= .10         5               6.2    -1.2        6
DAYS >= .50         5               2.9     2.1        2
DAYS >= 1.00        3               1.5     1.5        2
GREATEST
 24 HR. TOTAL    1.57   09/26 TO 09/26

DEGREE_DAYS
COOLING TOTAL     466               377      89      383
 SINCE 1/1       2516              2304     212     2563
.................................................................

WIND (MPH)
AVERAGE WIND SPEED              4.7
HIGHEST WIND SPEED/DIRECTION    35/060    DATE  09/26
HIGHEST GUST SPEED/DIRECTION    41/060    DATE  09/26

SKY COVER
POSSIBLE SUNSHINE (PERCENT)   MM
AVERAGE SKY COVER           0.40
NUMBER OF DAYS FAIR           15
NUMBER OF DAYS PC             15
NUMBER OF DAYS CLOUDY          0

AVERAGE RH (PERCENT)     77

WEATHER CONDITIONS. NUMBER OF DAYS WITH
THUNDERSTORM             14     MIXED PRECIP               0
HEAVY RAIN                8     RAIN                       4
LIGHT RAIN                9     FREEZING RAIN              0
LT FREEZING RAIN          0     HAIL                       0
HEAVY SNOW                0     SNOW                       0
LIGHT SNOW                0     SLEET                      0
FOG                      10     FOG W/VIS <= 1/4 MILE      1
HAZE                      3

-  INDICATES NEGATIVE NUMBERS.
R  INDICATES RECORD WAS SET OR TIED.
MM INDICATES DATA IS MISSING.
T  INDICATES TRACE AMOUNT.

$$
