000
CXUS53 KLIX 011533
CLMNEW


CLIMATE REPORT
NATIONAL WEATHER SERVICE NEW ORLEANS
1005 AM CDT FRI JUL 1 2016

...................................

...THE NEW ORLEANS CLIMATE SUMMARY FOR THE MONTH OF JUNE 2016...

CLIMATE NORMAL PERIOD 1981 TO 2010
CLIMATE RECORD PERIOD 1946 TO 2016

WEATHER         OBSERVED          NORMAL  DEPART  LAST YEAR`S
                 VALUE   DATE(S)  VALUE   FROM    VALUE  DATE(S)
                                          NORMAL
................................................................
TEMPERATURE (F)
RECORD
 HIGH             101   06/24/2009
 LOW               50   06/01/1984
HIGHEST           100   06/26                         93  06/30
                                                          06/27
                                                          06/23
LOWEST             72   06/18                         69  06/10
AVG. MAXIMUM     92.0              89.5     2.5     89.8
AVG. MINIMUM     76.4              73.5     2.9     75.0
MEAN             84.2              81.5     2.7     82.4
DAYS MAX >= 90     25              14.1    10.9       21
DAYS MAX <= 32      0               0.0     0.0        0
DAYS MIN <= 32      0               0.0     0.0        0
DAYS MIN <= 0       0               0.0     0.0        0

PRECIPITATION (INCHES)
RECORD
 MAXIMUM
 MINIMUM
TOTALS           9.78              8.06    1.72     3.75
DAILY AVG.       0.33              0.27    0.06     0.12
DAYS >= .01        14              12.9     1.1       10
DAYS >= .10        12               9.1     2.9        6
DAYS >= .50         8               5.1     2.9        3
DAYS >= 1.00        2               3.0    -1.0        1
GREATEST
 24 HR. TOTAL    2.53   06/04 TO 06/04

SNOWFALL (INCHES)
RECORDS
 TOTAL
 24 HR TOTAL
 SNOW DEPTH
TOTALS            0.0               0.0     0.0      0.0
SINCE 7/1         0.0                 T     0.0      0.0
SNOWDEPTH AVG.      0                                  0
DAYS >= TRACE       0               0.0     0.0        0
DAYS >= 1.0         0               0.0     0.0        0
GREATEST
 SNOW DEPTH         0                                  0
 24 HR TOTAL      0.0

DEGREE_DAYS
HEATING TOTAL       0                 0       0        0
 SINCE 7/1        755              1280    -525     1274
COOLING TOTAL     584               495      89      530
 SINCE 1/1       1364              1114     250     1359
.................................................

WIND (MPH)
AVERAGE WIND SPEED              6.3
HIGHEST WIND SPEED/DIRECTION    29/340    DATE  06/18
HIGHEST GUST SPEED/DIRECTION    35/350    DATE  06/18

SKY COVER
POSSIBLE SUNSHINE (PERCENT)
AVERAGE SKY COVER           0.60
NUMBER OF DAYS FAIR            6
NUMBER OF DAYS PC             15
NUMBER OF DAYS CLOUDY          9

AVERAGE RH (PERCENT)     70

WEATHER CONDITIONS. NUMBER OF DAYS WITH
THUNDERSTORM              0     MIXED PRECIP               0
HEAVY RAIN                6     RAIN                       8
LIGHT RAIN               15     FREEZING RAIN              0
LT FREEZING RAIN          0     HAIL                       0
HEAVY SNOW                0     SNOW                       0
LIGHT SNOW                0     SLEET                      0
FOG                      10     FOG W/VIS <= 1/4 MILE      0
HAZE                      7

-  INDICATES NEGATIVE NUMBERS.
R  INDICATES RECORD WAS SET OR TIED.
MM INDICATES DATA IS MISSING.
T  INDICATES TRACE AMOUNT.

$$
