156
CXUS51 KOKX 011711
CLMNYC

NYCCLMNYC 000
TTAA00 KOKX 011710


CLIMATE REPORT
NATIONAL WEATHER SERVICE NEW YORK NY
110 PM EDT WED NOV 1 2017

...................................

...THE CENTRAL PARK NY CLIMATE SUMMARY FOR THE MONTH OF OCTOBER 2017...

CLIMATE NORMAL PERIOD 1981 TO 2010
CLIMATE RECORD PERIOD 1869 TO 2017

WEATHER         OBSERVED          NORMAL  DEPART  LAST YEAR`S
                 VALUE   DATE(S)  VALUE   FROM    VALUE  DATE(S)
                                          NORMAL
................................................................
TEMPERATURE (F)
RECORD
 HIGH              94   10/05/1941
 LOW               28   10/27/1936
HIGHEST            83   10/05        MM      MM       85  10/19
LOWEST             42   10/17        MM      MM       38  10/26
AVG. MAXIMUM     71.2              63.8     7.4     65.8
AVG. MINIMUM     57.0              50.0     7.0     51.7
MEAN             64.1              56.9     7.2     58.8
DAYS MAX >= 90      0               0.0     0.0        0
DAYS MAX <= 32      0               0.0     0.0        0
DAYS MIN <= 32      0               0.0     0.0        0
DAYS MIN <= 0       0               0.0     0.0        0

PRECIPITATION (INCHES)
RECORD
 MAXIMUM        16.73   2005
 MINIMUM         0.14   1963
TOTALS           4.18              4.40   -0.22     4.15
DAILY AVG.       0.13              0.14   -0.01     0.13
DAYS >= .01         9               8.9     0.1        6
DAYS >= .10         5               5.7    -0.7        6
DAYS >= .50         1               2.7    -1.7        4
DAYS >= 1.00        1               1.4    -0.4        2
GREATEST
 24 HR. TOTAL    3.19   10/29 TO 10/30           10/26 TO 10/27
                                                          10/27 TO 10/27
                                                          10/27 TO 10/28
 STORM TOTAL       MM                                 MM
 (MM/DD(HH))            MM                    10/27(00) TO 10/27(00)
                                                 10/27(00) TO 10/27(00)8
                                                 10/28(00) TO 10/28(00)8

SNOWFALL (INCHES)
TOTALS            0.0               0.0     0.0      0.0
 LIQUID EQUIV    0.00                 T    0.00     0.00
SINCE 7/1         0.0               0.0     0.0      0.0
 LIQUID 7/1      0.00              0.00    0.00     0.00
SNOWDEPTH AVG.      0                MM      MM        0
DAYS >= TRACE       0               0.0     0.0        0
DAYS >= 1.0         0               0.0     0.0        0
GREATEST
 SNOW DEPTH         0   MM                             0  MM
 24 HR TOTAL      0.0   10/31 TO 10/31           10/31 TO 10/31
                                                          10/27 TO 10/27
                                                          10/28 TO 10/28
 STORM TOTAL       MM                                 MM
 (MM/DD(HH))            MM                    10/31(00) TO 10/31(00)
                                                 10/27(00) TO 10/27(00)8
                                                 10/28(00) TO 10/28(00)8

DEGREE_DAYS
HEATING TOTAL      99               268    -169      217
 SINCE 7/1        116               313    -197      234
COOLING TOTAL      81                17      64       29
 SINCE 1/1       1265              1104     161     1489
.........................................................

WIND (MPH)
AVERAGE WIND SPEED              4.5
HIGHEST WIND SPEED/DIRECTION    20/280    DATE  10/30
HIGHEST GUST SPEED/DIRECTION    35/270    DATE  10/30

AVERAGE RH (PERCENT)     67

WEATHER CONDITIONS. NUMBER OF DAYS WITH
THUNDERSTORM              0     MIXED PRECIP               0
HEAVY RAIN                1     RAIN                       4
LIGHT RAIN               11     FREEZING RAIN              0
LT FREEZING RAIN          0     HAIL                       0
HEAVY SNOW                0     SNOW                       0
LIGHT SNOW                0     SLEET                      0
FOG                      12     FOG W/VIS <= 1/4 MILE      1
HAZE                      8

-  INDICATES NEGATIVE NUMBERS.
R  INDICATES RECORD WAS SET OR TIED.
MM INDICATES DATA IS MISSING.
T  INDICATES TRACE AMOUNT.

$$
