607
CXUS54 KOUN 011408
CLMOKC

CLIMATE REPORT
NATIONAL WEATHER SERVICE NORMAN OK
849 AM CDT WED NOV 1 2017

...................................

...THE OKLAHOMA CITY CLIMATE SUMMARY FOR THE MONTH OF OCTOBER 2017...

CLIMATE NORMAL PERIOD 1981 TO 2010
CLIMATE RECORD PERIOD 1890 TO 2017

WEATHER         OBSERVED          NORMAL  DEPART  LAST YEAR`S
                 VALUE   DATE(S)  VALUE   FROM    VALUE
                                          NORMAL
.............................................................
TEMPERATURE (F)
RECORD
 HIGH              97   10/03/1951
                        10/03/1898
 LOW               16   10/31/1993
                        10/30/1917
HIGHEST            89   10/14        89       0       89
LOWEST             27   10/28        34      -7       42
AVG. MAXIMUM     73.9              73.4     0.5     79.2
AVG. MINIMUM     49.7              51.6    -1.9     56.4
MEAN             61.8              62.5    -0.7     67.8
DAYS MAX >= 90      0               0.5    -0.5        0
DAYS MAX <= 32      0               0.0     0.0        0
DAYS MIN <= 32      2               0.3     1.7        0
DAYS MIN <= 0       0               0.0     0.0        0

PRECIPITATION (INCHES)
RECORD
 MAXIMUM        13.18   1983
 MINIMUM            T   1958
                        1952
TOTALS           6.05              3.71    2.34     0.82
DAILY AVG.       0.20              0.12    0.08     0.03
DAYS >= .01         7               7.9    -0.9        3
DAYS >= .10         5               4.8     0.2        1
DAYS >= .50         3               2.5     0.5        1
DAYS >= 1.00        2               1.1     0.9        0
GREATEST
 24 HR. TOTAL    2.79   10/04 TO 10/04

SNOWFALL (INCHES)
TOTALS              T                 T     0.0
SINCE 7/1           T                 T     0.0

DEGREE_DAYS
HEATING TOTAL     177               145      32       43
 SINCE 7/1        181               164      17       46
COOLING TOTAL      87                67      20      135
 SINCE 1/1       1911              2092    -181     2191
..............................................................

WIND (MPH)
AVERAGE WIND SPEED              11.9
HIGHEST WIND SPEED/DIRECTION    58/330    DATE  10/14
HIGHEST GUST SPEED/DIRECTION    69/330    DATE  10/14


WEATHER CONDITIONS. NUMBER OF DAYS WITH
THUNDERSTORM              0     MIXED PRECIP               0
HEAVY RAIN                4     RAIN                       3
LIGHT RAIN                8     FREEZING RAIN              0
LT FREEZING RAIN          0     HAIL                       1
HEAVY SNOW                0     SNOW                       0
LIGHT SNOW                0     SLEET                      0
FOG                       7     FOG W/VIS <= 1/4 MILE      0
HAZE                      2

-  INDICATES NEGATIVE NUMBERS.
R  INDICATES RECORD WAS SET OR TIED.
MM INDICATES DATA IS MISSING.
T  INDICATES TRACE AMOUNT.

&&
............................................................`

RECORD EVENTS/REMARKS

RECORD DALI RAINFALLOF 2.79 INCHES ON THE 4TH.
JAN-OCT PRECIPITATION TOTAL IS 32.97 INCHES.


$$
