000
CXUS51 KAKQ 012159
CLMORF


CLIMATE REPORT
NATIONAL WEATHER SERVICE WAKEFIELD, VA
458 PM EST THU DEC 1 2016

...................................

...THE NORFOLK VA CLIMATE SUMMARY FOR THE MONTH OF NOVEMBER 2016...

CLIMATE NORMAL PERIOD 1981 TO 2010
CLIMATE RECORD PERIOD 1871 TO 2016

WEATHER         OBSERVED          NORMAL  DEPART  LAST YEAR`S
                 VALUE   DATE(S)  VALUE   FROM    VALUE  DATE(S)
                                          NORMAL
................................................................
TEMPERATURE (F)
RECORD
 HIGH              86   11/01/1974
 LOW               17   11/30/1929
HIGHEST            83   11/03        79       4       81  11/06
LOWEST             28   11/13        31      -3       29  11/24
AVG. MAXIMUM     62.4              61.1     1.3     65.2
AVG. MINIMUM     42.4              44.6    -2.2     49.6
MEAN             52.4              52.9    -0.5     57.4
DAYS MAX >= 90      0               0.0     0.0        0
DAYS MAX <= 32      0               0.0     0.0        0
DAYS MIN <= 32      2               2.1    -0.1        2
DAYS MIN <= 0       0               0.0     0.0        0

PRECIPITATION (INCHES)
RECORD
 MAXIMUM         9.20   2009
 MINIMUM         0.08   2001
TOTALS           0.98              3.15   -2.17     4.62
DAILY AVG.       0.03              0.11   -0.08     0.15
DAYS >= .01         7               8.5    -1.5       12
DAYS >= .10         4               5.4    -1.4        7
DAYS >= .50         0               2.2    -2.2        5
DAYS >= 1.00        0               0.7    -0.7        0
GREATEST
 24 HR. TOTAL    0.58   11/03 TO 11/04

SNOWFALL (INCHES)
RECORDS
 TOTAL            6.7   5
                        0
                        -26215
TOTALS            0.0
SINCE 7/1         0.0                 T     0.0      0.0
SNOWDEPTH AVG.      0                MM      MM        0
DAYS >= 1.0         0               0.0     0.0        0
GREATEST
 SNOW DEPTH         0   MM                             0  MM
 24 HR TOTAL      0.0   11/30 TO 11/30           11/30 TO 11/30
                                                          11/30 TO 11/30
                                                          11/30 TO 11/30

DEGREE_DAYS
HEATING TOTAL     379
 SINCE 7/1        463               530     -67      339
COOLING TOTAL      11                 8       3       13
 SINCE 1/1       1998              1628     370     1945
.................................................

WIND (MPH)
AVERAGE WIND SPEED              7.7
HIGHEST WIND SPEED/DIRECTION    31/200    DATE  11/29
HIGHEST GUST SPEED/DIRECTION    42/200    DATE  11/29

SKY COVER
POSSIBLE SUNSHINE (PERCENT)   MM
AVERAGE SKY COVER           0.20

AVERAGE RH (PERCENT)     68

WEATHER CONDITIONS. NUMBER OF DAYS WITH
THUNDERSTORM              0     MIXED PRECIP               0
HEAVY RAIN                3     RAIN                       3
LIGHT RAIN                8     FREEZING RAIN              0
LT FREEZING RAIN          0     HAIL                       0
HEAVY SNOW                0     SNOW                       0
LIGHT SNOW                0     SLEET                      0
FOG                      11     FOG W/VIS <= 1/4 MILE      2
HAZE                      2

-  INDICATES NEGATIVE NUMBERS.
R  INDICATES RECORD WAS SET OR TIED.
MM INDICATES DATA IS MISSING.
T  INDICATES TRACE AMOUNT.

$$
