000
CXUS51 KBOX 020450
CLMORH


CLIMATE REPORT
NATIONAL WEATHER SERVICE TAUNTON MA
1234 AM EDT MON OCT 2 2017

...................................

...THE WORCESTER MA CLIMATE SUMMARY FOR THE MONTH OF SEPTEMBER 2017...

CLIMATE NORMAL PERIOD 1981 TO 2010
CLIMATE RECORD PERIOD 1892 TO 2017

WEATHER         OBSERVED          NORMAL  DEPART
                 VALUE   DATE(S)  VALUE   FROM
                                          NORMAL
................................................
TEMPERATURE (F)
RECORD
 HIGH              99   09/02/1953
 LOW               27   09/28/1947
HIGHEST            86   09/24
LOWEST             42   09/30
AVG. MAXIMUM     72.4              69.6     2.8
AVG. MINIMUM     56.4              52.9     3.5
MEAN             64.4              61.5     2.9
DAYS MAX >= 90      0               0.1    -0.1
DAYS MAX <= 32      0               0.0     0.0
DAYS MIN <= 32      0               0.0     0.0
DAYS MIN <= 0       0               0.0     0.0

PRECIPITATION (INCHES)
RECORD
 MAXIMUM        13.13   1974
 MINIMUM         0.21   1914
TOTALS           2.51              3.93   -1.42
DAYS >= .01         9               9.9    -0.9
DAYS >= .10         4               6.2    -2.2
DAYS >= .50         2               2.5    -0.5
DAYS >= 1.00        1               0.9     0.1
GREATEST
 24 HR. TOTAL    1.33   09/06 TO 09/06

SNOWFALL (INCHES)
RECORDS
 TOTAL             MM   MM
 SNOW DEPTH        MM   MM
TOTALS            0.0               0.0     0.0
SINCE 7/1         0.0               0.0     0.0
SNOWDEPTH AVG.     MM
GREATEST
 SNOW DEPTH        MM
 24 HR TOTAL      0.0   09/30 TO 09/30

DEGREE_DAYS
HEATING TOTAL      96               154     -58
 SINCE 7/1        144               193     -49
COOLING TOTAL      84                42      42
 SINCE 1/1        515               468      47
.................................................

WIND (MPH)
AVERAGE WIND SPEED              8.7
RESULTANT WIND SPEED/DIRECTION   4/310
HIGHEST WIND SPEED/DIRECTION    29/290    DATE  09/07
HIGHEST GUST SPEED/DIRECTION    37/280    DATE  09/07

SKY COVER
POSSIBLE SUNSHINE (PERCENT)   MM
AVERAGE SKY COVER           0.40
NUMBER OF DAYS FAIR           17
NUMBER OF DAYS PC              5
NUMBER OF DAYS CLOUDY          8

AVERAGE RH (PERCENT)     70

WEATHER CONDITIONS. NUMBER OF DAYS WITH
THUNDERSTORM              0     MIXED PRECIP               0
HEAVY RAIN                3     RAIN                       3
LIGHT RAIN                9     FREEZING RAIN              0
LT FREEZING RAIN          0     HAIL                       0
HEAVY SNOW                0     SNOW                       0
LIGHT SNOW                0     SLEET                      0
FOG                      13     FOG W/VIS <= 1/4 MILE      6
HAZE                      0

-  INDICATES NEGATIVE NUMBERS.
R  INDICATES RECORD WAS SET OR TIED.
MM INDICATES DATA IS MISSING.
T  INDICATES TRACE AMOUNT.

$$
