000
CXAK59 PAFG 031510
CLMOTZ


CLIMATE REPORT
NATIONAL WEATHER SERVICE FAIRBANKS, AK
602 AM AKST SUN DEC 3 2017

...................................

...THE KOTZEBUE AK CLIMATE SUMMARY FOR THE MONTH OF NOVEMBER 2017...

CLIMATE NORMAL PERIOD 1981 TO 2010
CLIMATE RECORD PERIOD 1920 TO 2017

WEATHER         OBSERVED          NORMAL  DEPART  LAST YEAR`S
                 VALUE   DATE(S)  VALUE   FROM    VALUE  DATE(S)
                                          NORMAL
................................................................
TEMPERATURE (F)
RECORD
 HIGH              40   11/05/2003
 LOW              -37   11/24/1935
HIGHEST            34   11/11        MM      MM       38  11/01
                        11/03
                        11/02
LOWEST             -4   11/20        MM      MM      -17  11/30
AVG. MAXIMUM     23.2              14.2     9.0     15.3
AVG. MINIMUM     12.7               4.0     8.7      8.2
MEAN             17.9               9.1     8.8     11.8
DAYS MAX >= 90      0               0.0     0.0        0
DAYS MAX <= 32     24              28.2    -4.2       28
DAYS MIN <= 32     30              29.8     0.2       30
DAYS MIN <= 0       7              12.6    -5.6       10

PRECIPITATION (INCHES)
RECORD
 MAXIMUM         2.22   1990
 MINIMUM            T   1939

TOTALS           2.59R             0.77    1.82     0.10
DAILY AVG.       0.09              0.03    0.06     0.00
DAYS >= .01        16               9.8     6.2        5
DAYS >= .10         7               2.7     4.3        0
DAYS >= .50         2               0.1     1.9        0
DAYS >= 1.00        0               0.0     0.0        0
GREATEST
 24 HR. TOTAL    0.78   11/21 TO 11/21           11/14 TO 11/15

SNOWFALL (INCHES)
RECORDS
 TOTAL           45.6   2003
 24 HR TOTAL       MM
 SNOW DEPTH        22   11/30/1993

TOTALS           31.8              10.5    21.3      2.8
SINCE 7/1        40.4              17.4    23.0      5.6
SNOWDEPTH AVG.     19                 6      13        2
DAYS >= TRACE      21              10.3    10.7       11
DAYS >= 1.0         8               3.5     4.5        0
GREATEST
 SNOW DEPTH        40R  11/30                          3  11/30

 24 HR TOTAL     10.8   11/21 TO 11/21           11/15 TO 11/15

DEGREE_DAYS
HEATING TOTAL    1404              1677    -273     1591
 SINCE 7/1       3817              4358    -541     3613
COOLING TOTAL       0                 0       0        0
 SINCE 1/1          1                 5      -4        5
......................................................

WIND (MPH)
AVERAGE WIND SPEED              16.3
HIGHEST WIND SPEED/DIRECTION    52/110    DATE  11/21
HIGHEST GUST SPEED/DIRECTION    61/110    DATE  11/21

SKY COVER
AVERAGE SKY COVER           0.60


WEATHER CONDITIONS. NUMBER OF DAYS WITH
THUNDERSTORM              0     MIXED PRECIP               0
HEAVY RAIN                0     RAIN                       0
LIGHT RAIN                2     FREEZING RAIN              0
LT FREEZING RAIN          3     HAIL                       0
HEAVY SNOW                3     SNOW                      10
LIGHT SNOW               17     SLEET                      0
FOG                      25     FOG W/VIS <= 1/4 MILE      7
HAZE                     12

-  INDICATES NEGATIVE NUMBERS.
R  INDICATES RECORD WAS SET OR TIED.
MM INDICATES DATA IS MISSING.
T  INDICATES TRACE AMOUNT.

$$
