215
CXUS53 KPAH 011308 RRA
CLMPAH

CLIMATE REPORT
NATIONAL WEATHER SERVICE PADUCAH KY
757 AM CDT SUN OCT 1 2017

...................................

...THE PADUCAH ASOS CLIMATE SUMMARY FOR THE MONTH OF SEPTEMBER 2017...

CLIMATE NORMAL PERIOD 1981 TO 2010
CLIMATE RECORD PERIOD 1937 TO 2017

WEATHER         OBSERVED          NORMAL  DEPART  LAST YEAR`S
                 VALUE   DATE(S)  VALUE   FROM    VALUE  DATE(S)
                                          NORMAL
................................................................
TEMPERATURE (F)
RECORD
 HIGH             104   09/05/1954
                        09/09/1939
 LOW               34   09/30/1949
HIGHEST            93   09/21        81      12       94  09/24
                                                          09/16
LOWEST             46   09/07        59     -13       44  09/27
AVG. MAXIMUM     83.8              82.1     1.7     86.1
AVG. MINIMUM     59.4              57.8     1.6     61.5
MEAN             71.6              69.9     1.7     73.8
DAYS MAX >= 90      9               4.2     4.8       14
DAYS MAX <= 32      0               0.0     0.0        0
DAYS MIN <= 32      0               0.0     0.0        0
DAYS MIN <= 0       0               0.0     0.0        0

PRECIPITATION (INCHES)
RECORD
 MAXIMUM        11.65   2006
 MINIMUM         0.02   2004
TOTALS           2.55              3.75   -1.20     0.83
DAILY AVG.       0.09              0.12   -0.03     0.03
DAYS >= .01         5               6.8    -1.8        7
DAYS >= .10         5               4.6     0.4        2
DAYS >= .50         3               2.3     0.7        1
DAYS >= 1.00        0               1.2    -1.2        0
GREATEST
 24 HR. TOTAL    0.85   09/01 TO 09/01
 STORM TOTAL       MM
 (MM/DD(HH))            MM

DEGREE_DAYS
HEATING TOTAL      11                38     -27       14
 SINCE 7/1         11                39     -28       14
COOLING TOTAL     216               187      29      284
 SINCE 1/1       1590              1500      90     1814

FREEZE DATES
RECORD
 EARLIEST     10/01/1984
 LATEST       04/28/1992
EARLIEST                        10/26
LATEST                          04/04
.................................................................

WIND (MPH)
AVERAGE WIND SPEED              4.3
HIGHEST WIND SPEED/DIRECTION    21/010    DATE  09/01
HIGHEST GUST SPEED/DIRECTION    30/010    DATE  09/01

SKY COVER
POSSIBLE SUNSHINE (PERCENT)   MM
AVERAGE SKY COVER           0.20
NUMBER OF DAYS FAIR           25
NUMBER OF DAYS PC              2
NUMBER OF DAYS CLOUDY          3

AVERAGE RH (PERCENT)     67

WEATHER CONDITIONS. NUMBER OF DAYS WITH
THUNDERSTORM              0     MIXED PRECIP               0
HEAVY RAIN                3     RAIN                       4
LIGHT RAIN                6     FREEZING RAIN              0
LT FREEZING RAIN          0     HAIL                       0
HEAVY SNOW                0     SNOW                       0
LIGHT SNOW                0     SLEET                      0
FOG                      21     FOG W/VIS <= 1/4 MILE      3
HAZE                     14

-  INDICATES NEGATIVE NUMBERS.
R  INDICATES RECORD WAS SET OR TIED.
MM INDICATES DATA IS MISSING.
T  INDICATES TRACE AMOUNT.

$$
