000
CXUS52 KMFL 011511 CCA
CLMPBI

CLIMATE REPORT...CORRECTED
NATIONAL WEATHER SERVICE MIAMI, FL
1034 AM EDT MON JUN 1 2015

...................................

...THE WEST PALM BEACH CLIMATE SUMMARY FOR THE MONTH OF MAY 2015...

CLIMATE NORMAL PERIOD 1981 TO 2010
CLIMATE RECORD PERIOD 1888 TO 2015

WEATHER         OBSERVED          NORMAL  DEPART  LAST YEAR`S
                 VALUE   DATE(S)  VALUE   FROM    VALUE
                                          NORMAL
.............................................................
TEMPERATURE (F)
RECORD
 HIGH              99   05/14/1922
 LOW               45   05/05/1921
HIGHEST            91   05/21                         92
LOWEST             65   05/07                         63
                        05/01
AVG. MAXIMUM     86.0              85.7     0.3     86.3
AVG. MINIMUM     73.7              71.0     2.7     72.9
MEAN             79.9              78.4     1.5     79.6
DAYS MAX >= 90      1                                  2
DAYS MAX <= 32      0                                  0
DAYS MIN <= 32      0                                  0
DAYS MIN <= 0       0                                  0

PRECIPITATION (INCHES)
RECORD
 MAXIMUM        16.19   1890
 MINIMUM         0.39   1967
TOTALS           1.56              4.51   -2.95     2.80
DAILY AVG.       0.05              0.15   -0.10     0.09
DAYS >= .01        14                                  8
DAYS >= .10         4                                  6
DAYS >= .50         1                                  1
DAYS >= 1.00        0                                  1
GREATEST
 24 HR. TOTAL    0.73   05/05 TO 05/06              1.91

DEGREE_DAYS
HEATING TOTAL       0                 0       0        0
 SINCE 7/1        126               233    -107      122
COOLING TOTAL     469               414      55      463
 SINCE 1/1       1534              1109     425     1352
..............................................................

WIND (MPH)
AVERAGE WIND SPEED              10.4
HIGHEST WIND SPEED/DIRECTION    24/080    DATE  05/05
HIGHEST GUST SPEED/DIRECTION    30/070    DATE  05/05

SKY COVER
POSSIBLE SUNSHINE (PERCENT)   MM
AVERAGE SKY COVER           0.50
NUMBER OF DAYS FAIR            5
NUMBER OF DAYS PC             25
NUMBER OF DAYS CLOUDY          1

AVERAGE RH (PERCENT)     68

WEATHER CONDITIONS. NUMBER OF DAYS WITH
THUNDERSTORM              5     MIXED PRECIP               0
HEAVY RAIN                4     RAIN                       5
LIGHT RAIN               17     FREEZING RAIN              0
LT FREEZING RAIN          0     HAIL                       0
HEAVY SNOW                0     SNOW                       0
LIGHT SNOW                0     SLEET                      0
FOG                       6     FOG W/VIS <= 1/4 MILE      0
HAZE                      1

-  INDICATES NEGATIVE NUMBERS.
R  INDICATES RECORD WAS SET OR TIED.
MM INDICATES DATA IS MISSING.
T  INDICATES TRACE AMOUNT.

$$

CORRECTED THUNDERSTORM DAYS.

ROSS
