000
CXUS51 KPHI 011805
CLMPHL


CLIMATE REPORT
NATIONAL WEATHER SERVICE MOUNT HOLLY NJ
154 PM EDT SAT APR 1 2017

...................................

...THE PHILADELPHIA CLIMATE SUMMARY FOR THE MONTH OF MARCH 2017...

CLIMATE NORMAL PERIOD 1981 TO 2010
CLIMATE RECORD PERIOD 1872 TO 2017

WEATHER         OBSERVED          NORMAL  DEPART  LAST YEAR`S
                 VALUE   DATE(S)  VALUE   FROM    VALUE  DATE(S)
                                          NORMAL
................................................................
TEMPERATURE (F)
RECORD
 HIGH              87   03/29/1945
 LOW                5   03/05/1872
HIGHEST            77                73       4       82
LOWEST             15                19      -4       27
AVG. MAXIMUM     50.6              52.7    -2.1     60.7
AVG. MINIMUM     33.5              34.4    -0.9     41.2
MEAN             42.1              43.5    -1.4     51.0
DAYS MAX >= 90      0               0.0     0.0        0
DAYS MAX <= 32      2               0.6     1.4        0
DAYS MIN <= 32     15              11.6     3.4        4
DAYS MIN <= 0       0               0.0     0.0        0

PRECIPITATION (INCHES)
RECORD
 MAXIMUM         9.10   1912
 MINIMUM         0.38   1910
TOTALS           4.26              3.79    0.47     2.01
DAILY AVG.       0.14              0.12    0.02     0.06
DAYS >= .01        13              10.5     2.5       12
DAYS >= .10         6               6.7    -0.7        3
DAYS >= .50         2               2.6    -0.6        1
DAYS >= 1.00        2               1.0     1.0        1
GREATEST
 24 HR. TOTAL    1.54   03/14 TO 03/14              1.09

SNOWFALL (INCHES)
RECORDS
 TOTAL             MM   5
 24 HR TOTAL       MM
TOTALS            7.0               2.9     4.1      1.0
SINCE 7/1        15.0              21.9    -6.9     27.2
SNOWDEPTH AVG.      0                MM      MM        0
DAYS >= 1.0         3               0.7     2.3        0
GREATEST
 SNOW DEPTH         3   03/14                         -1  03/04
 24 HR TOTAL      4.8   03/14 TO 03/14               0.9

DEGREE_DAYS
HEATING TOTAL     703               665      38      432
 SINCE 7/1       3529              4147    -618     3118
COOLING TOTAL       0                 1      -1        5
 SINCE 1/1          0                 1      -1        5
.................................................................

WIND (MPH)
AVERAGE WIND SPEED              12.4
HIGHEST WIND SPEED/DIRECTION    40/270    DATE  03/02
HIGHEST GUST SPEED/DIRECTION    51/270    DATE  03/02

SKY COVER
POSSIBLE SUNSHINE (PERCENT)   MM
AVERAGE SKY COVER           0.60
NUMBER OF DAYS FAIR            9
NUMBER OF DAYS PC              9
NUMBER OF DAYS CLOUDY         13

AVERAGE RH (PERCENT)     56

WEATHER CONDITIONS. NUMBER OF DAYS WITH
THUNDERSTORM              0     MIXED PRECIP               0
HEAVY RAIN                2     RAIN                       5
LIGHT RAIN               13     FREEZING RAIN              1
LT FREEZING RAIN          1     HEAVY SNOW                 1
SNOW                      2     LIGHT SNOW                 5
SLEET                     1     FOG                       10
FOG W/VIS <= 1/4 MILE     1     HAZE                       2

-  INDICATES NEGATIVE NUMBERS.
R  INDICATES RECORD WAS SET OR TIED.
MM INDICATES DATA IS MISSING.
T  INDICATES TRACE AMOUNT.

$$
