574
CXUS55 KPSR 011033
CLMPHX

CLIMATE REPORT
NATIONAL WEATHER SERVICE PHOENIX AZ
332 AM MST WED FEB 1 2017

...................................

...THE PHOENIX AZ CLIMATE SUMMARY FOR THE MONTH OF JANUARY 2017...

CLIMATE NORMAL PERIOD 1981 TO 2010
CLIMATE RECORD PERIOD 1895 TO 2017

WEATHER         OBSERVED          NORMAL  DEPART
                 VALUE   DATE(S)  VALUE   FROM
                                          NORMAL
................................................
TEMPERATURE (F)
RECORD
 HIGH              88   01/19/1971
 LOW               16   01/07/1913
HIGHEST            76   01/30        79      -3
LOWEST             35   01/28        36      -1
AVG. MAXIMUM     64.1              67.2    -3.1
AVG. MINIMUM     46.1              45.6     0.5
MEAN             55.1              56.4    -1.3
DAYS MAX >= 90      0               0.0     0.0
DAYS MAX <= 32      0               0.0     0.0
DAYS MIN <= 32      0               0.1    -0.1
DAYS MIN <= 0       0               0.0     0.0

PRECIPITATION (INCHES)
RECORD
 MAXIMUM         5.22   1993
 MINIMUM         0.00   2014
                        2006
                        1972
TOTALS           1.10              0.91    0.19
DAYS >= .01         4               4.1    -0.1
DAYS >= .10         2               2.4    -0.4
DAYS >= .50         1               0.5     0.5
DAYS >= 1.00        0               0.1    -0.1
GREATEST
 24 HR. TOTAL    0.86   01/20 TO 01/21

DEGREE_DAYS
HEATING TOTAL     299               269      30
 SINCE 7/1        568               670    -102
COOLING TOTAL       0                 2      -2
 SINCE 1/1          0                 0       0
.................................................

WIND (MPH)
AVERAGE WIND SPEED              5.4
HIGHEST GUST SPEED/DIRECTION    37/250    DATE  01/21

AVERAGE RH (PERCENT)     58

WEATHER CONDITIONS. NUMBER OF DAYS WITH
THUNDERSTORM              1     HEAVY RAIN                 1
RAIN                      2     LIGHT RAIN                 7
FOG W/VIS <= 1/4 MILE     0

-  INDICATES NEGATIVE NUMBERS.
R  INDICATES RECORD WAS SET OR TIED.
MM INDICATES DATA IS MISSING.
T  INDICATES TRACE AMOUNT.

$$
