739
CXUS53 KILX 011743
CLMPIA


CLIMATE REPORT
NATIONAL WEATHER SERVICE LINCOLN IL
1227 PM CDT WED NOV 1 2017

...................................

...THE PEORIA IL CLIMATE SUMMARY FOR THE MONTH OF OCTOBER 2017...

CLIMATE NORMAL PERIOD 1981 TO 2010
CLIMATE RECORD PERIOD 1883 TO 2017

WEATHER         OBSERVED          NORMAL  DEPART  LAST YEAR`S
                 VALUE   DATE(S)  VALUE   FROM    VALUE
                                          NORMAL
.............................................................
TEMPERATURE (F)
RECORD
 HIGH              93   10/03/2006
 LOW                7   10/30/1925
HIGHEST            86   10/02        65      21       87
LOWEST             25   10/29        43     -18       37
AVG. MAXIMUM     67.3              64.5     2.8     70.0
AVG. MINIMUM     49.1              43.5     5.6     49.9
MEAN             58.2              54.0     4.2     60.0
DAYS MAX >= 90      0               0.1    -0.1        0
DAYS MAX <= 32      0               0.0     0.0        0
DAYS MIN <= 32      2               3.4    -1.4        0
DAYS MIN <= 0       0               0.0     0.0        0

PRECIPITATION (INCHES)
RECORD
 MAXIMUM        10.53   1941
 MINIMUM         0.03   1964
TOTALS           5.29              2.84    2.45     4.42
DAILY AVG.       0.17              0.09    0.08     0.14
DAYS >= .01        10               9.2     0.8        7
DAYS >= .10         9               6.0     3.0        6
DAYS >= .50         3               2.1     0.9        2
DAYS >= 1.00        2               0.5     1.5        1
GREATEST
 24 HR. TOTAL    1.59   10/14 TO 10/14              2.54

SNOWFALL (INCHES)
RECORDS
 TOTAL            3.3   1929
TOTALS              T                 T     0.0      0.0
SINCE 7/1           T                 T     0.0      0.0
DAYS >= 1.0         0               0.0     0.0        0
GREATEST
 SNOW DEPTH         0   MM                             0
 24 HR TOTAL        T   10/28 TO 10/28               0.0

DEGREE_DAYS
HEATING TOTAL     250               356    -106      199
 SINCE 7/1        283               446    -163      222
COOLING TOTAL      48                15      33       49
 SINCE 1/1       1157              1039     118     1418
..............................................................

WIND (MPH)
AVERAGE WIND SPEED              8.5
HIGHEST WIND SPEED/DIRECTION    30/220    DATE  10/07
HIGHEST GUST SPEED/DIRECTION    42/300    DATE  10/15

SKY COVER
POSSIBLE SUNSHINE (PERCENT)   MM
AVERAGE SKY COVER           0.50
NUMBER OF DAYS FAIR           11
NUMBER OF DAYS PC              8
NUMBER OF DAYS CLOUDY         12

AVERAGE RH (PERCENT)     72

WEATHER CONDITIONS. NUMBER OF DAYS WITH
THUNDERSTORM              3     MIXED PRECIP               0
HEAVY RAIN                4     RAIN                       9
LIGHT RAIN               15     FREEZING RAIN              0
LT FREEZING RAIN          0     HAIL                       0
HEAVY SNOW                0     SNOW                       0
LIGHT SNOW                1     SLEET                      0
FOG                      14     FOG W/VIS <= 1/4 MILE      1
HAZE                      0

-  INDICATES NEGATIVE NUMBERS.
R  INDICATES RECORD WAS SET OR TIED.
MM INDICATES DATA IS MISSING.
T  INDICATES TRACE AMOUNT.
&&

RECORDS FOR THE MONTH OF OCTOBER:
- 6TH WETTEST WITH 5.29 INCHES MEASURED.

$$
