000
CXUS55 KPIH 030022
CLMPIH

CLIMATE REPORT
NATIONAL WEATHER SERVICE POCATELLO ID

513 PM MST FRI DEC 2 2016

...................................

...THE POCATELLO CLIMATE SUMMARY FOR THE MONTH OF NOVEMBER 2016...

CLIMATE NORMAL PERIOD 1981 TO 2010
CLIMATE RECORD PERIOD 1939 TO 2016

WEATHER         OBSERVED          NORMAL  DEPART  LAST YEAR`S
                 VALUE   DATE(S)  VALUE   FROM    VALUE  DATE(S)
                                          NORMAL
................................................................
TEMPERATURE (F)
RECORD
 HIGH              75   11/06/1999
 LOW              -14   11/26/1993
HIGHEST            68   11/15        75      -7       61  11/01
                        11/11
LOWEST             15   11/18       -14      29       -6  11/27
AVG. MAXIMUM     53.7              44.5     9.2     42.5
AVG. MINIMUM     27.2              24.1     3.1     21.7
MEAN             40.5              34.3     6.2     32.1
DAYS MAX >= 90      0               0.0     0.0        0
DAYS MAX <= 32      0               3.7    -3.7        5
DAYS MIN <= 32     27              24.3     2.7       27
DAYS MIN <= 0       0               0.6    -0.6        3

PRECIPITATION (INCHES)
RECORD
 MAXIMUM         2.84   1983
 MINIMUM         0.01   1976
TOTALS           0.47              1.11   -0.64     1.29
DAILY AVG.       0.02              0.04   -0.02     0.04
DAYS >= .01         6               9.3    -3.3        9
DAYS >= .10         1               3.6    -2.6        6
DAYS >= .50         0               0.3    -0.3        0
DAYS >= 1.00        0               0.0     0.0        0
GREATEST
 24 HR. TOTAL    0.22   11/27 TO 11/28              0.46
                        11/28 TO 11/28
                        11/28 TO 11/29

SNOWFALL (INCHES)
RECORDS
 TOTAL           27.5   1985
TOTALS            2.6               5.7    -3.1      6.3
SINCE 7/1         2.6               7.4    -4.8      6.3
SNOWDEPTH AVG.      0                MM      MM        1
DAYS >= 1.0         1               2.0    -1.0        2
GREATEST
 SNOW DEPTH         3   11/29                          4  11/30
                                                          11/29
                                                          11/28
 24 HR TOTAL      2.5   11/28 TO 11/28               3.6

DEGREE_DAYS
HEATING TOTAL     731               921    -190      976
 SINCE 7/1       1435              1728    -293     1444
COOLING TOTAL       0                 0       0        0
 SINCE 1/1        416               392      24      502
.................................................................

WIND (MPH)
AVERAGE WIND SPEED              7.9
HIGHEST WIND SPEED/DIRECTION    31/240    DATE  11/28
HIGHEST GUST SPEED/DIRECTION    39/240    DATE  11/28

SKY COVER
POSSIBLE SUNSHINE (PERCENT)   MM
AVERAGE SKY COVER           0.30
NUMBER OF DAYS FAIR           20
NUMBER OF DAYS PC              6
NUMBER OF DAYS CLOUDY          4

AVERAGE RH (PERCENT)     67

WEATHER CONDITIONS. NUMBER OF DAYS WITH
THUNDERSTORM              0     MIXED PRECIP               0
HEAVY RAIN                0     RAIN                       1
LIGHT RAIN                5     FREEZING RAIN              0
LT FREEZING RAIN          0     HAIL                       0
HEAVY SNOW                0     SNOW                       1
LIGHT SNOW                4     SLEET                      0
FOG                       6     FOG W/VIS <= 1/4 MILE      0
HAZE                      1

-  INDICATES NEGATIVE NUMBERS.
R  INDICATES RECORD WAS SET OR TIED.
MM INDICATES DATA IS MISSING.
T  INDICATES TRACE AMOUNT.

&&

10TH:  HIGH TEMP OF 65 TIES OLD RECORD SET IN 1990
14TH:  HIGH TEMP OF 66 BREAKS OLD RECORD OF 64 SET IN 1963
15TH:  HIGH TEMP OF 68 TIES OLD RECORD SET IN 1941.



$$
