000
CXUS53 KABR 011555
CLMPIR


CLIMATE REPORT
NATIONAL WEATHER SERVICE ABERDEEN SD
1050 AM CDT MON AUG 1 2016

...................................

...THE PIERRE SD CLIMATE SUMMARY FOR THE MONTH OF JULY 2016...

CLIMATE NORMAL PERIOD 1981 TO 2010
CLIMATE RECORD PERIOD 1892 TO 2016

WEATHER         OBSERVED          NORMAL  DEPART  LAST YEAR`S
                 VALUE   DATE(S)  VALUE   FROM    VALUE  DATE(S)
                                          NORMAL
................................................................
TEMPERATURE (F)
RECORD
 HIGH             117   07/15/2006
                        07/15/2006
                        07/06/1936
 LOW               42   07/30/1971
                        07/01/1959
HIGHEST           109   07/20        MM      MM       98  07/23
LOWEST             48   07/01        MM      MM       51  07/07
AVG. MAXIMUM     90.1              88.8     1.3     87.6
AVG. MINIMUM     61.7              61.9    -0.2     60.6
MEAN             75.9              75.4     0.5     74.1
DAYS MAX >= 90     15              13.8     1.2       14
DAYS MAX <= 32      0               0.0     0.0        0
DAYS MIN <= 32      0               0.0     0.0        0
DAYS MIN <= 0       0               0.0     0.0        0

PRECIPITATION (INCHES)
RECORD
 MAXIMUM         6.43   1997
 MINIMUM         0.10   1936
TOTALS           4.31              2.61    1.70     2.15
DAYS >= .01        12               9.2     2.8        7
DAYS >= .10         5               5.0     0.0        4
DAYS >= .50         3               1.6     1.4        2
DAYS >= 1.00        2               0.5     1.5        0

SNOWFALL (INCHES)
RECORDS
 TOTAL             MM   MM
 SNOW DEPTH        MM   MM
TOTALS            0.0               0.0     0.0      0.0
SINCE 7/1         0.0               0.0     0.0      0.0
SNOWDEPTH AVG.      0                MM      MM        0
DAYS >= TRACE       0               0.0     0.0        0
DAYS >= 1.0         0               0.0     0.0        0
GREATEST
 SNOW DEPTH         0   MM                             0  MM

DEGREE_DAYS
HEATING TOTAL       4                 6      -2        2
 SINCE 7/1          4                 6      -2        2
COOLING TOTAL     351               327      24      294
 SINCE 1/1        601               493     108      443

FREEZE DATES
RECORD
 EARLIEST     MM
 LATEST       MM
EARLIEST                        MM
LATEST                          MM
.................................................................

WIND (MPH)
AVERAGE WIND SPEED              11.0
RESULTANT WIND SPEED/DIRECTION   4/134
HIGHEST WIND SPEED/DIRECTION    44/360    DATE  07/30
HIGHEST GUST SPEED/DIRECTION    58/360    DATE  07/30

SKY COVER
POSSIBLE SUNSHINE (PERCENT)   MM
AVERAGE SKY COVER           0.20
NUMBER OF DAYS FAIR           26
NUMBER OF DAYS PC              5
NUMBER OF DAYS CLOUDY          0

AVERAGE RH (PERCENT)     61

WEATHER CONDITIONS. NUMBER OF DAYS WITH
THUNDERSTORM              0     MIXED PRECIP               0
HEAVY RAIN                4     RAIN                       3
LIGHT RAIN               16     FREEZING RAIN              0
LT FREEZING RAIN          0     HAIL                       0
HEAVY SNOW                0     SNOW                       0
LIGHT SNOW                0     SLEET                      0
FOG                       6     FOG W/VIS <= 1/4 MILE      0
HAZE                      1

-  INDICATES NEGATIVE NUMBERS.
R  INDICATES RECORD WAS SET OR TIED.
MM INDICATES DATA IS MISSING.
T  INDICATES TRACE AMOUNT.

$$
