000
CXUS54 KMOB 011911
CLMPNS


CLIMATE REPORT
NATIONAL WEATHER SERVICE MOBILE AL
135 PM CDT TUE AUG 1 2017

...................................

...THE PENSACOLA CLIMATE SUMMARY FOR THE MONTH OF JULY 2017...

CLIMATE NORMAL PERIOD 1981 TO 2010
CLIMATE RECORD PERIOD 1879 TO 2017

WEATHER         OBSERVED          NORMAL  DEPART  LAST YEAR`S
                 VALUE   DATE(S)  VALUE   FROM    VALUE  DATE(S)
                                          NORMAL
................................................................
TEMPERATURE (F)
RECORD
 HIGH             106   07/14/1980
 LOW               61   07/16/1967
                        07/15/1967
HIGHEST            98   07/20                         96  07/20
LOWEST             75   07/27                         72  07/15
                        07/17
                        07/16
AVG. MAXIMUM     91.9              89.9     2.0     91.4
AVG. MINIMUM     77.6              74.5     3.1     77.5
MEAN             84.8              82.2     2.6     84.4
DAYS MAX >= 90     26              15.6    10.4       25
DAYS MAX <= 32      0               0.0     0.0        0
DAYS MIN <= 32      0               0.0     0.0        0
DAYS MIN <= 0       0               0.0     0.0        0

PRECIPITATION (INCHES)
RECORD
 MAXIMUM        20.36   1979
 MINIMUM         1.69   1970
TOTALS           5.18              7.41   -2.23     6.83
DAILY AVG.       0.17              0.24   -0.07     0.22
DAYS >= .01        19              14.0     5.0       16
DAYS >= .10        11              10.2     0.8       11
DAYS >= .50         5               4.9     0.1        5
DAYS >= 1.00        0               2.2    -2.2        3
GREATEST
 24 HR. TOTAL    0.83   07/27

DEGREE_DAYS
COOLING TOTAL     621               533      88      610
 SINCE 1/1       1887              1446     441     1727
.................................................................

WIND (MPH)
AVERAGE WIND SPEED              6.0
HIGHEST WIND SPEED/DIRECTION    33/290    DATE  07/08
HIGHEST GUST SPEED/DIRECTION    41/300    DATE  07/08

SKY COVER
POSSIBLE SUNSHINE (PERCENT)
AVERAGE SKY COVER           0.20
NUMBER OF DAYS FAIR           28
NUMBER OF DAYS PC              3
NUMBER OF DAYS CLOUDY          0

AVERAGE RH (PERCENT)     70

WEATHER CONDITIONS. NUMBER OF DAYS WITH
THUNDERSTORM             18     MIXED PRECIP               0
HEAVY RAIN               11     RAIN                       8
LIGHT RAIN               20     FREEZING RAIN              0
LT FREEZING RAIN          0     HAIL                       0
HEAVY SNOW                0     SNOW                       0
LIGHT SNOW                0     SLEET                      0
FOG                       9     FOG W/VIS <= 1/4 MILE      0
HAZE                      7

-  INDICATES NEGATIVE NUMBERS.
R  INDICATES RECORD WAS SET OR TIED.
MM INDICATES DATA IS MISSING.
T  INDICATES TRACE AMOUNT.

$$
