967
CXUS55 KPUB 012104
CLMPUB


CLIMATE REPORT
NATIONAL WEATHER SERVICE PUEBLO
259 PM MDT MON AUG 1 2016

...................................

...THE PUEBLO CO CLIMATE SUMMARY FOR THE MONTH OF JULY 2016...

CLIMATE NORMAL PERIOD 1981 TO 2010
CLIMATE RECORD PERIOD 1888 TO 2016

WEATHER         OBSERVED          NORMAL  DEPART  LAST YEAR`S
                 VALUE   DATE(S)  VALUE   FROM    VALUE  DATE(S)
                                          NORMAL
................................................................
TEMPERATURE (F)
RECORD
 HIGH             109   07/13/2003
 LOW               41   07/04/1903
HIGHEST           105   07/10        92      13      101  07/23
                                                          07/24
                                                          07/26
LOWEST             56   07/13        57      -1       56  07/08
AVG. MAXIMUM     97.9              92.9     5.0     93.0
AVG. MINIMUM     62.8              58.7     4.1     62.3
MEAN             80.4              75.8     4.6     77.7
DAYS MAX >= 90     27              21.2     5.8
DAYS MAX <= 32      0               0.0     0.0
DAYS MIN <= 32      0               0.0     0.0
DAYS MIN <= 0       0               0.0     0.0

PRECIPITATION (INCHES)
RECORD
 MAXIMUM         6.72   1895
 MINIMUM         0.09   1987
TOTALS           1.05              2.06   -1.01     0.64
DAILY AVG.       0.03              0.07   -0.04
DAYS >= .01         7               9.1    -2.1
DAYS >= .10         2               4.6    -2.6
DAYS >= .50         0               1.2    -1.2
DAYS >= 1.00        0               0.5    -0.5
GREATEST
 24 HR. TOTAL    0.46   07/25

SNOWFALL (INCHES)
RECORDS
 TOTAL              T   2013
                        2011
                        2009
TOTALS              TR              0.0     0.0      0.0
SINCE 7/1           T               0.0     0.0      0.0
SNOWDEPTH AVG.      0
DAYS >= 1.0         0               0.0     0.0
GREATEST
 SNOW DEPTH         0                                  0
 24 HR TOTAL        TR  07/08                        0.0

DEGREE_DAYS
HEATING TOTAL       0                 1      -1        0
 SINCE 7/1          0                 1      -1        0
COOLING TOTAL     484               336     148      400
 SINCE 1/1        853               545     308      647
.................................................................

WIND (MPH)
AVERAGE WIND SPEED              8.7
HIGHEST WIND SPEED/DIRECTION    51/330    DATE  07/25
HIGHEST GUST SPEED/DIRECTION    63/330    DATE  07/25

SKY COVER
POSSIBLE SUNSHINE (PERCENT)   MM
AVERAGE SKY COVER           0.10
NUMBER OF DAYS FAIR           29
NUMBER OF DAYS PC              1
NUMBER OF DAYS CLOUDY          1

AVERAGE RH (PERCENT)     44

WEATHER CONDITIONS. NUMBER OF DAYS WITH
THUNDERSTORM             16     MIXED PRECIP               0
HEAVY RAIN                3     RAIN                       4
LIGHT RAIN               17     FREEZING RAIN              0
LT FREEZING RAIN          0     HAIL                       1
HEAVY SNOW                0     SNOW                       0
LIGHT SNOW                0     SLEET                      0
FOG                       3     FOG W/VIS <= 1/4 MILE      0
HAZE                      2

-  INDICATES NEGATIVE NUMBERS.
R  INDICATES RECORD WAS SET OR TIED.
MM INDICATES DATA IS MISSING.
T  INDICATES TRACE AMOUNT.

$$
