992
CXUS51 KBOX 011042
CLMPVD


CLIMATE REPORT
NATIONAL WEATHER SERVICE TAUNTON MA
615 AM EDT FRI JUL 1 2016

...................................

...THE PROVIDENCE RI CLIMATE SUMMARY FOR THE MONTH OF JUNE 2016...

CLIMATE NORMAL PERIOD 1981 TO 2010
CLIMATE RECORD PERIOD 1904 TO 2016

WEATHER         OBSERVED          NORMAL  DEPART
                 VALUE   DATE(S)  VALUE   FROM
                                          NORMAL
..................................................
TEMPERATURE (F)
RECORD
 HIGH              98   06/30/1945
                        06/25/1943
 LOW               39   06/01/1945
HIGHEST            88   06/21
LOWEST             51   06/09
AVG. MAXIMUM     78.9              76.7     2.2
AVG. MINIMUM     58.7              57.6     1.1
MEAN             68.8              68.0     0.8
DAYS MAX >= 90      0               1.8    -1.8
DAYS MAX <= 32      0               0.0     0.0
DAYS MIN <= 32      0               0.0     0.0
DAYS MIN <= 0       0               0.0     0.0

PRECIPITATION (INCHES)
RECORD
 MAXIMUM        11.08   1982
 MINIMUM         0.05   1949
TOTALS           1.05              3.64   -2.59
DAYS >= .01         7              10.9    -3.9
DAYS >= .10         3               6.3    -3.3
DAYS >= .50         1               2.2    -1.2
DAYS >= 1.00        0               0.9    -0.9
GREATEST
 24 HR. TOTAL    0.58   06/05 TO 06/05

SNOWFALL (INCHES)
RECORDS
 TOTAL            0.0   MM
 SNOW DEPTH         0   MM
TOTALS            0.0               0.0     0.0
SINCE 7/1        28.7              33.8    -5.1
SNOWDEPTH AVG.      0
DAYS >= 1.0         0               0.0     0.0
GREATEST
 SNOW DEPTH         0   MM
 24 HR TOTAL      0.0   06/30 TO 06/30

DEGREE_DAYS
HEATING TOTAL      12                43     -31
 SINCE 7/1       4757              5618    -861
COOLING TOTAL     135               132       3
 SINCE 1/1        186               158      28
..............................................................

WIND (MPH)
AVERAGE WIND SPEED              8.8
RESULTANT WIND SPEED/DIRECTION   3/227
HIGHEST WIND SPEED/DIRECTION    30/310    DATE  06/12
HIGHEST GUST SPEED/DIRECTION    40/310    DATE  06/12

SKY COVER
POSSIBLE SUNSHINE (PERCENT)   MM
AVERAGE SKY COVER           0.50
NUMBER OF DAYS FAIR            7
NUMBER OF DAYS PC             20
NUMBER OF DAYS CLOUDY          3

AVERAGE RH (PERCENT)     64

WEATHER CONDITIONS. NUMBER OF DAYS WITH
THUNDERSTORM              0     MIXED PRECIP               0
HEAVY RAIN                2     RAIN                       3
LIGHT RAIN                8     FREEZING RAIN              0
LT FREEZING RAIN          0     HAIL                       0
HEAVY SNOW                0     SNOW                       0
LIGHT SNOW                0     SLEET                      0
FOG                       8     FOG W/VIS <= 1/4 MILE      0
HAZE                      1

-  INDICATES NEGATIVE NUMBERS.
R  INDICATES RECORD WAS SET OR TIED.
MM INDICATES DATA IS MISSING.
T  INDICATES TRACE AMOUNT.

$$
