000
CXUS51 KBOX 010841
CLMPVD


CLIMATE REPORT
NATIONAL WEATHER SERVICE TAUNTON MA
332 AM EST FRI DEC 1 2017

...................................

...THE PROVIDENCE RI CLIMATE SUMMARY FOR THE MONTH OF NOVEMBER 2017...

CLIMATE NORMAL PERIOD 1981 TO 2010
CLIMATE RECORD PERIOD 1904 TO 2017

WEATHER         OBSERVED          NORMAL  DEPART  LAST YEAR`S
                 VALUE   DATE(S)  VALUE   FROM    VALUE
                                          NORMAL
.............................................................
TEMPERATURE (F)
RECORD
 HIGH              81   11/02/1950
 LOW                6   11/24/1989
HIGHEST            75   11/03
LOWEST             22   11/28
                        11/11
AVG. MAXIMUM     53.5              53.2     0.3
AVG. MINIMUM     34.6              35.7    -1.1
MEAN             44.1              44.5    -0.4
DAYS MAX >= 90      0               0.0     0.0
DAYS MAX <= 32      0               0.1    -0.1
DAYS MIN <= 32     12              10.7     1.3
DAYS MIN <= 0       0               0.0     0.0

PRECIPITATION (INCHES)
RECORD
 MAXIMUM        11.01   1983
 MINIMUM         0.31   1917
TOTALS           2.94              4.51   -1.57
DAYS >= .01        11              10.1     0.9
DAYS >= .10         5               6.6    -1.6
DAYS >= .50         2               3.2    -1.2
DAYS >= 1.00        1               1.4    -0.4
GREATEST
 24 HR. TOTAL    1.28   11/22 TO 11/22

SNOWFALL (INCHES)
RECORDS
 TOTAL           10.2   1945
 SNOW DEPTH        MM   MM
TOTALS            0.0               1.5    -1.5
SINCE 7/1         0.0               1.5    -1.5
SNOWDEPTH AVG.      0
DAYS >= 1.0         0               0.3    -0.3
GREATEST
 SNOW DEPTH         0   MM
 24 HR TOTAL      0.0   11/30 TO 11/30

DEGREE_DAYS
HEATING TOTAL     624               617       7
 SINCE 7/1        814              1075    -261
COOLING TOTAL       0                 0       0
 SINCE 1/1        880               744     136
..............................................................

WIND (MPH)
AVERAGE WIND SPEED              8.7
RESULTANT WIND SPEED/DIRECTION   4/294
HIGHEST WIND SPEED/DIRECTION    30/290    DATE  11/19
HIGHEST GUST SPEED/DIRECTION    45/280    DATE  11/10

SKY COVER
POSSIBLE SUNSHINE (PERCENT)   MM
AVERAGE SKY COVER           0.50
NUMBER OF DAYS FAIR            9
NUMBER OF DAYS PC             17
NUMBER OF DAYS CLOUDY          4

AVERAGE RH (PERCENT)     71

WEATHER CONDITIONS. NUMBER OF DAYS WITH
THUNDERSTORM              0     MIXED PRECIP               0
HEAVY RAIN                2     RAIN                       6
LIGHT RAIN               12     FREEZING RAIN              0
LT FREEZING RAIN          0     HAIL                       0
HEAVY SNOW                0     SNOW                       0
LIGHT SNOW                0     SLEET                      0
FOG                      13     FOG W/VIS <= 1/4 MILE      0
HAZE                      0

-  INDICATES NEGATIVE NUMBERS.
R  INDICATES RECORD WAS SET OR TIED.
MM INDICATES DATA IS MISSING.
T  INDICATES TRACE AMOUNT.

$$

SIPPRELL
