000
CXUS51 KBOX 011224
CLMPVD


CLIMATE REPORT
NATIONAL WEATHER SERVICE TAUNTON MA
815 AM EDT TUE SEP 1 2015

...................................

...THE PROVIDENCE RI CLIMATE SUMMARY FOR THE MONTH OF AUGUST 2015...

CLIMATE NORMAL PERIOD 1981 TO 2010
CLIMATE RECORD PERIOD 1904 TO 2015

WEATHER         OBSERVED          NORMAL  DEPART  LAST YEAR`S
                 VALUE   DATE(S)  VALUE   FROM    VALUE
                                          NORMAL
.............................................................
TEMPERATURE (F)
RECORD
 HIGH             104   08/02/1975
 LOW               40   08/31/1965
HIGHEST            91   08/18
                        08/16
LOWEST             58   08/28
                        08/10
AVG. MAXIMUM     84.5              81.4     3.1
AVG. MINIMUM     65.4              63.2     2.2
MEAN             75.0              72.3     2.7
DAYS MAX >= 90      6               2.3     3.7
DAYS MAX <= 32      0               0.0     0.0
DAYS MIN <= 32      0               0.0     0.0
DAYS MIN <= 0       0               0.0     0.0

PRECIPITATION (INCHES)
RECORD
 MAXIMUM        12.24   1946
 MINIMUM         0.71   1984
TOTALS           2.78              3.60   -0.82
DAYS >= .01         4               9.0    -5.0
DAYS >= .10         3               5.7    -2.7
DAYS >= .50         3               2.5     0.5
DAYS >= 1.00        1               1.0     0.0
GREATEST
 24 HR. TOTAL    1.08   08/04 TO 08/04

SNOWFALL (INCHES)
RECORDS
 TOTAL             MM   MM
 SNOW DEPTH        MM   MM
TOTALS            0.0               0.0     0.0
SINCE 7/1         0.0               0.0     0.0
SNOWDEPTH AVG.      0
DAYS >= 1.0         0               0.0     0.0
GREATEST
 SNOW DEPTH         0   MM
 24 HR TOTAL      0.0   08/31 TO 08/31

DEGREE_DAYS
HEATING TOTAL       0                 6      -6
 SINCE 7/1          0                 9      -9
COOLING TOTAL     315               232      83
 SINCE 1/1        801               656     145
..............................................................

WIND (MPH)
AVERAGE WIND SPEED              7.7
RESULTANT WIND SPEED/DIRECTION   3/230
HIGHEST WIND SPEED/DIRECTION    48/290    DATE  08/04
HIGHEST GUST SPEED/DIRECTION    66/290    DATE  08/04

SKY COVER
POSSIBLE SUNSHINE (PERCENT)   MM
AVERAGE SKY COVER           0.40
NUMBER OF DAYS FAIR           15
NUMBER OF DAYS PC             13
NUMBER OF DAYS CLOUDY          3

AVERAGE RH (PERCENT)     69

WEATHER CONDITIONS. NUMBER OF DAYS WITH
THUNDERSTORM              6     MIXED PRECIP               0
HEAVY RAIN                3     RAIN                       3
LIGHT RAIN               11     FREEZING RAIN              0
LT FREEZING RAIN          0     HAIL                       0
HEAVY SNOW                0     SNOW                       0
LIGHT SNOW                0     SLEET                      0
FOG                      10     FOG W/VIS <= 1/4 MILE      0
HAZE                      0

-  INDICATES NEGATIVE NUMBERS.
R  INDICATES RECORD WAS SET OR TIED.
MM INDICATES DATA IS MISSING.
T  INDICATES TRACE AMOUNT.

$$

SIPPRELL
