770
CXUS51 KPHI 011127
CLMRDG


CLIMATE REPORT
NATIONAL WEATHER SERVICE MOUNT HOLLY NJ
727 AM EDT FRI MAY 1 2015

...................................

...THE READING CLIMATE SUMMARY FOR THE MONTH OF APRIL 2015...

CLIMATE NORMAL PERIOD 1981 TO 2010
CLIMATE RECORD PERIOD 1869 TO 2015

WEATHER         OBSERVED          NORMAL  DEPART  LAST YEAR`S
                 VALUE   DATE(S)  VALUE   FROM    VALUE  DATE(S)
                                          NORMAL
................................................................
TEMPERATURE (F)
RECORD
 HIGH              97   04/19/1976
 LOW               12   04/01/1923
HIGHEST            80                MM      MM       80
LOWEST             28                MM      MM       28
AVG. MAXIMUM     63.7              62.4     1.3     62.4
AVG. MINIMUM     41.2              40.7     0.5     40.2
MEAN             52.5              51.6     0.9     51.3
DAYS MAX >= 90      0               0.3    -0.3        0
DAYS MAX <= 32      0               0.0     0.0        0
DAYS MIN <= 32      4               3.4     0.6        5
DAYS MIN <= 0       0               0.0     0.0        0

PRECIPITATION (INCHES)
RECORD
 MAXIMUM         8.25   1983
                        1952
 MINIMUM         0.66   1946
TOTALS           1.69              3.77   -2.08     6.47
DAILY AVG.       0.06              0.13   -0.07     0.22
DAYS >= .01        11                MM      MM       11
DAYS >= .10         3                MM      MM        8
DAYS >= .50         1                MM      MM        3
DAYS >= 1.00        0                MM      MM        2
GREATEST
 24 HR. TOTAL    0.91   04/20 TO 04/21              3.06

SNOWFALL (INCHES)
RECORDS
 TOTAL             MM   5
 24 HR TOTAL       MM
TOTALS             MM                MM      MM       MM
SINCE 7/1          MM                MM      MM       MM
SNOWDEPTH AVG.     MM                MM      MM       MM
DAYS >= 1.0         0                MM      MM        0
GREATEST
 SNOW DEPTH        MM                                 MM  MM
 24 HR TOTAL       MM                                 MM

DEGREE_DAYS
HEATING TOTAL     369               413     -44      413
 SINCE 7/1       5594              5198     396     5640
COOLING TOTAL       0                 9      -9        9
 SINCE 1/1          0                 9      -9        9
.................................................................

WIND (MPH)
AVERAGE WIND SPEED              8.0
HIGHEST WIND SPEED/DIRECTION    39/300    DATE  04/22
HIGHEST GUST SPEED/DIRECTION    47/300    DATE  04/22

SKY COVER
POSSIBLE SUNSHINE (PERCENT)   MM
AVERAGE SKY COVER           0.40
NUMBER OF DAYS FAIR           14
NUMBER OF DAYS PC              9
NUMBER OF DAYS CLOUDY          7

AVERAGE RH (PERCENT)     57

WEATHER CONDITIONS. NUMBER OF DAYS WITH
THUNDERSTORM              0     MIXED PRECIP               0
HEAVY RAIN                2     RAIN                       4
LIGHT RAIN               14     FREEZING RAIN              0
LT FREEZING RAIN          0     HEAVY SNOW                 0
SNOW                      0     LIGHT SNOW                 0
SLEET                     0     FOG                       11
FOG W/VIS <= 1/4 MILE     1     HAZE                       5

-  INDICATES NEGATIVE NUMBERS.
R  INDICATES RECORD WAS SET OR TIED.
MM INDICATES DATA IS MISSING.
T  INDICATES TRACE AMOUNT.

$$
