000
CXUS56 KPDT 011525
CLMRDM

CLIMATE REPORT
NATIONAL WEATHER SERVICE PENDLETON OREGON
822 AM PDT TUE JUL 01 2014

....................................

...THE REDMOND OR CLIMATE SUMMARY FOR THE MONTH OF JUNE 2014...

CLIMATE NORMAL PERIOD 1981 TO 2010
CLIMATE RECORD PERIOD 1949 TO 2014

WEATHER         OBSERVED          NORMAL  DEPART  LAST YEAR`S
                 VALUE   DATE(S)  VALUE   FROM    VALUE  DATE(S)
                                          NORMAL

................................................................

TEMPERATURE (F)
RECORD
 HIGH             101   6/26/1968
 LOW               24   6/ 4/1962
HIGHEST            85   6/30       90        -5            97   6/30
LOWEST             31   6/17       26         5            31   6/12
AVG. MAXIMUM     75.4            76.1      -0.7          77.0
AVG. MINUMUM     39.3            40.9      -1.6          42.9
MEAN             57.3            58.5      -1.2          60.0
DAYS MAX >= 90      0               3        -3             3
DAYS MAX <= 32      0               1        -1             0
DAYS MIN <= 32      1               4        -3             1
DAYS MIN <= 0       0               1        -1             1


PRECIPITATION (INCHES)
RECORD
 MAXIMUM          3.87   1969
 MINIMUM             T   1973
TOTALS            0.30            0.64     -0.34          0.46
DAILY AVG.        0.01            0.02     -0.01          0.02
DAYS >=  0.01        5               5         0             7
DAYS >=  0.10        1               2        -1             2
DAYS >=  0.50        0               0         0             0
DAYS >=  1.00        0               0         0             0
GREATEST
 24 HR. TOTAL     0.22   6/25



SNOWFALL (INCHES)
RECORD
 MAXIMUM           2.0   1966
 MINIMUM           0.0   2013
TOTALS             0.0             0.0       0.0           0.0
SINCE 7/1          8.5            16.6      -8.1           3.0
DAYS >=  TRACE                       0         0
DAYS >=  1.0         0               0         0             0
GREATEST
 24 HR. TOTAL      0.0   6/30


DEGREE DAYS
HEATING TOTAL      223             217         6           183
 SINCE 7/1        6689            6717       -28          6431
COOLING TOTAL        1              22       -21            39
 SINCE 1/1           1              22       -21            48

.............................................................

WIND (MPH)
AVERAGE WIND SPEED                     7.5
RESULTANT WIND SPEED/DIRECTION         5/291
HIGHEST WIND SPEED/DIRECTION          30/290      DATE          06/13
HIGHEST GUST SPEED/DIRECTION          39/280      DATE          06/13


WEATHER CONDITIONS. NUMBER OF DAYS WITH
THUNDERSTORM               0    MIXED PRECIP                           0
HEAVY RAIN                 0    RAIN                                   0
LIGHT RAIN                 8    FREEZING RAIN                          0
LT FREEZING RAIN           0    HAIL                                   0
HEAVY SNOW                 0    SNOW                                   0
LIGHT SNOW                 0    SLEET                                  0
FOG                        2    FOG W/VIS <=1/4 MILE                   0
HAZE                       0

-  INDICATES NEGATIVE NUMBERS.
R  INDICATES RECORD WAS SET OR TIED.
MM INDICATES DATA IS MISSING.
T  INDICATES TRACE AMOUNT.

$$
