000
CXUS53 KGRB 010721
CLMRHI


CLIMATE REPORT
NATIONAL WEATHER SERVICE GREEN BAY
218 AM CDT WED JUN 1 2016

...................................

...THE RHINELANDER WI CLIMATE SUMMARY FOR THE MONTH OF MAY 2016...

CLIMATE NORMAL PERIOD 1981 TO 2010
CLIMATE RECORD PERIOD 1908 TO 2016

WEATHER         OBSERVED          NORMAL  DEPART  LAST YEAR`S
                 VALUE   DATE(S)  VALUE   FROM    VALUE  DATE(S)
                                          NORMAL
................................................................
TEMPERATURE (F)
RECORD
 HIGH              99   05/31/1934
 LOW               18   05/02/1911
HIGHEST            89   05/06        84       5       82  05/28
LOWEST             25   05/15        27      -2       24  05/20
                        05/05
AVG. MAXIMUM     67.8              65.3     2.5     67.2
AVG. MINIMUM     40.6              40.5     0.1     42.1
MEAN             54.2              52.9     1.3     54.6
DAYS MAX >= 90      0               0.1    -0.1        0
DAYS MAX <= 32      0               0.0     0.0        0
DAYS MIN <= 32      7               6.4     0.6        6
DAYS MIN <= 0       0               0.0     0.0        0

PRECIPITATION (INCHES)
RECORD
 MAXIMUM         7.50   1991
 MINIMUM         0.56   1986
TOTALS           2.90              3.49   -0.59     3.69
DAILY AVG.       0.09              0.11   -0.02     0.12
DAYS >= .01        14                MM      MM       16
DAYS >= .10         9                MM      MM       10
DAYS >= .50         2                MM      MM        2
DAYS >= 1.00        0                MM      MM        0
GREATEST
 STORM TOTAL       MM
 (MM/DD(HH))            MM

SNOWFALL (INCHES)
RECORDS
 TOTAL           11.0   1960
TOTALS              T                MM      MM        T
SINCE 7/1        55.7                MM      MM     89.3
DAYS >= TRACE       1                MM      MM        1
DAYS >= 1.0         0                MM      MM        0
GREATEST
 SNOW DEPTH         0   MM                             0  MM
 24 HR TOTAL        T   05/14 TO 05/14

DEGREE_DAYS
HEATING TOTAL     343               386     -43      317
 SINCE 7/1       7701              8886   -1185     9473
COOLING TOTAL      15                11       4        5
 SINCE 1/1         15                12       3        5
.................................................................

WIND (MPH)
AVERAGE WIND SPEED              7.0
HIGHEST WIND SPEED/DIRECTION    28/310    DATE  05/06
HIGHEST GUST SPEED/DIRECTION    37/320    DATE  05/06

SKY COVER
POSSIBLE SUNSHINE (PERCENT)   MM
AVERAGE SKY COVER           0.40
NUMBER OF DAYS FAIR           14
NUMBER OF DAYS PC              9
NUMBER OF DAYS CLOUDY          8

AVERAGE RH (PERCENT)     63

WEATHER CONDITIONS. NUMBER OF DAYS WITH
THUNDERSTORM              0     MIXED PRECIP               0
HEAVY RAIN                5     RAIN                       5
LIGHT RAIN               16     FREEZING RAIN              0
LT FREEZING RAIN          0     HAIL                       0
HEAVY SNOW                0     SNOW                       0
LIGHT SNOW                1     SLEET                      0
FOG                      17     FOG W/VIS <= 1/4 MILE      6
HAZE                      2

-  INDICATES NEGATIVE NUMBERS.
R  INDICATES RECORD WAS SET OR TIED.
MM INDICATES DATA IS MISSING.
T  INDICATES TRACE AMOUNT.

$$
