000
CXUS55 KCYS 061513
CLMRWL


CLIMATE REPORT
NATIONAL WEATHER SERVICE CHEYENNE WY
913 AM MDT MON JUL 6 2015

...................................

...THE RAWLINS WY AIRPORT CLIMATE SUMMARY FOR THE MONTH OF JUNE 2015...

CLIMATE NORMAL PERIOD 1981 TO 2010
CLIMATE RECORD PERIOD 1951 TO 2015

WEATHER         OBSERVED          NORMAL  DEPART  LAST YEAR`S
                 VALUE   DATE(S)  VALUE   FROM    VALUE
                                          NORMAL
.............................................................
TEMPERATURE (F)
RECORD
 HIGH              97   06/25/2012
                        06/23/1954
                        08/05/1979
 LOW               21   06/03/1951
HIGHEST            93   06/30        MM      MM       87
LOWEST             39   06/12        MM      MM       29
AVG. MAXIMUM     81.4              75.3     6.1     76.1
AVG. MINIMUM     47.8              43.3     4.5     42.5
MEAN             64.6              59.3     5.3     59.3
DAYS MAX >= 90      5               0.5                0
DAYS MAX <= 32      0               0.0                0
DAYS MIN <= 32      0               1.1                1
DAYS MIN <= 0       0               0.0                0

PRECIPITATION (INCHES)
RECORD
 MAXIMUM         2.46   2010
 MINIMUM         0.00   1981
TOTALS           1.01              1.03   -0.02     0.30
DAYS >= .01         6               7.0    -1.0        4
DAYS >= .10         4               3.0     1.0        1
DAYS >= .50         1               0.6     0.4        0
DAYS >= 1.00        0               0.0     0.0        0
GREATEST
 24 HR. TOTAL    0.60   06/15 TO 06/16

DEGREE_DAYS
HEATING TOTAL      66               190    -124      172
 SINCE 7/1       7328              8393   -1065     8007
COOLING TOTAL      61                19      42       11
 SINCE 1/1         61                19      42       13
..............................................................

WIND (MPH)
AVERAGE WIND SPEED              8.5
HIGHEST WIND SPEED/DIRECTION    39/220    DATE  06/01
HIGHEST GUST SPEED/DIRECTION    51/190    DATE  06/09

SKY COVER
POSSIBLE SUNSHINE (PERCENT)   MM
AVERAGE SKY COVER           0.10
NUMBER OF DAYS FAIR           27
NUMBER OF DAYS PC              2
NUMBER OF DAYS CLOUDY          0

AVERAGE RH (PERCENT)     48

WEATHER CONDITIONS. NUMBER OF DAYS WITH
THUNDERSTORM              0     MIXED PRECIP               0
HEAVY RAIN                3     RAIN                       2
LIGHT RAIN                7     FREEZING RAIN              0
LT FREEZING RAIN          0     HAIL                       0
HEAVY SNOW                0     SNOW                       0
LIGHT SNOW                0     SLEET                      0
FOG                       2     FOG W/VIS <= 1/4 MILE      0
HAZE                      0

-  INDICATES NEGATIVE NUMBERS.
R  INDICATES RECORD WAS SET OR TIED.
MM INDICATES DATA IS MISSING.
T  INDICATES TRACE AMOUNT.

$$
