000
CXUS54 KEWX 011641
CLMSAT

CLIMATE REPORT
NATIONAL WEATHER SERVICE AUSTIN/SAN ANTONIO, TX
1141 AM CDT SAT OCT 1 2016

...................................

...THE SAN ANTONIO CLIMATE SUMMARY FOR THE MONTH OF SEPTEMBER 2016...

CLIMATE NORMAL PERIOD 1981 TO 2010
CLIMATE RECORD PERIOD 1886 TO 2016

WEATHER         OBSERVED          NORMAL  DEPART  LAST YEAR`S
                 VALUE   DATE(S)  VALUE   FROM    VALUE  DATE(S)
                                          NORMAL
................................................................
TEMPERATURE (F)
HIGHEST            97   09/18                        100  09/05
LOWEST             59   09/30                         65  09/14
AVG. MAXIMUM     91.2              90.3     0.9     93.9
AVG. MINIMUM     72.4              69.1     3.3     73.0
MEAN             81.8              79.7     2.1     83.4
DAYS MAX >= 90     23                                 30
DAYS MAX <= 32      0                                  0
DAYS MIN <= 32      0                                  0
DAYS MIN <= 0       0                                  0

PRECIPITATION (INCHES)
TOTALS           6.30              3.03    3.27     2.32
DAILY AVG.       0.21              0.10    0.11     0.08
DAYS >= .01         6                                  3
DAYS >= .10         4                                  3
DAYS >= .50         3                                  2
DAYS >= 1.00        1                                  1
GREATEST
 24 HR. TOTAL    5.53   09/25 TO 09/26

SNOWFALL (INCHES)
TOTALS            0.0               0.0     0.0      0.0
SINCE 7/1         0.0               0.0     0.0      0.0

DEGREE_DAYS
HEATING TOTAL       0                 2      -2        0
 SINCE 7/1          0                 2      -2        0
COOLING TOTAL     513               443      70      559
 SINCE 1/1       2939              2834     105     3057
.................................................................

WIND (MPH)
AVERAGE WIND SPEED              7.2
HIGHEST WIND SPEED/DIRECTION    35/160    DATE  09/24
HIGHEST GUST SPEED/DIRECTION    44/160    DATE  09/24

SKY COVER
POSSIBLE SUNSHINE (PERCENT)   MM
AVERAGE SKY COVER           0.50
NUMBER OF DAYS FAIR           10
NUMBER OF DAYS PC             14
NUMBER OF DAYS CLOUDY          6

AVERAGE RH (PERCENT)     68

WEATHER CONDITIONS. NUMBER OF DAYS WITH
THUNDERSTORM              0     MIXED PRECIP               0
HEAVY RAIN                4     RAIN                       3
LIGHT RAIN                7     FREEZING RAIN              0
LT FREEZING RAIN          0     HAIL                       0
HEAVY SNOW                0     SNOW                       0
LIGHT SNOW                0     SLEET                      0
FOG                       5     FOG W/VIS <= 1/4 MILE      0
HAZE                      2

-  INDICATES NEGATIVE NUMBERS.
R  INDICATES RECORD WAS SET OR TIED.
MM INDICATES DATA IS MISSING.
T  INDICATES TRACE AMOUNT.

&&

MONTHLY CLIMATE SUMMARY:
SEPTEMBER WAS THE 20TH WARMEST AND 19TH WETTEST SINCE RECORD
KEEPING BEGAN.

SEA LEVEL PRESSURE DATA:
HIGHEST SLP 30.19 ON 30TH
LOWEST SLP 29.82 ON 24TH

PRELIMINARY LOCAL CLIMATOLOGICAL DATA (WS FORM: F-6)

                                          STATION:   SAN ANTONIO
                                          MONTH:     SEPTEMBER
                                          YEAR:      2016
                                          LATITUDE:   29 31 N
                                          LONGITUDE:  98 28 W

  TEMPERATURE IN F:       :PCPN:    SNOW:  WIND      :SUNSHINE: SKY     :PK WND
================================================================================
1   2   3   4   5  6A  6B    7    8   9   10  11  12  13   14  15   16   17  18
                                     12Z  AVG MX 2MIN
DY MAX MIN AVG DEP HDD CDD  WTR  SNW DPTH SPD SPD DIR MIN PSBL S-S WX    SPD DR
================================================================================

 1  94  73  84   0   0  19 0.00  0.0    0  6.7 16  10   M    M   5 3      19  10
 2  89  75  82  -1   0  17 0.11  0.0    0  5.7 23 240   M    M   7 13     29 240
 3  92  73  83   0   0  18 0.00  0.0    0  5.5 24 130   M    M   4        27 130
 4  91  73  82  -1   0  17 0.03  0.0    0  6.9 29 150   M    M   7 1      33 150
 5  93  72  83   0   0  18    T  0.0    0 10.4 21 120   M    M   7        26 160
 6  93  78  86   4   0  21 0.05  0.0    0 11.9 30 150   M    M   8 3      35 150
 7  93  78  86   4   0  21 0.00  0.0    0 12.0 20 140   M    M   6        25 160
 8  92  75  84   2   0  19 0.00  0.0    0 10.4 17 150   M    M   4        24 160
 9  93  76  85   3   0  20 0.00  0.0    0 10.4 20 140   M    M   4        23 140
10  92  75  84   3   0  19    T  0.0    0  8.8 23 360   M    M   5        29  10
11  92  70  81   0   0  16 0.00  0.0    0  4.6 10 100   M    M   2        14  40
12  91  70  81   0   0  16 0.00  0.0    0  6.2 15 160   M    M   2        18 150
13  90  74  82   2   0  17 0.00  0.0    0  4.7 15 100   M    M   8        18  90
14  93  75  84   4   0  19 0.00  0.0    0  6.4 20 120   M    M   6        23 130
15  93  72  83   3   0  18 0.00  0.0    0  5.7 14  90   M    M   3        17 100
16  95  74  85   5   0  20 0.00  0.0    0  4.2 15 120   M    M   2        17 110
17  95  73  84   5   0  19 0.00  0.0    0  6.0 14 140   M    M   3        16 140
18  97  77  87   8   0  22 0.00  0.0    0  6.9 13 140   M    M   5        15 190
19  96  78  87   8   0  22 0.00  0.0    0  7.4 14 140   M    M   3        17 160
20  96  78  87   9   0  22 0.00  0.0    0  5.7 12 130   M    M   3 8      16 120
21  93  75  84   6   0  19 0.00  0.0    0  3.6 14 110   M    M   4        17 130
22  94  69  82   4   0  17    T  0.0    0  7.4 18  90   M    M   4        25 100
23  94  74  84   6   0  19 0.00  0.0    0 10.6 22 110   M    M   6        29 140
24  93  76  85   8   0  20 0.58  0.0    0 10.4 35 160   M    M   8 13     44 160
25  86  71  79   2   0  14 0.78  0.0    0  8.3 21 320   M    M  10 138    28  80
26  79  66  73  -4   0   8 4.75  0.0    0  8.0 17 340   M    M  10 13     23  20
27  76  66  71  -5   0   6 0.00  0.0    0  7.2 15  20   M    M   9        18 340
28  89  64  77   1   0  12 0.00  0.0    0  3.3 10 310   M    M   1        16 290
29  89  64  77   1   0  12 0.00  0.0    0  7.4 14  30   M    M   1        21  50
30  82  59  71  -5   0   6 0.00  0.0    0  4.2  9 320   M    M   3        13 100
================================================================================
SM 2735 2173         0 513  6.30     0.0 216.9          M      150
================================================================================
AV 91.2 72.4                               7.2 FASTST   M    M   5    MAX(MPH)
                                 MISC ---->  # 35 160               # 44  160
================================================================================
NOTES:
# LAST OF SEVERAL OCCURRENCES

COLUMN 17 PEAK WIND IN M.P.H.

SYMBOLS USED IN COLUMN 16
1 = FOG OR MIST
2 = FOG REDUCING VISIBILITY
3 = THUNDER
4 = ICE PELLETS
5 = HAIL
6 = FREEZING RAIN OR DRIZZLE
7 = DUSTSTORM OR SANDSTORM:
8 = SMOKE OR HAZE
9 = BLOWING SNOW
X = TORNADO

$$
