000
CXUS56 KOTX 011932
CLMSFF


CLIMATE REPORT
NATIONAL WEATHER SERVICE SPOKANE, WA
1113 AM PST SUN FEB 1 2015

...................................

...THE SPOKANE WA FELTS AIRPORT CLIMATE SUMMARY FOR THE MONTH OF JANUARY 2015...

CLIMATE NORMAL PERIOD 1981 TO 2010
CLIMATE RECORD PERIOD 9999 TO 9999

WEATHER         OBSERVED          NORMAL  DEPART  LAST YEAR`S
                 VALUE   DATE(S)  VALUE   FROM    VALUE  DATE(S)
                                          NORMAL
................................................................
TEMPERATURE (F)
RECORD
 HIGH              MM   MM
 LOW               MM   MM
HIGHEST            57   01/25        MM      MM       50  01/13
                                                          01/11
LOWEST              9   01/01        MM      MM       16  01/05
AVG. MAXIMUM     37.7              36.8     0.9     36.9
AVG. MINIMUM     27.8              25.9     1.9     27.8
MEAN             32.7              31.3     1.4     32.4
DAYS MAX >= 90      0               0.0     0.0        0
DAYS MAX <= 32      5               8.0    -3.0        9
DAYS MIN <= 32     24              24.3    -0.3       26
DAYS MIN <= 0       0               0.4    -0.4        0

PRECIPITATION (INCHES)
RECORD
 MAXIMUM           MM   MM
 MINIMUM           MM   MM
TOTALS           1.87              1.95   -0.08     1.15
DAILY AVG.       0.06              0.06    0.00     0.04
DAYS >= .01        10                MM      MM        8
DAYS >= .10         6                MM      MM        4
DAYS >= .50         1                MM      MM        0
DAYS >= 1.00        0                MM      MM        0
GREATEST
 24 HR. TOTAL    0.83   01/17 TO 01/18           01/28 TO 01/29
                                                          01/29 TO 01/29
                                                          01/29 TO 01/29

SNOWFALL (INCHES)
RECORDS
 TOTAL             MM   MM
TOTALS             MM                MM      MM       MM
SINCE 7/1          MM                MM      MM       MM
SNOWDEPTH AVG.     MM                MM      MM       MM
DAYS >= 1.0        MM                MM      MM       MM
GREATEST
 SNOW DEPTH        MM                                 MM  MM
 24 HR TOTAL       MM                                 MM

DEGREE_DAYS
HEATING TOTAL     990              1043     -53     1003
 SINCE 7/1       3175              3712    -537     3665
COOLING TOTAL       0                 0       0        0
 SINCE 1/1          0                 0       0        0
..........................................................

WIND (MPH)
AVERAGE WIND SPEED              1.7
HIGHEST WIND SPEED/DIRECTION    24/220    DATE  01/18
HIGHEST GUST SPEED/DIRECTION    32/230    DATE  01/18

SKY COVER
POSSIBLE SUNSHINE (PERCENT)   MM
AVERAGE SKY COVER           0.80
NUMBER OF DAYS FAIR            1
NUMBER OF DAYS PC             10
NUMBER OF DAYS CLOUDY         20

AVERAGE RH (PERCENT)     84

WEATHER CONDITIONS. NUMBER OF DAYS WITH
THUNDERSTORM              0     MIXED PRECIP               0
HEAVY RAIN                1     RAIN                       3
LIGHT RAIN                5     FREEZING RAIN              1
LT FREEZING RAIN          1     HAIL                       0
HEAVY SNOW                0     SNOW                       2
LIGHT SNOW                9     SLEET                      0
FOG                      27     FOG W/VIS <= 1/4 MILE     13
HAZE                     12

-  INDICATES NEGATIVE NUMBERS.
R  INDICATES RECORD WAS SET OR TIED.
MM INDICATES DATA IS MISSING.
T  INDICATES TRACE AMOUNT.

$$
