000
CXUS56 KMTR 011407
CLMSFO


CLIMATE REPORT
NATIONAL WEATHER SERVICE SAN FRANCISCO BAY AREA
707 AM PDT FRI JUL 1 2016

...................................

...THE SAN FRANCISCO AIRPORT CLIMATE SUMMARY FOR THE MONTH OF JUNE 2016...

CLIMATE NORMAL PERIOD 1981 TO 2010
CLIMATE RECORD PERIOD 1927 TO 2016

WEATHER         OBSERVED          NORMAL  DEPART  LAST YEAR`S
                 VALUE   DATE(S)  VALUE   FROM    VALUE  DATE(S)
                                          NORMAL
................................................................
TEMPERATURE (F)
RECORD
 HIGH             106   06/14/1961
 LOW               43   06/02/1954
                        06/01/1954
HIGHEST            87   06/03                         84  06/08
LOWEST             51   06/11                         51  06/19
AVG. MAXIMUM     72.0              70.6     1.4     70.8
AVG. MINIMUM     54.7                               54.8
MEAN             63.3              62.2     1.1     62.8
DAYS MAX >= 90      0                                  0
DAYS MAX <= 32      0                                  0
DAYS MIN <= 32      0                                  0
DAYS MIN <= 0       0                                  0

PRECIPITATION (INCHES)
RECORD
 MAXIMUM         1.49   2011
 MINIMUM         0.00   2008
                        2007
                        2006
TOTALS           0.00R             0.11   -0.11     0.26
DAILY AVG.       0.00              0.00    0.00     0.01
DAYS >= .01         0                                  1
DAYS >= .10         0                                  1
DAYS >= .50         0                                  0
DAYS >= 1.00        0                                  0
GREATEST
 24 HR. TOTAL    0.00   06/30 TO 06/30           06/10 TO 06/10
                                                          06/30 TO 06/30
                                                          06/30 TO 06/30

DEGREE_DAYS
HEATING TOTAL      61               105     -44       75
 SINCE 7/1       1954              2653    -699     1546
COOLING TOTAL      19                21      -2       17
 SINCE 1/1         50                40      10       30
.................................................

WIND (MPH)
AVERAGE WIND SPEED              14.5
RESULTANT WIND SPEED/DIRECTION  13/281
HIGHEST WIND SPEED/DIRECTION    41/270    DATE  06/14
HIGHEST GUST SPEED/DIRECTION    50/270    DATE  06/14

SKY COVER
POSSIBLE SUNSHINE (PERCENT)   MM
AVERAGE SKY COVER           0.40
NUMBER OF DAYS FAIR           15
NUMBER OF DAYS PC             13
NUMBER OF DAYS CLOUDY          2

AVERAGE RH (PERCENT)     66

WEATHER CONDITIONS. NUMBER OF DAYS WITH
THUNDERSTORM              0     MIXED PRECIP               0
HEAVY RAIN                0     RAIN                       0
LIGHT RAIN                0     FREEZING RAIN              0
LT FREEZING RAIN          0     HAIL                       0
HEAVY SNOW                0     SNOW                       0
LIGHT SNOW                0     SLEET                      0
FOG                       3     FOG W/VIS <= 1/4 MILE      0
HAZE                      1

-  INDICATES NEGATIVE NUMBERS.
R  INDICATES RECORD WAS SET OR TIED.
MM INDICATES DATA IS MISSING.
T  INDICATES TRACE AMOUNT.

$$
