000
CXUS55 KBYZ 011014
CLMSHR


CLIMATE REPORT
NATIONAL WEATHER SERVICE BILLINGS MT
412 AM MDT SAT AUG 1 2015

...................................

...THE SHERIDAN WY CLIMATE SUMMARY FOR THE MONTH OF JULY 2015...

CLIMATE NORMAL PERIOD 1981 TO 2010
CLIMATE RECORD PERIOD 1907 TO 2015

WEATHER         OBSERVED          NORMAL  DEPART
                 VALUE   DATE(S)  VALUE   FROM
                                          NORMAL
................................................
TEMPERATURE (F)
HIGHEST            96   07/26
LOWEST             45   07/28
AVG. MAXIMUM     85.3              87.1    -1.8
AVG. MINIMUM     52.3              53.0    -0.7
MEAN             68.8              70.0    -1.2
DAYS MAX >= 90     13
DAYS MAX <= 32      0
DAYS MIN <= 32      0
DAYS MIN <= 0       0

PRECIPITATION (INCHES)
TOTALS           0.84              1.18   -0.34
DAYS >= .01         9
DAYS >= .10         3
DAYS >= .50         0
DAYS >= 1.00        0
GREATEST
 24 HR. TOTAL    0.37   07/05 TO 07/06

DEGREE_DAYS
HEATING TOTAL      20                26      -6
 SINCE 7/1         20                26      -6
COOLING TOTAL     147               182     -35
 SINCE 1/1        226               232      -6
.................................................

WIND (MPH)
AVERAGE WIND SPEED              6.0
HIGHEST WIND SPEED/DIRECTION    47/320    DATE  07/27
HIGHEST GUST SPEED/DIRECTION    58/310    DATE  07/27

AVERAGE RH (PERCENT)     55

WEATHER CONDITIONS. NUMBER OF DAYS WITH
THUNDERSTORM              9     MIXED PRECIP               0
HEAVY RAIN                3     RAIN                       2
LIGHT RAIN               11     FREEZING RAIN              0
LT FREEZING RAIN          0     HAIL                       0
HEAVY SNOW                0     SNOW                       0
LIGHT SNOW                0     SLEET                      0
FOG                       4     FOG W/VIS <= 1/4 MILE      0
HAZE                      1

-  INDICATES NEGATIVE NUMBERS.
R  INDICATES RECORD WAS SET OR TIED.
MM INDICATES DATA IS MISSING.
T  INDICATES TRACE AMOUNT.

&&

...JULY 2015 MONTH IN REVIEW FOR SHERIDAN...

BELOW IS A SUMMARY OF THE TEMPERATURE AND PRECIPITATION
STATISTICS FOR SHERIDAN FOR JULY 2015. ALL TEMPERATURES ARE IN
DEGREES FAHRENHEIT AND ALL PRECIPITATION AMOUNTS ARE IN INCHES. NORMALS
ARE 30 YEAR AVERAGES CALCULATED FROM 1981 TO 2010. MONTHLY RANKINGS
FOR PRECIPITATION...SNOWFALL...AND TEMPERATURES USE A PERIOD
OF RECORD THAT STARTED IN MAY 1934 AT OR NEAR THE SHERIDAN AIRPORT.

NUMBERS DENOTED WITH AN * IS MISSING DATA IN THE CALCULATION.

...SHERIDAN MONTHLY PRECIPITATION...

 MONTH   2015 VALUES  NORMALS    DEPARTURE  RANKING

JULY         0.84     1.18       -0.34      TIED FOR THE 49TH DRIEST OUT OF 109 YEARS
                                            (RECORD DRIEST WAS 0.02 IN 1999)
                                            (DRIEST SINCE 0.43 IN 2013)

...SHERIDAN JULY 2015 BROKEN OR TIED DAILY PRECIPITATION RECORDS...

NONE

...SHERIDAN AVERAGE TEMPERATURES...

 MONTH   2015 VALUES  NORMALS   DEPARTURE  RANKING

JULY         68.8      70.0      -1.2      TIED FOR THE 36TH COLDEST OUT OF 109 YEARS
                                           (RECORD COLDEST WAS 61.2 IN 1915)
                                           (COLDEST SINCE 68.7 IN 2010)

...SHERIDAN AVERAGE HIGH TEMPERATURES...

 MONTH   2015 VALUES  NORMALS   DEPARTURE  RANKING

JULY         85.3      87.1      -1.8      TIED FOR THE 40TH COLDEST OUT OF 109 YEARS
                                           (RECORD COLDEST WAS 73.9 IN 1915)
                                           (COLDEST SINCE 84.7 IN 2010)

...SHERIDAN JULY 2015 BROKEN OR TIED WARMEST DAILY HIGH TEMPERATURE RECORDS...

NONE

...SHERIDAN JULY 2015 BROKEN OR TIED COLDEST DAILY HIGH TEMPERATURE RECORDS...

NONE

...SHERIDAN AVERAGE LOW TEMPERATURES...

 MONTH   2015 VALUES  NORMALS   DEPARTURE  RANKING

JULY         52.3      53.0      -0.7      TIED FOR THE 27TH COLDEST OUT OF 109 YEARS
                                           (RECORD COLDEST WAS 46.8 IN 1911)
                                           (COLDEST SINCE 52.0 IN 2014)

...SHERIDAN JULY 2015 BROKEN OR TIED WARMEST DAILY LOW TEMPERATURE RECORDS...

NONE

...SHERIDAN JULY 2015 BROKEN OR TIED COLDEST DAILY LOW TEMPERATURE RECORDS...

NONE

$$
