921
CXUS54 KSHV 011810 AAB
CLMSHV

CLIMATE REPORT...UPDATED FOR TEXT SUMMARY
NATIONAL WEATHER SERVICE SHREVEPORT LA
110 PM CDT THU JUN 1 2017

...................................

...THE SHREVEPORT CLIMATE SUMMARY FOR THE MONTH OF MAY 2017...

CLIMATE NORMAL PERIOD 1981 TO 2010
CLIMATE RECORD PERIOD 1874 TO 2017

WEATHER         OBSERVED          NORMAL  DEPART
                 VALUE   DATE(S)  VALUE   FROM
                                          NORMAL
................................................
TEMPERATURE (F)
RECORD
 HIGH             102   05/31/1998
 LOW               39   05/04/2013
HIGHEST            91   05/19
LOWEST             45   05/01
MEAN             71.5             73.2    -1.7
DAYS MAX >= 90      3
DAYS MIN <= 32      0

PRECIPITATION (INCHES)
TOTALS           7.60              4.93    2.67
DAYS >= .01        11
DAYS >= .50         5
DAYS >= 1.00        4
GREATEST
 24 HR. TOTAL    3.12   05/28 TO 05/28

DEGREE_DAYS
HEATING TOTAL       6                 7      -1
COOLING TOTAL     216               263     -47
.................................................

WIND (MPH)
AVERAGE WIND SPEED              8.1
HIGHEST WIND SPEED/DIRECTION    33/340    DATE  05/28
HIGHEST GUST SPEED/DIRECTION    45/340    DATE  05/28


WEATHER CONDITIONS. NUMBER OF DAYS WITH
THUNDERSTORM              0     FOG W/VIS <= 1/4 MILE      2

-  INDICATES NEGATIVE NUMBERS.
R  INDICATES RECORD WAS SET OR TIED.
MM INDICATES DATA IS MISSING.
T  INDICATES TRACE AMOUNT.

&&

WEATHERWISE DURING MAY OF 2017 IN SHREVEPORT AND BOSSIER CITY, WE
RECEIVED ABOVE NORMAL RAINFALL AND SLIGHTLY COOLER THAN NORMAL
TEMPERATURES.  THE RAINS PROVED QUITE TIMELY THIS MONTH AND ENDED
INCIPIENT DROUGHT CONDITIONS.

AS HAS BEEN SEEMINGLY USUAL FOR THE PAST SEVERAL YEARS, THE MEMORIAL
DAY HOLIDAY WEEKEND OBSERVED ACTIVE WEATHER WITH THE PASSAGE OF A
STRONG COLD FRONT.  DURING MAY 25, THE LOW TEMPERATURE RECEDED TO 53
DEGREES AND BROKE THE DAILY LOW TEMPERATURE RECORD OF 54 DEGREES SET
DURING 1963. THIS FRONT THEN RETURNED AS A STRONG WARM FRONT DURING
THE HOLIDAY WEEKEND AND COMBINED WITH A STRONG SHORTWAVE TROUGH TO
PRODUCE HEAVY RAINFALL DURING MAY 28TH, BEFORE MEMORIAL DAY.
SHREVEPORT TALLIED 3.12 INCHES OF RAINFALL THAT SUNDAY EVENING AND
BROKE THE DAILY RAINFALL RECORD OF 2.42 INCHES SET DURING 1952.
SHREVEPORT OBSERVED NUMEROUS FLOODED STREETS AND ROADWAYS THAT
EVENING AS WELL AS DOWNED TREES AND POWER LINES IN SOUTH SHREVEPORT
FROM THE SEVERE THUNDERSTORMS.

FOR THE CLIMATOLOGICAL SPRING OF 2017 (MARCH 1 THROUGH MAY 31),
SHREVEPORT RECORDED AN AVERAGE SPRING TEMPERATURE OF 68.0 DEGREES
THAT RANKS AS THE TWELFTH WARMEST SPRING AND THE WARMEST SINCE THE
SPRINGTIME OF 2012.  2012 REMAINS OUR WARMEST SPRINGTIME ON RECORD
WITH AN AVERAGE TEMPERATURE OF 71.1 DEGREES.

OUR SPRINGTIME RAINFALL TALLIED 13.31 INCHES VERY NEAR THE NORMAL
SPRING RAINFALL OF 13.26 INCHES.

&&

$$

VIII.
