000
CXUS54 KSHV 031329 AAA
CLMSHV

CLIMATE REPORT...UPDATED FOR TEXT SUMMARY
NATIONAL WEATHER SERVICE SHREVEPORT LA
829 AM CDT TUE MAY 3 2016

...................................

...THE SHREVEPORT CLIMATE SUMMARY FOR THE MONTH OF APRIL 2016...

CLIMATE NORMAL PERIOD 1981 TO 2010
CLIMATE RECORD PERIOD 1874 TO 2016

WEATHER         OBSERVED          NORMAL  DEPART
                 VALUE   DATE(S)  VALUE   FROM
                                          NORMAL
................................................
TEMPERATURE (F)
RECORD
 HIGH              96   04/29/1887
 LOW               31   04/11/1989
                        04/05/1987
                        04/04/1987
HIGHEST            87   04/28
                        04/26
LOWEST             40   04/03
MEAN             67.9             65.2     2.7
DAYS MAX >= 90      0
DAYS MIN <= 32      0

PRECIPITATION (INCHES)
TOTALS          13.30              4.19    9.11
DAYS >= .01        10
DAYS >= .50         5
DAYS >= 1.00        4
GREATEST
 24 HR. TOTAL    6.12   04/18 TO 04/19

DEGREE_DAYS
HEATING TOTAL      33                86     -53
COOLING TOTAL     127                94      33
.................................................

WIND (MPH)
AVERAGE WIND SPEED              7.9
HIGHEST WIND SPEED/DIRECTION    28/140    DATE  04/30
HIGHEST GUST SPEED/DIRECTION    33/140    DATE  04/30


WEATHER CONDITIONS. NUMBER OF DAYS WITH
THUNDERSTORM              0     FOG W/VIS <= 1/4 MILE      1

-  INDICATES NEGATIVE NUMBERS.
R  INDICATES RECORD WAS SET OR TIED.
MM INDICATES DATA IS MISSING.
T  INDICATES TRACE AMOUNT.

&&

APRIL OF 2016 OBSERVED WELL ABOVE NORMAL RAINFALL AND NOW RANKS AS
THE SECOND WETTEST APRIL ON RECORD WITH AN ABUNDANT 13.36 INCHES.
APRIL OF 1991 REMAINS THE WETTEST APRIL ON RECORD WITH 21.84 INCHES
THAT ALSO CONTRIBUTED TO SHREVEPORT`S ALL TIME WETTEST YEAR OF
RECORD AS WELL DURING 1991.

SHREVEPORT OBSERVED ABOVE NORMAL TEMPERATURES DURING APRIL AS WELL
AND CONTINUED A STREAK OF ABOVE NORMAL MONTHLY TEMPERATURES
MEASURED SINCE APRIL OF 2015.

WITH SUCH A RAINY MONTH...SHREVEPORT BROKE TWO DAILY RAINFALL
RECORDS DURING APRIL.  DURING APRIL 18...THE DAY TALLIED 6.03 INCHES
AND BROKE THE PREVIOUS DAILY RAINFALL RECORD OF 1.49 INCHES SET
DURING 1882.  AT MONTH`S END DURING APRIL 30TH...SHREVEPORT TALLIED
ANOTHER 2.20 INCHES AND BROKE THE PREVIOUS DAILY RECORD OF 2.15
INCHES DURING 1970.

THUS FAR DURING THE METEOROLOGICAL SPRINGTIME (METEOROLOGICAL SPRING
IS MARCH 1 THROUGH MAY 31) OF 2015 THROUGH MAY 3RD OF
2016...SHREVEPORT HAS TALLIED 27.36 INCHES OF RAINFALL SINCE MARCH
1ST.  THIS TOTAL RANKS AS THE SECOND WETTEST SPRING.  THE ALL TIME
WETTEST SPRING REMAINS THE NOTORIOUS SPRINGTIME OF 1991 WITH 35.44
INCHES.

WITH SUCH HEAVY RAINFALL DURING THIS APRIL...WE OBSERVED PLENTY OF
FLOODING.  AT MONTH`S END...THE RED RIVER WAS RISING TOWARD FLOOD
STAGE YET AGAIN...FOR THE FIFTH TIME SINCE JUNE OF 2015...A FEAT
NEVER OBSERVED SINCE 1849.

$$

VIII.
