000
CXUS54 KSJT 020008 CCA
CLMSJT

CLIMATE REPORT
NATIONAL WEATHER SERVICE SAN ANGELO TX
708 PM CDT TUE SEP 1 2015

...................................

...THE SAN ANGELO CLIMATE SUMMARY FOR THE MONTH OF AUGUST 2015...

CLIMATE NORMAL PERIOD 1981 TO 2010
CLIMATE RECORD PERIOD 1907 TO 2015

WEATHER         OBSERVED          NORMAL  DEPART  LAST YEAR`S
                 VALUE   DATE(S)  VALUE   FROM    VALUE  DATE(S)
                                          NORMAL
................................................................
TEMPERATURE (F)
RECORD
 HIGH             111   08/04/1943
 LOW               45   08/31/1915
HIGHEST           106   08/08                        104  08/07
LOWEST             63   08/31                         63  08/03
                                                          08/01
AVG. MAXIMUM    100.4              94.7     5.7     96.6
AVG. MINIMUM     72.4              70.7     1.7     71.2
MEAN             86.4              82.7     3.7     83.9
DAYS MAX >= 90     31              25.3     5.7       29
DAYS MAX <= 32      0               0.0     0.0        0
DAYS MIN <= 32      0               0.0     0.0        0
DAYS MIN <= 0       0               0.0     0.0        0

PRECIPITATION (INCHES)
RECORD
 MAXIMUM        14.03   1882
 MINIMUM         0.00   2000
TOTALS           1.28              2.26   -0.98     0.65
DAILY AVG.       0.04              0.07   -0.03     0.02
DAYS >= .01         2               5.5    -3.5        8
DAYS >= .10         2               3.2    -1.2        3
DAYS >= .50         2               1.4     0.6        0
DAYS >= 1.00        0               0.6    -0.6        0
GREATEST
 24 HR. TOTAL    0.75   08/24 TO 08/24           08/17 TO 08/18

SNOWFALL (INCHES)
RECORDS
 TOTAL            0.0
TOTALS            0.0               0.0     0.0      0.0
SINCE 7/1         0.0               0.0     0.0      0.0
SNOWDEPTH AVG.      0                MM      MM        0
DAYS >= 1.0         0               0.0     0.0        0
GREATEST
 SNOW DEPTH         0   MM                             0  MM
 24 HR TOTAL        0   MM

DEGREE_DAYS
HEATING TOTAL       0                 0       0        0
 SINCE 7/1          0                 0       0        0
COOLING TOTAL     674               549     125      593
 SINCE 1/1       2215              2036     179     2258
..................................................

WIND (MPH)
AVERAGE WIND SPEED              7.9
HIGHEST WIND SPEED/DIRECTION    39/310    DATE  08/24
HIGHEST GUST SPEED/DIRECTION    56/310    DATE  08/24

SKY COVER
AVERAGE SKY COVER           0.10

AVERAGE RH (PERCENT)     50

WEATHER CONDITIONS. NUMBER OF DAYS WITH
THUNDERSTORM              5     MIXED PRECIP               0
HEAVY RAIN                2     RAIN                       2
LIGHT RAIN                2     FREEZING RAIN              0
LT FREEZING RAIN          0     HAIL                       0
HEAVY SNOW                0     SNOW                       0
LIGHT SNOW                0     SLEET                      0
FOG                       1     FOG W/VIS <= 1/4 MILE      0
HAZE                      1

-  INDICATES NEGATIVE NUMBERS.
R  INDICATES RECORD WAS SET OR TIED.
MM INDICATES DATA IS MISSING.
T  INDICATES TRACE AMOUNT.

$$
