000
CXUS56 KPQR 011625
CLMSLE


CLIMATE REPORT
NATIONAL WEATHER SERVICE PORTLAND OREGON
925 AM PDT WED NOV 1 2017

...................................

...THE SALEM OR CLIMATE SUMMARY FOR THE MONTH OF OCTOBER 2017...

CLIMATE NORMAL PERIOD 1981 TO 2010
CLIMATE RECORD PERIOD 1892 TO 2017

WEATHER         OBSERVED          NORMAL  DEPART  LAST YEAR`S
                 VALUE   DATE(S)  VALUE   FROM    VALUE  DATE(S)
                                          NORMAL
................................................................
TEMPERATURE (F)
HIGHEST            75                                 71  10/08
LOWEST             32                                 38  10/12
AVG. MAXIMUM     65.1              64.1     1.0     62.0
AVG. MINIMUM     42.8              42.3     0.5     48.8
MEAN             54.0              53.2     0.8     55.4
DAYS MAX >= 90      0               0.0     0.0        0
DAYS MAX <= 32      0               0.0     0.0        0
DAYS MIN <= 32      1               1.3    -0.3        0
DAYS MIN <= 0       0               0.0     0.0        0

PRECIPITATION (INCHES)
RECORD
 MAXIMUM        11.25   2016
 MINIMUM         0.00   1917
                        1895
TOTALS           5.45              3.03    2.42    11.25
DAYS >= .01        15              11.5     3.5       27
DAYS >= .10         8               6.5     1.5       21
DAYS >= .50         5               1.9     3.1        7
DAYS >= 1.00        2               0.3     1.7        4
GREATEST
 24 HR. TOTAL    1.39   10/22 TO 10/22

DEGREE_DAYS
HEATING TOTAL     336               367     -31      289
 SINCE 7/1        419               532    -113      394
COOLING TOTAL       0                 1      -1        0
 SINCE 1/1        647               290     357      465
.................................................................

WIND (MPH)
AVERAGE WIND SPEED              5.8
RESULTANT WIND SPEED/DIRECTION   1/197
HIGHEST WIND SPEED/DIRECTION    30/190    DATE  10/21
HIGHEST GUST SPEED/DIRECTION    41/200    DATE  10/21

SKY COVER
POSSIBLE SUNSHINE (PERCENT)   MM
AVERAGE SKY COVER           0.40
NUMBER OF DAYS FAIR           12
NUMBER OF DAYS PC             16
NUMBER OF DAYS CLOUDY          3

AVERAGE RH (PERCENT)     71

WEATHER CONDITIONS. NUMBER OF DAYS WITH
THUNDERSTORM              0     MIXED PRECIP               0
HEAVY RAIN                3     RAIN                       6
LIGHT RAIN               12     FREEZING RAIN              0
LT FREEZING RAIN          0     HAIL                       0
HEAVY SNOW                0     SNOW                       0
LIGHT SNOW                0     SLEET                      0
FOG                      23     FOG W/VIS <= 1/4 MILE      5
HAZE                      2

-  INDICATES NEGATIVE NUMBERS.
R  INDICATES RECORD WAS SET OR TIED.
MM INDICATES DATA IS MISSING.
T  INDICATES TRACE AMOUNT.

$$
