000
CXUS53 KEAX 032035
CLMSTJ

STLCLMWK1 000
TTAA00 KEAX 032032


CLIMATE REPORT
NATIONAL WEATHER SERVICE KANSAS CITY/PLEASANT HILL MO
329 PM CDT FRI JUL 3 2015

...................................

...THE ST. JOSEPH MO CLIMATE SUMMARY FOR THE MONTH OF JUNE 2015...

CLIMATE NORMAL PERIOD 1981 TO 2010
CLIMATE RECORD PERIOD 1892 TO 2015

WEATHER         OBSERVED          NORMAL  DEPART  LAST YEAR`S
                 VALUE   DATE(S)  VALUE   FROM    VALUE  DATE(S)
                                          NORMAL
................................................................
TEMPERATURE (F)
RECORD
 HIGH             105   06/27/1980
                        06/19/1936
 LOW               41   06/01/1982
HIGHEST            99   06/20        95       4       92  06/18
LOWEST             57   06/01        50       7       50  06/13
AVG. MAXIMUM     84.6              84.0     0.6     84.1
AVG. MINIMUM     65.7              63.3     2.4     64.1
MEAN             75.2              73.6     1.6     74.1
DAYS MAX >= 90      7               8.1    -1.1        5
DAYS MAX <= 32      0               0.0     0.0        0
DAYS MIN <= 32      0               0.0     0.0        0
DAYS MIN <= 0       0               0.0     0.0        0

PRECIPITATION (INCHES)
RECORD
 MAXIMUM        15.71   1943
 MINIMUM         0.97   1988
TOTALS           6.90              4.18    2.72     7.91
DAILY AVG.       0.23              0.14    0.09     0.26
DAYS >= .01        14              10.4     3.6       15
DAYS >= .10         9               6.9     2.1       11
DAYS >= .50         4               3.2     0.8        6
DAYS >= 1.00        3               1.4     1.6        2
GREATEST
 24 HR. TOTAL    2.39   06/04 TO 06/05

DEGREE_DAYS
HEATING TOTAL       1                 8      -7        1
 SINCE 7/1       5501              5458      43     6270
COOLING TOTAL     314               267      47      279
 SINCE 1/1        382               380       2      440
.................................................................

WIND (MPH)
AVERAGE WIND SPEED              8.0
HIGHEST WIND SPEED/DIRECTION    31/020    DATE  06/25
HIGHEST GUST SPEED/DIRECTION    49/130    DATE  06/03

SKY COVER
POSSIBLE SUNSHINE (PERCENT)   MM
AVERAGE SKY COVER           0.30
NUMBER OF DAYS FAIR           18
NUMBER OF DAYS PC              9
NUMBER OF DAYS CLOUDY          3

AVERAGE RH (PERCENT)     73

WEATHER CONDITIONS. NUMBER OF DAYS WITH
THUNDERSTORM             12     MIXED PRECIP               0
HEAVY RAIN                6     RAIN                       6
LIGHT RAIN               13     FREEZING RAIN              0
LT FREEZING RAIN          0     HAIL                       0
HEAVY SNOW                0     SNOW                       0
LIGHT SNOW                0     SLEET                      0
FOG                      13     FOG W/VIS <= 1/4 MILE      1
HAZE                      1

-  INDICATES NEGATIVE NUMBERS.
R  INDICATES RECORD WAS SET OR TIED.
MM INDICATES DATA IS MISSING.
T  INDICATES TRACE AMOUNT.

$$
