000
CXUS53 KFSD 011557
CLMSUX

CLIMATE REPORT
NATIONAL WEATHER SERVICE SIOUX FALLS SD
1047 AM CDT FRI JUL 1 2016

...................................

...THE SIOUX CITY IA CLIMATE SUMMARY FOR THE MONTH OF JUNE 2016...

CLIMATE NORMAL PERIOD 1981 TO 2010
CLIMATE RECORD PERIOD 1889 TO 2016

WEATHER         OBSERVED          NORMAL  DEPART  LAST YEAR`S
                 VALUE   DATE(S)  VALUE   FROM    VALUE  DATE(S)
                                          NORMAL
................................................................
TEMPERATURE (F)
RECORD
 HIGH             108   06/21/1988
 LOW               38   06/04/1945
HIGHEST            95   06/17        MM      MM       99  06/09
                        06/12
                        06/11
LOWEST             50   06/07        MM      MM       49  06/01
                        06/02
AVG. MAXIMUM     88.2              82.1     6.1     82.5
AVG. MINIMUM     63.5              58.6     4.9     60.9
MEAN             75.8              70.3     5.5     71.7
DAYS MAX >= 90     14               4.9     9.1        3
DAYS MAX <= 32      0               0.0     0.0        0
DAYS MIN <= 32      0               0.0     0.0        0
DAYS MIN <= 0       0               0.0     0.0        0

PRECIPITATION (INCHES)
RECORD
 MAXIMUM        16.65   2014
 MINIMUM         0.53   1988
TOTALS           1.38              3.89   -2.51     4.19
DAILY AVG.       0.05              0.13   -0.08     0.14
DAYS >= .01         8              10.9    -2.9       11
DAYS >= .10         3               6.8    -3.8        7
DAYS >= .50         1               2.7    -1.7        3
DAYS >= 1.00        0               1.2    -1.2        1
GREATEST
 24 HR. TOTAL    0.72   06/14 TO 06/14
                        06/13 TO 06/14
                        06/14 TO 06/14

DEGREE_DAYS
HEATING TOTAL       0                27     -27        2
 SINCE 7/1       5655              6861   -1206     6409
COOLING TOTAL     333               188     145      209
 SINCE 1/1        385               252     133      238
.................................................................

WIND (MPH)
AVERAGE WIND SPEED              9.5
HIGHEST WIND SPEED/DIRECTION    49/060    DATE  06/17
HIGHEST GUST SPEED/DIRECTION    69/050    DATE  06/17

SKY COVER
POSSIBLE SUNSHINE (PERCENT)   MM
AVERAGE SKY COVER           0.10
NUMBER OF DAYS FAIR           27
NUMBER OF DAYS PC              3
NUMBER OF DAYS CLOUDY          0

AVERAGE RH (PERCENT)     63

WEATHER CONDITIONS. NUMBER OF DAYS WITH
THUNDERSTORM              9     MIXED PRECIP               0
HEAVY RAIN                2     RAIN                       3
LIGHT RAIN               10     FREEZING RAIN              0
LT FREEZING RAIN          0     HAIL                       0
HEAVY SNOW                0     SNOW                       0
LIGHT SNOW                0     SLEET                      0
FOG                       6     FOG W/VIS <= 1/4 MILE      1
HAZE                      2

-  INDICATES NEGATIVE NUMBERS.
R  INDICATES RECORD WAS SET OR TIED.
MM INDICATES DATA IS MISSING.
T  INDICATES TRACE AMOUNT.

$$
