000
CXUS55 KCYS 060239
CLMTOR


CLIMATE REPORT
NATIONAL WEATHER SERVICE CHEYENNE WY
839 PM MDT SUN OCT 5 2014

...................................

...THE TORRINGTON WY AIRPORT CLIMATE SUMMARY FOR THE MONTH OF SEPTEMBER 2014...

CLIMATE NORMAL PERIOD 1981 TO 2010
CLIMATE RECORD PERIOD 1998 TO 2014

WEATHER         OBSERVED          NORMAL  DEPART  LAST YEAR`S
                 VALUE   DATE(S)  VALUE   FROM    VALUE
                                          NORMAL
.............................................................
TEMPERATURE (F)
RECORD
 HIGH             100   09/06/2013
 LOW               20   09/29/1999
HIGHEST            96   09/03        MM      MM      100
LOWEST             32   09/13        MM      MM       33
AVG. MAXIMUM     77.4              77.3     0.1     80.0
AVG. MINIMUM     46.4              44.2     2.2     50.7
MEAN             61.9              60.7     1.2     65.3
DAYS MAX >= 90      4               4.3                7
DAYS MAX <= 32      0               0.0                0
DAYS MIN <= 32      1               1.8                0
DAYS MIN <= 0       0               0.0                0

PRECIPITATION (INCHES)
RECORD
 MAXIMUM           MM   MM
 MINIMUM           MM   MM
TOTALS           2.59              1.37    1.22     2.37
DAYS >= .01         8                MM      MM       10
DAYS >= .10         7                MM      MM        5
DAYS >= .50         1                MM      MM        2
DAYS >= 1.00        1                MM      MM        0
GREATEST
 24 HR. TOTAL    1.53   09/29 TO 09/30

DEGREE_DAYS
HEATING TOTAL     138               172     -34      103
 SINCE 7/1        153               194     -41      105
COOLING TOTAL      50                45       5      120
 SINCE 1/1        587               678     -91      893
..............................................................

WIND (MPH)
AVERAGE WIND SPEED              8.2
HIGHEST WIND SPEED/DIRECTION    35/270    DATE  09/30
HIGHEST GUST SPEED/DIRECTION    46/270    DATE  09/30

SKY COVER
POSSIBLE SUNSHINE (PERCENT)   MM
AVERAGE SKY COVER           0.30
NUMBER OF DAYS FAIR           20
NUMBER OF DAYS PC              8
NUMBER OF DAYS CLOUDY          2

AVERAGE RH (PERCENT)     63

WEATHER CONDITIONS. NUMBER OF DAYS WITH
THUNDERSTORM              0     MIXED PRECIP               0
HEAVY RAIN                2     RAIN                       5
LIGHT RAIN                9     FREEZING RAIN              0
LT FREEZING RAIN          0     HAIL                       0
HEAVY SNOW                0     SNOW                       0
LIGHT SNOW                1     SLEET                      0
FOG                      11     FOG W/VIS <= 1/4 MILE      2
HAZE                      1

-  INDICATES NEGATIVE NUMBERS.
R  INDICATES RECORD WAS SET OR TIED.
MM INDICATES DATA IS MISSING.
T  INDICATES TRACE AMOUNT.

$$
