000
CXUS55 KLKN 020208
CLMTPH


CLIMATE REPORT
NATIONAL WEATHER SERVICE ELKO NV
656 PM PDT TUE JUL 1 2014

...................................

...THE TONOPAH AIRPORT NV CLIMATE SUMMARY FOR THE MONTH OF JUNE 2014...

CLIMATE NORMAL PERIOD 1981 TO 2010
CLIMATE RECORD PERIOD 1954 TO 2014

WEATHER         OBSERVED          NORMAL  DEPART  LAST YEAR`S
                 VALUE   DATE(S)  VALUE   FROM    VALUE  DATE(S)
                                          NORMAL
................................................................
TEMPERATURE (F)
RECORD
 HIGH             103   06/30/2013
 LOW               27   06/01/1971
HIGHEST            98   06/30        96       2      103  06/30
LOWEST             41   06/18        39       2       45  06/20
AVG. MAXIMUM     87.7              84.8     2.9     89.6
AVG. MINIMUM     55.3              51.5     3.8     56.6
MEAN             71.5              68.1     3.4     73.1
DAYS MAX >= 90     14               9.4     4.6       13
DAYS MAX <= 32      0               0.0     0.0        0
DAYS MIN <= 32      0               0.1    -0.1        0
DAYS MIN <= 0       0               0.0     0.0        0

PRECIPITATION (INCHES)
RECORD
 MAXIMUM         1.67   1998
                        1969
 MINIMUM         0.00   2012
                        2010
                        2008
TOTALS              T              0.28   -0.28        T
DAILY AVG.          T              0.01   -0.01        T
DAYS >= .01         0               2.3    -2.3        0
DAYS >= .10         0               0.7    -0.7        0
DAYS >= .50         0               0.1    -0.1        0
DAYS >= 1.00        0               0.0     0.0        0
GREATEST
 24 HR. TOTAL       T   06/26 TO 06/26                 T

DEGREE_DAYS
HEATING TOTAL      15                50     -35        3
 SINCE 7/1       4951              5461    -510     4920
COOLING TOTAL     216               145      71      252
 SINCE 1/1        250               172      78      275
.................................................................

WIND (MPH)
AVERAGE WIND SPEED              11.0
HIGHEST WIND SPEED/DIRECTION    35/340    DATE  06/13
HIGHEST GUST SPEED/DIRECTION    46/330    DATE  06/13

AVERAGE RH (PERCENT)     15

WEATHER CONDITIONS. NUMBER OF DAYS WITH
THUNDERSTORM              0     MIXED PRECIP               0
HEAVY RAIN                0     RAIN                       0
LIGHT RAIN                1     FREEZING RAIN              0
LT FREEZING RAIN          0     HAIL                       0
HEAVY SNOW                0     SNOW                       0
LIGHT SNOW                0     SLEET                      0
FOG                       0     FOG W/VIS <= 1/4 MILE      0
HAZE                      0

-  INDICATES NEGATIVE NUMBERS.
R  INDICATES RECORD WAS SET OR TIED.
MM INDICATES DATA IS MISSING.
T  INDICATES TRACE AMOUNT.

&&

=================================================================

...7TH WARMEST JUNE ON RECORD AT TONOPAH AIRPORT...
...6TH DRIEST JUNE ON RECORD AT TONOPAH AIRPORT...

THE AVERAGE TEMPERATURE AT TONOPAH AIRPORT DURING JUNE 2014 WAS
71.5 DEGREES...WHICH IS 3.4 DEGREES ABOVE THE 1981-2010
CLIMATOLOGICAL NORMAL OF 68.1 DEGREES. THIS MAKES JUNE 2014 THE
7TH WARMEST ON RECORD. THE TOTAL PRECIPITATION WAS A
TRACE...WHICH IS 0.28 INCHES OR 100 PERCENT BELOW THE 1981-2010
CLIMATOLOGICAL NORMAL OF 0.28 INCHES. THIS MAKES JUNE 2014 THE
6TH DRIEST ON RECORD.

NO DAILY RECORDS WERE SET AT TONOPAH AIRPORT DURING JUNE 2014.

$$

RCM
