018
CXUS55 KLKN 011901
CLMTPH


CLIMATE REPORT
NATIONAL WEATHER SERVICE ELKO NV
1048 AM PST WED FEB 1 2017

...................................

...THE TONOPAH AIRPORT NV CLIMATE SUMMARY FOR THE MONTH OF JANUARY 2017...

CLIMATE NORMAL PERIOD 1981 TO 2010
CLIMATE RECORD PERIOD 1954 TO 2017

WEATHER         OBSERVED          NORMAL  DEPART  LAST YEAR`S
                 VALUE   DATE(S)  VALUE   FROM    VALUE  DATE(S)
                                          NORMAL
................................................................
TEMPERATURE (F)
RECORD
 HIGH              67   01/18/1971
 LOW              -15   01/24/1962
                        01/23/1962
HIGHEST            50   01/09        57      -7       54  01/29
LOWEST              3   01/25         5      -2        6  01/01
AVG. MAXIMUM     39.1              44.8    -5.7     41.2
AVG. MINIMUM     19.7              20.3    -0.6     21.8
MEAN             29.4              32.5    -3.1     31.5
DAYS MAX >= 90      0               0.0     0.0        0
DAYS MAX <= 32      5               2.3     2.7        1
DAYS MIN <= 32     31              29.7     1.3       31
DAYS MIN <= 0       0               0.4    -0.4        0

PRECIPITATION (INCHES)
RECORD
 MAXIMUM         2.25   1995
 MINIMUM         0.00   2003
                        1994
                        1976
TOTALS           0.36              0.49   -0.13     0.97
DAILY AVG.       0.01              0.02   -0.01     0.03
DAYS >= .01         7               4.1     2.9        6
DAYS >= .10         1               1.7    -0.7        4
DAYS >= .50         0               0.1    -0.1        0
DAYS >= 1.00        0               0.0     0.0        0
GREATEST
 24 HR. TOTAL    0.14   01/22 TO 01/23              0.45

DEGREE_DAYS
HEATING TOTAL    1093              1006      87     1030
 SINCE 7/1       3151              3251    -100     3146
COOLING TOTAL       0                 0       0        0
 SINCE 1/1          0                 0       0        0
.................................................................

WIND (MPH)
AVERAGE WIND SPEED              8.8
HIGHEST WIND SPEED/DIRECTION    36/320    DATE  01/05
HIGHEST GUST SPEED/DIRECTION    43/190    DATE  01/23

AVERAGE RH (PERCENT)     72

WEATHER CONDITIONS. NUMBER OF DAYS WITH
THUNDERSTORM              0     MIXED PRECIP               0
HEAVY RAIN                0     RAIN                       0
LIGHT RAIN                6     FREEZING RAIN              0
LT FREEZING RAIN          0     HAIL                       0
HEAVY SNOW                0     SNOW                       2
LIGHT SNOW                8     SLEET                      0
FOG                      10     FOG W/VIS <= 1/4 MILE      0
HAZE                      0

-  INDICATES NEGATIVE NUMBERS.
R  INDICATES RECORD WAS SET OR TIED.
MM INDICATES DATA IS MISSING.
T  INDICATES TRACE AMOUNT.

&&

=====================================================================

A RECORD DAILY MINIMUM OF 3 DEGREES WAS SET ON JANUARY 25TH.

$$

DS
