000
CXUS54 KMRX 050441
CLMTRI


CLIMATE REPORT
NATIONAL WEATHER SERVICE MORRISTOWN TN
1240 AM EDT TUE SEP 5 2017

...................................

...THE TRI-CITIES      ASOS CLIMATE SUMMARY FOR THE MONTH OF AUGUST 2017...

CLIMATE NORMAL PERIOD 1981 TO 2010
CLIMATE RECORD PERIOD 1934 TO 2017

WEATHER         OBSERVED          NORMAL  DEPART
                 VALUE   DATE(S)  VALUE   FROM
                                          NORMAL
................................................
TEMPERATURE (F)
HIGHEST            90   08/22
                        08/21
                        08/20
LOWEST             54   08/25
                        08/06
AVG. MAXIMUM     84.1              85.1    -1.0
AVG. MINIMUM     63.1              62.5     0.6
MEAN             73.6              73.8    -0.2
DAYS MAX >= 90      3
DAYS MAX <= 32      0
DAYS MIN <= 32      0
DAYS MIN <= 0       0

PRECIPITATION (INCHES)
RECORD
 MAXIMUM        11.34   2003
 MINIMUM         0.37   2007
TOTALS           6.28              3.47    2.81
DAYS >= .01        10
DAYS >= .10         8
DAYS >= .50         4
DAYS >= 1.00        2
GREATEST
 24 HR. TOTAL    2.24   08/15 TO 08/15

SNOWFALL (INCHES)
TOTALS            0.0               0.0     0.0
SINCE 7/1         0.0
SNOWDEPTH AVG.      0
DAYS >= TRACE       0
GREATEST
 SNOW DEPTH         0   MM

DEGREE_DAYS
HEATING TOTAL       0                 1      -1
 SINCE 7/1          0                 1      -1
COOLING TOTAL     275               274       1
 SINCE 1/1        954               852     102
.................................................



-  INDICATES NEGATIVE NUMBERS.
R  INDICATES RECORD WAS SET OR TIED.
MM INDICATES DATA IS MISSING.
T  INDICATES TRACE AMOUNT.

$$
