000
CXUS54 KMEG 222019
CLMTUP


CLIMATE REPORT
NATIONAL WEATHER SERVICE MEMPHIS TN
319 PM CDT FRI MAY 22 2015

...................................

...THE TUPELO CLIMATE SUMMARY FOR THE MONTH OF APRIL 2015...

CLIMATE NORMAL PERIOD 1981 TO 2010
CLIMATE RECORD PERIOD 1930 TO 2015

WEATHER         OBSERVED          NORMAL  DEPART  LAST YEAR`S
                 VALUE   DATE(S)  VALUE   FROM    VALUE  DATE(S)
                                          NORMAL
................................................................
TEMPERATURE (F)
RECORD
 HIGH              93   04/18/2006
 LOW               30   04/08/2007
                        04/07/2007
                        04/01/1926
HIGHEST            85   04/09        74      11       85  04/03
LOWEST             38   04/05        51     -13       31  04/16
AVG. MAXIMUM     74.8              74.1     0.7     73.5
AVG. MINIMUM     54.1              50.2     3.9     48.9
MEAN             64.5              62.1     2.4     61.2
DAYS MAX >= 90      0               0.4    -0.4        0
DAYS MAX <= 32      0               0.0     0.0        0
DAYS MIN <= 32      0               0.8    -0.8        1
DAYS MIN <= 0       0               0.0     0.0        0

PRECIPITATION (INCHES)
RECORD
 MAXIMUM        12.16   1991
 MINIMUM         0.46   1986
TOTALS           7.74              4.78    2.96     6.60
DAILY AVG.       0.26              0.16    0.10     0.22
DAYS >= .01        16               9.5     6.5       11
DAYS >= .10        10               6.6     3.4        7
DAYS >= .50         5               3.2     1.8        5
DAYS >= 1.00        3               1.6     1.4        3
GREATEST
 24 HR. TOTAL    1.78   04/25 TO 04/25

SNOWFALL (INCHES)
RECORDS
 TOTAL            0.4   1987
TOTALS            0.0                 T     0.0      0.0
SINCE 7/1         7.4               2.1     5.3      0.5
SNOWDEPTH AVG.      0                MM      MM        0
DAYS >= 1.0         0               0.0     0.0        0
GREATEST
 SNOW DEPTH         0   MM                             0  MM
 24 HR TOTAL      0.0   04/30 TO 04/30

DEGREE_DAYS
HEATING TOTAL      81               146     -65      145
 SINCE 7/1       3132              2932     200     3435
COOLING TOTAL      73                60      13       42
 SINCE 1/1         76                76       0       42
.................................................................

WIND (MPH)
AVERAGE WIND SPEED              7.3
HIGHEST WIND SPEED/DIRECTION    26/030    DATE  04/03
HIGHEST GUST SPEED/DIRECTION    33/280    DATE  04/03

SKY COVER
POSSIBLE SUNSHINE (PERCENT)   MM
AVERAGE SKY COVER           0.40
NUMBER OF DAYS FAIR           13
NUMBER OF DAYS PC             12
NUMBER OF DAYS CLOUDY          5

AVERAGE RH (PERCENT)     68

WEATHER CONDITIONS. NUMBER OF DAYS WITH
THUNDERSTORM              0     MIXED PRECIP               0
HEAVY RAIN               10     RAIN                      11
LIGHT RAIN               13     FREEZING RAIN              0
LT FREEZING RAIN          0     HAIL                       0
HEAVY SNOW                0     SNOW                       0
LIGHT SNOW                0     SLEET                      0
FOG                      15     FOG W/VIS <= 1/4 MILE      0
HAZE                      1

-  INDICATES NEGATIVE NUMBERS.
R  INDICATES RECORD WAS SET OR TIED.
MM INDICATES DATA IS MISSING.
T  INDICATES TRACE AMOUNT.

$$
