000
CXUS54 KJAN 011551
CLMTVR


CLIMATE REPORT
NATIONAL WEATHER SERVICE JACKSON MS
949 AM CST WED MAR 1 2017

...................................

...THE VICKSBURG CLIMATE SUMMARY FOR THE MONTH OF FEBRUARY 2017...

CLIMATE NORMAL PERIOD 1981 TO 2010
CLIMATE RECORD PERIOD 1948 TO 2017

WEATHER         OBSERVED          NORMAL  DEPART  LAST YEAR`S
                 VALUE   DATE(S)  VALUE   FROM    VALUE
                                          NORMAL
.............................................................
TEMPERATURE (F)
RECORD
 HIGH              85   02/12/2017
 LOW              -12   02/02/1951
HIGHEST            85R  02/12        MM      MM       79
LOWEST             30   02/16        MM      MM       27
AVG. MAXIMUM     71.1              60.2    10.9     65.3
AVG. MINIMUM     46.7              39.4     7.3     42.5
MEAN             58.9              49.8     9.1     53.9
DAYS MAX >= 90      0               0.0     0.0        0
DAYS MAX <= 32      0               0.1    -0.1        0
DAYS MIN <= 32      2               6.2    -4.2        3
DAYS MIN <= 0       0               0.0     0.0        0

PRECIPITATION (INCHES)
RECORD
 MAXIMUM        13.04   1966
 MINIMUM         1.07   1999
TOTALS           2.53              5.27   -2.74     4.30
DAILY AVG.       0.09              0.19   -0.10     0.15
DAYS >= .01         9                MM      MM        5
DAYS >= .10         6                MM      MM        4
DAYS >= .50         2                MM      MM        3
DAYS >= 1.00        1                MM      MM        2
GREATEST
 24 HR. TOTAL    1.19   02/27 TO 02/27              2.26

SNOWFALL (INCHES)
TOTALS            0.0

DEGREE_DAYS
HEATING TOTAL     200               432    -232      326
 SINCE 7/1       1276              1976    -700     1378
COOLING TOTAL      37                 6      31       11
 SINCE 1/1         51                 9      42       12
..............................................................

WIND (MPH)
AVERAGE WIND SPEED              7.5
HIGHEST WIND SPEED/DIRECTION    32/010    DATE  02/08
HIGHEST GUST SPEED/DIRECTION    39/010    DATE  02/08

SKY COVER
POSSIBLE SUNSHINE (PERCENT)   MM
AVERAGE SKY COVER           0.40
NUMBER OF DAYS FAIR           10
NUMBER OF DAYS PC             14
NUMBER OF DAYS CLOUDY          4

AVERAGE RH (PERCENT)     67

WEATHER CONDITIONS. NUMBER OF DAYS WITH
THUNDERSTORM              3     MIXED PRECIP               0
HEAVY RAIN                6     RAIN                       6
LIGHT RAIN               11     FREEZING RAIN              0
LT FREEZING RAIN          0     HAIL                       0
HEAVY SNOW                0     SNOW                       0
LIGHT SNOW                0     SLEET                      0
FOG                      17     FOG W/VIS <= 1/4 MILE      4
HAZE                      1

-  INDICATES NEGATIVE NUMBERS.
R  INDICATES RECORD WAS SET OR TIED.
MM INDICATES DATA IS MISSING.
T  INDICATES TRACE AMOUNT.

$$
