000
CXUS54 KJAN 011844
CLMTVR


CLIMATE REPORT
NATIONAL WEATHER SERVICE JACKSON MS
141 PM CDT WED NOV 1 2017

...................................

...THE VICKSBURG CLIMATE SUMMARY FOR THE MONTH OF OCTOBER 2017...

CLIMATE NORMAL PERIOD 1981 TO 2010
CLIMATE RECORD PERIOD 1948 TO 2017

WEATHER         OBSERVED          NORMAL  DEPART  LAST YEAR`S
                 VALUE   DATE(S)  VALUE   FROM    VALUE
                                          NORMAL
.............................................................
TEMPERATURE (F)
RECORD
 HIGH              95   10/05/2006
                        10/04/2006
                        10/03/2006
 LOW               22   10/30/1952
                        10/29/1952
HIGHEST            93   10/10        MM      MM       93
LOWEST             28   10/29        MM      MM       35
AVG. MAXIMUM     80.3              78.5     1.8     85.4
AVG. MINIMUM     53.8              52.5     1.3     53.7
MEAN             67.1              65.5     1.6     69.5
DAYS MAX >= 90      5               1.4     3.6        4
DAYS MAX <= 32      0               0.0     0.0        0
DAYS MIN <= 32      2               0.5     1.5        0
DAYS MIN <= 0       0               0.0     0.0        0

PRECIPITATION (INCHES)
RECORD
 MAXIMUM        13.21   2009
 MINIMUM         0.00   1963
TOTALS           1.54              4.67   -3.13        T
DAILY AVG.       0.05              0.15   -0.10        T
DAYS >= .01         4                MM      MM        0
DAYS >= .10         4                MM      MM        0
DAYS >= .50         1                MM      MM        0
DAYS >= 1.00        0                MM      MM        0
GREATEST
 24 HR. TOTAL    0.75   10/27 TO 10/27                 T

SNOWFALL (INCHES)
TOTALS            0.0

DEGREE_DAYS
HEATING TOTAL     100                97       3       29
 SINCE 7/1        104               102       2       29
COOLING TOTAL     174               112      62      177
 SINCE 1/1       2442              2209     233     2894
..............................................................

WIND (MPH)
AVERAGE WIND SPEED              5.5
HIGHEST WIND SPEED/DIRECTION    24/160    DATE  10/22
HIGHEST GUST SPEED/DIRECTION    36/310    DATE  10/22

SKY COVER
POSSIBLE SUNSHINE (PERCENT)   MM
AVERAGE SKY COVER           0.20
NUMBER OF DAYS FAIR           23
NUMBER OF DAYS PC              8
NUMBER OF DAYS CLOUDY          0

AVERAGE RH (PERCENT)     74

WEATHER CONDITIONS. NUMBER OF DAYS WITH
THUNDERSTORM              4     MIXED PRECIP               0
HEAVY RAIN                4     RAIN                       4
LIGHT RAIN                8     FREEZING RAIN              0
LT FREEZING RAIN          0     HAIL                       0
HEAVY SNOW                0     SNOW                       0
LIGHT SNOW                0     SLEET                      0
FOG                      13     FOG W/VIS <= 1/4 MILE      1
HAZE                      1

-  INDICATES NEGATIVE NUMBERS.
R  INDICATES RECORD WAS SET OR TIED.
MM INDICATES DATA IS MISSING.
T  INDICATES TRACE AMOUNT.

$$
