000
CXUS54 KCRP 071743 CCA
CLMVCT

CLIMATE REPORT
NATIONAL WEATHER SERVICE CORPUS CHRISTI TX
1241 PM CDT THU JUL 7 2016

...................................

...THE VICTORIA CLIMATE SUMMARY FOR THE MONTH OF JUNE 2016...

CLIMATE NORMAL PERIOD 1981 TO 2010
CLIMATE RECORD PERIOD 1893 TO 2016

WEATHER         OBSERVED          NORMAL  DEPART  LAST YEAR`S
                 VALUE   DATE(S)  VALUE   FROM    VALUE  DATE(S)
                                          NORMAL
................................................................
TEMPERATURE (F)
RECORD
 HIGH             109   06/29/2013
 LOW               54   06/03/1919
HIGHEST            98   06/28        91       7       94  06/08
                        06/18
LOWEST             66   06/03        73      -7       68  06/01
                        06/02
AVG. MAXIMUM     91.8              91.5     0.3     89.7
AVG. MINIMUM     73.0              72.4     0.6     73.1
MEAN             82.4              82.0     0.4     81.4
DAYS MAX >= 90     22              20.6     1.4       18
DAYS MAX <= 32      0               0.0     0.0        0
DAYS MIN <= 32      0               0.0     0.0        0
DAYS MIN <= 0       0               0.0     0.0        0

PRECIPITATION (INCHES)
RECORD
 MAXIMUM        13.50   2004
 MINIMUM         0.00   1917
                        1915
TOTALS           3.18              4.46   -1.28     9.37
DAILY AVG.       0.11              0.15   -0.04     0.31
DAYS >= .01        11               8.9     2.1        9
DAYS >= .10         5               5.6    -0.6        6
DAYS >= .50         3               2.7     0.3        3
DAYS >= 1.00        1               1.6    -0.6        2
GREATEST
 24 HR. TOTAL    1.11   06/02 TO 06/03           06/13 TO 06/14


SNOWFALL (INCHES)
RECORDS
 TOTAL            0.0   MM
 24 HR TOTAL      0.0   MM
TOTALS            0.0               0.0     0.0      0.0
SINCE 7/1         0.0               0.1    -0.1      0.0
SNOWDEPTH AVG.      0                MM      MM        0
DAYS >= 1.0         0               0.0     0.0        0
GREATEST
 SNOW DEPTH         0   MM                             0
 24 HR TOTAL      0.0   06/30 TO 06/30               0.0

DEGREE_DAYS
HEATING TOTAL       0                 0       0        0
 SINCE 7/1        913              1249    -336     1220
COOLING TOTAL     530               508      22      497
 SINCE 1/1       1243              1167      76     1197
.................................................

WIND (MPH)
AVERAGE WIND SPEED              7.1
HIGHEST WIND SPEED/DIRECTION    49/060    DATE  06/19
HIGHEST GUST SPEED/DIRECTION    62/050    DATE  06/19

SKY COVER
AVERAGE SKY COVER           0.30

AVERAGE RH (PERCENT)     76

WEATHER CONDITIONS. NUMBER OF DAYS WITH
THUNDERSTORM             10     MIXED PRECIP               0
HEAVY RAIN                4     RAIN                       6
LIGHT RAIN               13     FREEZING RAIN              0
LT FREEZING RAIN          0     HAIL                       0
HEAVY SNOW                0     SNOW                       0
LIGHT SNOW                0     SLEET                      0
FOG                      26     FOG W/VIS <= 1/4 MILE      1
HAZE                     11

-  INDICATES NEGATIVE NUMBERS.
R  INDICATES RECORD WAS SET OR TIED.
MM INDICATES DATA IS MISSING.
T  INDICATES TRACE AMOUNT.

$$

ANM
