000
CXUS54 KCRP 011558
CLMVCT

CLIMATE REPORT
NATIONAL WEATHER SERVICE CORPUS CHRISTI TX
1030 AM CDT FRI APR 1 2016

...................................

...THE VICTORIA CLIMATE SUMMARY FOR THE MONTH OF MARCH 2016...

CLIMATE NORMAL PERIOD 1981 TO 2010
CLIMATE RECORD PERIOD 1893 TO 2016

WEATHER         OBSERVED          NORMAL  DEPART  LAST YEAR`S
                 VALUE   DATE(S)  VALUE   FROM    VALUE  DATE(S)
                                          NORMAL
................................................................
TEMPERATURE (F)
RECORD
 HIGH              99   03/12/1940
                        03/26/1928
 LOW               21   03/04/2002
                        03/02/1980
HIGHEST            89   03/31        74      15       82  03/31
                        03/14                             03/28
LOWEST             36   03/21        53     -17       31  03/06
AVG. MAXIMUM     77.3              74.2     3.1     71.5
AVG. MINIMUM     56.7              52.5     4.2     53.0
MEAN             67.0              63.4     3.6     62.2
DAYS MAX >= 90      0               0.2    -0.2        0
DAYS MAX <= 32      0               0.0     0.0        0
DAYS MIN <= 32      0               0.7    -0.7        1
DAYS MIN <= 0       0               0.0     0.0        0

PRECIPITATION (INCHES)
RECORD
 MAXIMUM        11.61   1997
 MINIMUM           MM   MM
TOTALS           4.32              2.77    1.55     8.37
DAILY AVG.       0.14              0.09    0.05     0.27
DAYS >= .01         9               7.1     1.9       11
DAYS >= .10         3               3.8    -0.8        8
DAYS >= .50         2               1.6     0.4        5
DAYS >= 1.00        2               0.9     1.1        4
GREATEST
 24 HR. TOTAL    2.81   03/09 TO 03/10           03/09 TO 03/09

SNOWFALL (INCHES)
RECORDS
 TOTAL            0.0   MM
 24 HR TOTAL      0.0   MM
TOTALS            0.0               0.0     0.0      0.0
SINCE 7/1         0.0               0.1    -0.1      0.0
SNOWDEPTH AVG.      0                MM      MM        0
DAYS >= 1.0         0               0.0     0.0        0
GREATEST
 SNOW DEPTH         0   MM                             0
 24 HR TOTAL      0.0   MM                           0.0

DEGREE_DAYS
HEATING TOTAL      54               125     -71      139
 SINCE 7/1        904              1218    -314     1219
COOLING TOTAL     122                74      48       60
 SINCE 1/1        157               112      45       75
..........................................................

WIND (MPH)
AVERAGE WIND SPEED              11.1
HIGHEST WIND SPEED/DIRECTION    47/330    DATE  03/18
HIGHEST GUST SPEED/DIRECTION    56/330    DATE  03/18

SKY COVER
AVERAGE SKY COVER           0.50

AVERAGE RH (PERCENT)     78

WEATHER CONDITIONS. NUMBER OF DAYS WITH
THUNDERSTORM              3     MIXED PRECIP               0
HEAVY RAIN                3     RAIN                       3
LIGHT RAIN               13     FREEZING RAIN              0
LT FREEZING RAIN          0     HAIL                       0
HEAVY SNOW                0     SNOW                       0
LIGHT SNOW                0     SLEET                      0
FOG                      22     FOG W/VIS <= 1/4 MILE      6
HAZE                      8

-  INDICATES NEGATIVE NUMBERS.
R  INDICATES RECORD WAS SET OR TIED.
MM INDICATES DATA IS MISSING.
T  INDICATES TRACE AMOUNT.

$$

88
