000
CXUS55 KGJT 011555
CLMVEL


CLIMATE REPORT
NATIONAL WEATHER SERVICE GRAND JUNCTION CO
840 AM MST MON FEB 1 2016

...................................

...THE VERNAL UT CLIMATE SUMMARY FOR THE MONTH OF JANUARY 2016...

CLIMATE NORMAL PERIOD 1981 TO 2010
CLIMATE RECORD PERIOD 9999 TO 9999

WEATHER         OBSERVED          NORMAL  DEPART  LAST YEAR`S
                 VALUE   DATE(S)  VALUE   FROM    VALUE  DATE(S)
                                          NORMAL
................................................................
TEMPERATURE (F)
HIGHEST            38   01/17        MM      MM       51  01/28
LOWEST             -8   01/01        MM      MM       -4  01/01
AVG. MAXIMUM     25.2              28.4    -3.2     36.0
AVG. MINIMUM      7.2               9.7    -2.5     18.4
MEAN             16.2              19.0    -2.8     27.2
DAYS MAX >= 90      0               0.0     0.0        0
DAYS MAX <= 32     27              18.7     8.3        8
DAYS MIN <= 32     31              30.8     0.2       30
DAYS MIN <= 0       6               5.8     0.2        1

PRECIPITATION (INCHES)
TOTALS           0.36              0.50   -0.14     0.25
DAILY AVG.       0.01              0.02   -0.01     0.01
DAYS >= .01         5               5.1    -0.1        4
DAYS >= .10         1               1.7    -0.7        2
DAYS >= .50         0               0.1    -0.1        0
DAYS >= 1.00        0               0.0     0.0        0
GREATEST
 24 HR. TOTAL    0.22   01/24 TO 01/24              0.14

SNOWFALL (INCHES)
TOTALS             MM                MM      MM       MM
SINCE 7/1          MM                MM      MM       MM
SNOWDEPTH AVG.     MM                MM      MM       MM
DAYS >= 1.0        MM                MM      MM       MM
GREATEST
 SNOW DEPTH        MM                                 MM  MM
 24 HR TOTAL       MM                                 MM

DEGREE_DAYS
HEATING TOTAL    1505              1424      81     1161
 SINCE 7/1       4268              4395    -127     3766
COOLING TOTAL       0                 0       0        0
 SINCE 1/1          0                 0       0        0
.................................................................

WIND (MPH)
AVERAGE WIND SPEED              2.3
HIGHEST WIND SPEED/DIRECTION    15/040    DATE  01/30
HIGHEST GUST SPEED/DIRECTION    17/180    DATE  01/20

SKY COVER
POSSIBLE SUNSHINE (PERCENT)   MM
AVERAGE SKY COVER           0.50
NUMBER OF DAYS FAIR           10
NUMBER OF DAYS PC             12
NUMBER OF DAYS CLOUDY          9

AVERAGE RH (PERCENT)     79

WEATHER CONDITIONS. NUMBER OF DAYS WITH
THUNDERSTORM              0     MIXED PRECIP               0
HEAVY RAIN                0     RAIN                       0
LIGHT RAIN                0     FREEZING RAIN              0
LT FREEZING RAIN          0     HAIL                       0
HEAVY SNOW                0     SNOW                       2
LIGHT SNOW               17     SLEET                      0
FOG                      29     FOG W/VIS <= 1/4 MILE      6
HAZE                     25

-  INDICATES NEGATIVE NUMBERS.
R  INDICATES RECORD WAS SET OR TIED.
MM INDICATES DATA IS MISSING.
T  INDICATES TRACE AMOUNT.

$$
