000
CXUS52 KMLB 011301
CLMVRB


CLIMATE REPORT
NATIONAL WEATHER SERVICE MELBOURNE FL
742 AM EST SUN FEB 1 2015

...................................

...THE VERO BEACH CLIMATE SUMMARY FOR THE MONTH OF JANUARY 2015...

CLIMATE NORMAL PERIOD 1981 TO 2010
CLIMATE RECORD PERIOD 1942 TO 2015

WEATHER         OBSERVED          NORMAL  DEPART  LAST YEAR`S
                 VALUE   DATE(S)  VALUE   FROM    VALUE  DATE(S)
                                          NORMAL
................................................................
TEMPERATURE (F)

MONTHLY RECORD
 WARMEST         69.8   1947
 COOLEST         52.8   1981

DAILY RECORD
 HIGH              88   01/31/1991
                        01/26/1965
 LOW               21   01/22/1985

JANUARY 2015
HIGHEST            86   01/04                         84
LOWEST             37   01/25                         30
AVG. MAXIMUM     73.9              72.4     1.5     71.8
AVG. MINIMUM     54.6              51.7     2.9     51.1
MEAN             64.3              62.1     2.2     61.4
DAYS MAX >= 90      0               0.0     0.0        0
DAYS MAX <= 32      0               0.0     0.0        0
DAYS MIN <= 32      0               1.1    -1.1        1
DAYS MIN <= 0       0               0.0     0.0        0

PRECIPITATION (INCHES)

MONTHLY RECORD
 MAXIMUM         9.08   1957
 MINIMUM            T   2012

DAILY RECORD
 MAXIMUM         8.82   01/21/1957

JANUARY 2015
TOTALS           1.15              2.50   -1.35     4.49
DAYS >= .01        10               7.9     2.1        9
DAYS >= .10         3               4.3    -1.3        6
DAYS >= .50         0               1.6    -1.6        4
DAYS >= 1.00        0               0.8    -0.8        1
GREATEST
 24 HR. TOTAL    0.57   12/31 TO 01/01

SNOWFALL (INCHES)
TOTALS            0.0               0.0     0.0      0.0
SINCE 7/1         0.0               0.0     0.0      0.0
DAYS >= TRACE       0                                  0

DEGREE_DAYS
HEATING TOTAL      96               152     -56      172
 SINCE 7/1        250               287     -37      201
COOLING TOTAL      83                61      22       68
 SINCE 1/1         83                62      21       68
.................................................................

WIND (MPH)
AVERAGE WIND SPEED              8.6
HIGHEST WIND SPEED/DIRECTION    31/260    DATE  01/26
HIGHEST GUST SPEED/DIRECTION    40/260    DATE  01/26

SKY COVER
POSSIBLE SUNSHINE (PERCENT)   MM
AVERAGE SKY COVER           0.40
NUMBER OF DAYS FAIR           17
NUMBER OF DAYS PC             11
NUMBER OF DAYS CLOUDY          3

AVERAGE RH (PERCENT)     72

WEATHER CONDITIONS. NUMBER OF DAYS WITH
THUNDERSTORM              1     MIXED PRECIP               0
HEAVY RAIN                2     RAIN                       7
LIGHT RAIN                7     LT FREEZING RAIN           0
HAIL                      0     LIGHT SNOW                 0
SLEET                     0     FOG                       13
FOG W/VIS <= 1/4 MILE     2     HAZE                       7

-  INDICATES NEGATIVE NUMBERS.
R  INDICATES RECORD WAS SET OR TIED.
MM INDICATES DATA IS MISSING.
T  INDICATES TRACE AMOUNT.

$$

ULRICH
