000
CXUS51 KBTV 011412 CCA
CLMVSF


CLIMATE REPORT...CORRECTED
NATIONAL WEATHER SERVICE BURLINGTON VT
912 AM EST MON JAN 1 2018

...................................

...THE SPRINGFIELD VT CLIMATE SUMMARY FOR THE MONTH OF DECEMBER 2017...

CLIMATE NORMAL PERIOD 1981 TO 2010
CLIMATE RECORD PERIOD 9999 TO 9999

WEATHER         OBSERVED          NORMAL  DEPART  LAST YEAR`S
                 VALUE   DATE(S)  VALUE   FROM    VALUE  DATE(S)
                                          NORMAL
................................................................
TEMPERATURE (F)
RECORD
 HIGH              72   MM
 LOW              -16   12/31/2017
                        12/30/2017
                        12/30/1917
HIGHEST            48   12/06        MM      MM       50  12/01
LOWEST            -16R  12/31        MM      MM       -8  12/20
                        12/30
AVG. MAXIMUM     28.5              34.3    -5.8     34.0
AVG. MINIMUM     12.7              17.0    -4.3     17.1
MEAN             20.6              25.7    -5.1     25.5
DAYS MAX >= 90      0               0.0     0.0        0
DAYS MAX <= 32     18              13.5     4.5       11
DAYS MIN <= 32     30              29.5     0.5       28
DAYS MIN <= 0       8               1.6     6.4        5

PRECIPITATION (INCHES)
RECORD
 MAXIMUM           MM   MM
 MINIMUM           MM   MM
TOTALS           3.41              3.27    0.14     2.40
DAILY AVG.       0.11              0.11    0.00     0.08
DAYS >= .01        12                MM      MM       10
DAYS >= .10         7                MM      MM        7
DAYS >= .50         3                MM      MM        1
DAYS >= 1.00        0                MM      MM        0
GREATEST
 24 HR. TOTAL    0.82   12/05 TO 12/05           11/30 TO 12/01
                                                          12/25 TO 12/25
                                                          12/25 TO 12/25
 STORM TOTAL       MM                                 MM
 (MM/DD(HH))            MM                    12/01(00) TO 12/01(00)
                                                 12/25(00) TO 12/25(00)5
                                                 12/25(00) TO 12/25(00)5

DEGREE_DAYS
HEATING TOTAL    1372              1220     152     1215
 SINCE 7/1       2764              2863     -99     2671
.................................................................

WIND (MPH)
AVERAGE WIND SPEED              3.4
HIGHEST WIND SPEED/DIRECTION    30/270    DATE  12/25
HIGHEST GUST SPEED/DIRECTION    43/250    DATE  12/25

SKY COVER
POSSIBLE SUNSHINE (PERCENT)   MM
AVERAGE SKY COVER           0.60
NUMBER OF DAYS FAIR            9
NUMBER OF DAYS PC             10
NUMBER OF DAYS CLOUDY         12

AVERAGE RH (PERCENT)     75

WEATHER CONDITIONS. NUMBER OF DAYS WITH
THUNDERSTORM              0     MIXED PRECIP               0
HEAVY RAIN                1     RAIN                       1
LIGHT RAIN                5     FREEZING RAIN              1
LT FREEZING RAIN          1     HAIL                       0
HEAVY SNOW                3     SNOW                       4
LIGHT SNOW               13     SLEET                      0
FOG                      20     FOG W/VIS <= 1/4 MILE      4
HAZE                      9

-  INDICATES NEGATIVE NUMBERS.
R  INDICATES RECORD WAS SET OR TIED.
MM INDICATES DATA IS MISSING.
T  INDICATES TRACE AMOUNT.

$$
