000
CXUS56 KPQR 011532
CLMVUO


CLIMATE REPORT
NATIONAL WEATHER SERVICE PORTLAND OREGON
831 AM PDT THU SEP 1 2016

...................................

...THE VANCOUVER WA CLIMATE SUMMARY FOR THE MONTH OF AUGUST 2016...

CLIMATE NORMAL PERIOD 1981 TO 2010
CLIMATE RECORD PERIOD 1891 TO 2016

WEATHER         OBSERVED          NORMAL  DEPART  LAST YEAR`S
                 VALUE   DATE(S)  VALUE   FROM    VALUE  DATE(S)
                                          NORMAL
................................................................
TEMPERATURE (F)
RECORD
 HIGH             103   08/04/2012
                        08/10/1981
                        08/02/1939
 LOW               35   08/18/1973
HIGHEST            99                MM      MM       98  08/01
LOWEST             49                MM      MM       50  08/25
AVG. MAXIMUM     83.6              81.5     2.1     83.8
AVG. MINIMUM     56.7              56.9    -0.2     58.6
MEAN             70.2              69.2     1.0     71.2
DAYS MAX >= 90      8               4.3     3.7        5
DAYS MAX <= 32      0               0.0     0.0        0
DAYS MIN <= 32      0               0.0     0.0        0
DAYS MIN <= 0       0               0.0     0.0        0

PRECIPITATION (INCHES)
TOTALS           0.20                               0.55
DAYS >= .01         2                                  3
DAYS >= .10         1                                  2
DAYS >= .50         0                                  0
DAYS >= 1.00        0                                  0
GREATEST
 24 HR. TOTAL    0.13   08/08 TO 08/08
                        08/07 TO 08/08
                        08/08 TO 08/08

DEGREE_DAYS
HEATING TOTAL      11                                  0
 SINCE 7/1         22                                  4
COOLING TOTAL     180                                199
 SINCE 1/1        389                                627
.................................................................

WIND (MPH)
AVERAGE WIND SPEED              4.8
RESULTANT WIND SPEED/DIRECTION   3/325
HIGHEST WIND SPEED/DIRECTION    18/310    DATE  08/04
HIGHEST GUST SPEED/DIRECTION    28/310    DATE  08/04

SKY COVER
POSSIBLE SUNSHINE (PERCENT)   MM
AVERAGE SKY COVER           0.20

AVERAGE RH (PERCENT)     59

WEATHER CONDITIONS. NUMBER OF DAYS WITH
THUNDERSTORM              0     MIXED PRECIP               0
HEAVY RAIN                0     RAIN                       2
LIGHT RAIN                2     FREEZING RAIN              0
LT FREEZING RAIN          0     HAIL                       0
HEAVY SNOW                0     SNOW                       0
LIGHT SNOW                0     SLEET                      0
FOG                       3     FOG W/VIS <= 1/4 MILE      0
HAZE                      1

-  INDICATES NEGATIVE NUMBERS.
R  INDICATES RECORD WAS SET OR TIED.
MM INDICATES DATA IS MISSING.
T  INDICATES TRACE AMOUNT.

$$
