000
CXUS55 KLKN 021537
CLMWMC


CLIMATE REPORT
NATIONAL WEATHER SERVICE ELKO NV
832 AM PDT TUE JUN 2 2015

...................................

...THE WINNEMUCCA AIRPORT NV CLIMATE SUMMARY FOR THE MONTH OF MAY 2015...

CLIMATE NORMAL PERIOD 1981 TO 2010
CLIMATE RECORD PERIOD 1877 TO 2015

WEATHER         OBSERVED          NORMAL  DEPART  LAST YEAR`S
                 VALUE   DATE(S)  VALUE   FROM    VALUE  DATE(S)
                                          NORMAL
................................................................
TEMPERATURE (F)
RECORD
 HIGH              98   05/29/2003
                        05/28/2003
                        05/31/1910
 LOW               10   05/08/2002
HIGHEST            89   05/31        90      -1       90  05/27
LOWEST             25   05/10        24       1       25  05/08
AVG. MAXIMUM     70.3              72.2    -1.9     74.5
AVG. MINIMUM     40.2              37.9     2.3     37.7
MEAN             55.3              55.1     0.2     56.1
DAYS MAX >= 90      0               1.4    -1.4        1
DAYS MAX <= 32      0               0.0     0.0        0
DAYS MIN <= 32      3               7.0    -4.0        9
DAYS MIN <= 0       0               0.0     0.0        0

PRECIPITATION (INCHES)
RECORD
 MAXIMUM         3.57   1998
 MINIMUM            T   1985
                        1974
                        1969
TOTALS           2.17              1.12    1.05     0.74
DAILY AVG.       0.07              0.04    0.03     0.02
DAYS >= .01        13               6.8     6.2        5
DAYS >= .10         7               3.5     3.5        3
DAYS >= .50         1               0.5     0.5        0
DAYS >= 1.00        0               0.0     0.0        0
GREATEST
 24 HR. TOTAL    0.81   05/23 TO 05/24              0.48

SNOWFALL (INCHES)
RECORDS
 TOTAL            8.4   1896
TOTALS            0.0               0.1    -0.1      0.0
SINCE 7/1         5.3              20.9   -15.6     23.4
SNOWDEPTH AVG.      0                                  0
DAYS >= TRACE       0               0.2    -0.2        0
DAYS >= 1.0         0               0.0     0.0        0
DAYS >= 5.0         0                                  0
GREATEST
 SNOW DEPTH         0   MM                             0
 24 HR TOTAL      0.0   05/31 TO 05/31               0.0

DEGREE_DAYS
HEATING TOTAL     298               320     -22      275
 SINCE 7/1       5255              6200    -945     6162
COOLING TOTAL       4                11      -7        9
 SINCE 1/1          4                11      -7        9
.................................................................

WIND (MPH)
AVERAGE WIND SPEED              7.2
HIGHEST WIND SPEED/DIRECTION    32/280    DATE  05/12
HIGHEST GUST SPEED/DIRECTION    41/270    DATE  05/12

AVERAGE RH (PERCENT)     60

WEATHER CONDITIONS. NUMBER OF DAYS WITH
THUNDERSTORM              0     MIXED PRECIP               0
HEAVY RAIN                4     RAIN                       6
LIGHT RAIN               15     FREEZING RAIN              0
LT FREEZING RAIN          0     HAIL                       0
HEAVY SNOW                0     SNOW                       0
LIGHT SNOW                0     SLEET                      0
FOG                       9     FOG W/VIS <= 1/4 MILE      1
HAZE                      0

-  INDICATES NEGATIVE NUMBERS.
R  INDICATES RECORD WAS SET OR TIED.
MM INDICATES DATA IS MISSING.
T  INDICATES TRACE AMOUNT.

$$
