000
CXUS55 KRIW 012106
CLMWRL

CLIMATE REPORT
NATIONAL WEATHER SERVICE RIVERTON WY
205 PM MST THU FEB 1 2018

...PRELIMINARY MONTHLY CLIMATE SUMMARY FOR WORLAND MUNICIPAL AIRPORT
FOR THE MONTH OF JANUARY 2018...

...OFFICIAL CLIMATE DATA FOR THE MONTH OF JANUARY 2018 WILL BE
AVAILABLE APPROXIMATELY IN 60 DAYS FROM THE NATIONAL CENTERS FOR
ENVIRONMENTAL INFORMATION (HTTP://WWW.NCDC.NOAA.GOV/CDO-
WEB/DATASETS). UNOFFICIAL ASOS DAILY SUMMARIES ARE AVAILABLE ON THE
INTERNET AT HTTP://WWW.WEATHER.GOV/CLIMATE/INDEX.PHP?WFO=RIW

...JANUARY WAS MILD AND DRY FOR WORLAND...

THE AVERAGE TEMPERATURE FOR WORLAND IN JANUARY WAS 17.5 DEGREES...
WHICH WAS 0.4 DEGREES ABOVE NORMAL. THE WARMEST READING OF THE MONTH
WAS 44 DEGREES ON THE 30TH...AND COLDEST WAS -21 DEGREES ON THE
2ND. NO TEMPERATURE RECORDS WERE SET DURING THE MONTH.

TOTAL PRECIPITATION FOR THE MONTH WAS 0.15 OF AN INCH...WHICH WAS 65
PERCENT OF NORMAL. THE WETTEST 24 HOUR PERIOD WAS THE 19TH...WHEN
0.09 INCHES FELL. NO PRECIPITATION RECORDS WERE SET THIS MONTH.
THE HIGHEST WIND GUST WAS 39 MPH ON THE 30TH.

...THE WORLAND WY CLIMATE SUMMARY FOR THE MONTH OF JANUARY 2018...

CLIMATE NORMAL PERIOD 1981 TO 2010
CLIMATE RECORD PERIOD 1947 TO 2018

WEATHER         OBSERVED          NORMAL  DEPART
                 VALUE   DATE(S)  VALUE   FROM
                                          NORMAL
................................................
TEMPERATURE (F)
RECORD
 HIGH              62   01/08/1966
 LOW              -38   01/18/1984
                        01/12/1963
                        01/10/1962
HIGHEST            44   01/30
LOWEST            -21   01/02
AVG. MAXIMUM     30.1              30.6    -0.5
AVG. MINIMUM      4.9               3.6     1.3
MEAN             17.5              17.1     0.4
DAYS MAX >= 90      0
DAYS MAX <= 32     17
DAYS MIN <= 32     31
DAYS MIN <= 0      10

PRECIPITATION (INCHES)
RECORD
 MAXIMUM         1.09   1995
 MINIMUM         0.00   1992
TOTALS           0.15              0.23   -0.08
DAILY AVG.       0.00
DAYS >= .01         3
DAYS >= .10         0
DAYS >= .50         0
DAYS >= 1.00        0
GREATEST
 24 HR. TOTAL    0.09   01/19 TO 01/19

DEGREE_DAYS
HEATING TOTAL    1465              1485     -20
 SINCE 7/1       4836              4848     -12
COOLING TOTAL       0                 0       0
 SINCE 1/1          0                 0       0
.................................................

WIND (MPH)
AVERAGE WIND SPEED              4.1
RESULTANT WIND SPEED/DIRECTION   2/181
HIGHEST WIND SPEED/DIRECTION    31/330    DATE  01/30
HIGHEST GUST SPEED/DIRECTION    39/340    DATE  01/30

SKY COVER
POSSIBLE SUNSHINE (PERCENT)   MM
AVERAGE SKY COVER           0.30
NUMBER OF DAYS FAIR           22
NUMBER OF DAYS PC              7
NUMBER OF DAYS CLOUDY          2

AVERAGE RH (PERCENT)     80

WEATHER CONDITIONS. NUMBER OF DAYS WITH
THUNDERSTORM              0     MIXED PRECIP               0
HEAVY RAIN                0     RAIN                       0
LIGHT RAIN                0     FREEZING RAIN              0
LT FREEZING RAIN          0     HAIL                       0
HEAVY SNOW                1     SNOW                       1
LIGHT SNOW                6     SLEET                      0
FOG                      10     FOG W/VIS <= 1/4 MILE      2
HAZE                      0

-  INDICATES NEGATIVE NUMBERS.
R  INDICATES RECORD WAS SET OR TIED.
MM INDICATES DATA IS MISSING.
T  INDICATES TRACE AMOUNT.

LOOKING AHEAD TO FEBRUARY 2018...THE AVERAGE HIGH TEMPERATURE ON THE
FIRST OF THE MONTH IS 33 DEGREES...AND THE AVERAGE LOW TEMPERATURE
IS 6 DEGREES. THE AVERAGE HIGH BY THE END OF THE MONTH IS 44
DEGREES...AND THE AVERAGE LOW TEMPERATURE IS 16 DEGREES. THE AVERAGE
MONTHLY PRECIPITATION IS 0.19 INCHES.

$$
