000
CXUS56 KPDT 011646
CLMYKM

CLIMATE REPORT
NATIONAL WEATHER SERVICE PENDLETON OREGON
937 AM PDT SAT NOV 01 2014

....................................

...THE YAKIMA WA CLIMATE SUMMARY FOR THE MONTH OF OCTOBER 2014...

CLIMATE NORMAL PERIOD 1981 TO 2010
CLIMATE RECORD PERIOD 1909 TO 2014

WEATHER         OBSERVED          NORMAL  DEPART  LAST YEAR`S
                 VALUE   DATE(S)  VALUE   FROM    VALUE  DATE(S)
                                          NORMAL

................................................................

TEMPERATURE (F)
RECORD
 HIGH              88  10/ 1/1992
 LOW                4  10/31/2002
HIGHEST            91  10/ 6       78        13            74  10/22
LOWEST             33  10/27       21        12            21  10/30
AVG. MAXIMUM     68.5            63.9       4.6          65.5
AVG. MINUMUM     42.6            34.1       8.5          32.3
MEAN             55.5            49.0       6.5          48.9
DAYS MAX >= 90      1               0         1             0
DAYS MAX <= 32      0               0         0             0
DAYS MIN <= 32      0              13       -13            14
DAYS MIN <= 0       0               0         0            14


PRECIPITATION (INCHES)
RECORD
 MAXIMUM          2.22   1950
 MINIMUM          0.00   1978
TOTALS            0.86            0.54      0.32          0.13
DAILY AVG.        0.03            0.02      0.01          0.00
DAYS >=  0.01       10               5         5             2
DAYS >=  0.10        4               2         2             1
DAYS >=  0.50        0               0         0             0
DAYS >=  1.00        0               0         0             0
GREATEST
 24 HR. TOTAL     0.20  10/30



SNOWFALL (INCHES)
RECORD
 MAXIMUM           2.9   1991
 MINIMUM           0.0   2013
TOTALS             0.0             0.1      -0.1           0.0
SINCE 7/1          0.0             0.1      -0.1           0.0
DAYS >=  TRACE                       0         0
DAYS >=  1.0         0               0         0             0
GREATEST
 24 HR. TOTAL      0.0  10/31


DEGREE DAYS
HEATING TOTAL      293             496      -203           491
 SINCE 7/1         369             703      -334           616
COOLING TOTAL        8               0         8             0
 SINCE 1/1         871             463       408           970

.............................................................

WIND (MPH)
AVERAGE WIND SPEED                     5.1
RESULTANT WIND SPEED/DIRECTION         3/252
HIGHEST WIND SPEED/DIRECTION          35/310      DATE          10/11
HIGHEST GUST SPEED/DIRECTION          45/210      DATE          10/14


WEATHER CONDITIONS. NUMBER OF DAYS WITH
THUNDERSTORM               0    MIXED PRECIP                        0
HEAVY RAIN                 0    RAIN                                2
LIGHT RAIN                14    FREEZING RAIN                       0
LT FREEZING RAIN           0    HAIL                                0
HEAVY SNOW                 0    SNOW                                0
LIGHT SNOW                 0    SLEET                               0
FOG                        9    FOG W/VIS <=1/4 MILE                1
HAZE                       3

-  INDICATES NEGATIVE NUMBERS.
R  INDICATES RECORD WAS SET OR TIED.
MM INDICATES DATA IS MISSING.
T  INDICATES TRACE AMOUNT.

$$
