211
CXUS51 KCTP 021152
CLSBFD

CLIMATE REPORT
NATIONAL WEATHER SERVICE STATE COLLEGE PA
745 AM EDT FRI JUN 2 2017

...................................

...THE BRADFORD CLIMATE SUMMARY FOR THE SEASON, FROM
3/1/2017 TO 5/31/2017...

CLIMATE NORMAL PERIOD 1981 TO 2010
CLIMATE RECORD PERIOD 1957 TO 2017

WEATHER         OBSERVED          NORMAL  DEPART  LAST YEAR`S
                 VALUE   DATE(S)  VALUE   FROM    VALUE  DATE(S)
                                          NORMAL
................................................................
TEMPERATURE (F)
RECORD
 HIGH              88   05/30/2006
 LOW              -21   03/02/1980
HIGHEST            83   05/18        MM      MM       85  05/28
                        05/17
LOWEST             -8   03/05        MM      MM        7  03/03
AVG. MAXIMUM     55.0              54.0     1.0     57.0
AVG. MINIMUM     35.0              31.5     3.5     33.7
MEAN             45.0              42.7     2.3     45.3
DAYS MAX >= 90      0                MM      MM        0
DAYS MAX <= 32     10                MM      MM        5
DAYS MIN <= 32     34                MM      MM       38
DAYS MIN <= 0       2                MM      MM        0

PRECIPITATION (INCHES)
RECORD
 MAXIMUM        20.43   2011
 MINIMUM         5.47   1999
TOTALS          14.12             11.10    3.02     9.82
DAILY AVG.       0.15              0.12    0.03     0.10
DAYS >= .01        56                MM      MM       43
DAYS >= .10        29                MM      MM       25
DAYS >= .50         9                MM      MM        6
DAYS >= 1.00        3                MM      MM        1
GREATEST
 24 HR. TOTAL    1.16   MM
 STORM TOTAL       MM                                 MM
 (MM/DD(HH))            MM

DEGREE_DAYS
HEATING TOTAL    1842              2058    -216     1803
 SINCE 7/1       6425              7628   -1203     6503
COOLING TOTAL      19                10       9       19
 SINCE 1/1         19                10       9       19

FREEZE DATES
RECORD
 EARLIEST     08/05/1972
 LATEST       06/30/1961
EARLIEST                        MM
LATEST                          MM
..................................................

WIND (MPH)
AVERAGE WIND SPEED              8.2
RESULTANT WIND SPEED/DIRECTION   2/261
HIGHEST WIND SPEED/DIRECTION    33/280    DATE  03/08
HIGHEST GUST SPEED/DIRECTION    52/280    DATE  04/30

SKY COVER
POSSIBLE SUNSHINE (PERCENT)   MM
AVERAGE SKY COVER           0.60
NUMBER OF DAYS FAIR           20
NUMBER OF DAYS PC             32
NUMBER OF DAYS CLOUDY         40

AVERAGE RH (PERCENT)     73

WEATHER CONDITIONS. NUMBER OF DAYS WITH
THUNDERSTORM             12     MIXED PRECIP               0
HEAVY RAIN               18     RAIN                      25
LIGHT RAIN               51     FREEZING RAIN              1
LT FREEZING RAIN          2     HAIL                       0
HEAVY SNOW                4     SNOW                       8
LIGHT SNOW               20     SLEET                      0
FOG                      63     FOG W/VIS <= 1/4 MILE     10
HAZE                      6

-  INDICATES NEGATIVE NUMBERS.
R  INDICATES RECORD WAS SET OR TIED.
MM INDICATES DATA IS MISSING.
T  INDICATES TRACE AMOUNT.

$$

LA CORTE
